{"id":53,"date":"2013-06-07T11:05:37","date_gmt":"2013-06-07T11:05:37","guid":{"rendered":"http:\/\/demo.woothemes.com\/woocommerce\/?post_type=product&#038;p=53"},"modified":"2021-07-25T17:59:13","modified_gmt":"2021-07-25T22:59:13","slug":"sarten-rectangular","status":"publish","type":"product","link":"https:\/\/frionox.com\/catalogo\/producto\/sarten-rectangular\/","title":{"rendered":"Sartenes rectangulares a gas Firex &#8211; DBRG"},"content":{"rendered":"<p>Caracteristicas Constructivas:<br \/>\n\u2022 Cuba de cocci\u00f3n de AISI 304 (fondo espesor 15 mm y pared<br \/>\nespesor 2,5 mm)con \u00e1ngulos redondeados y<br \/>\nborde anti-desbordamiento.<br \/>\n\u2022 Recipiente con dispositivo de inclinaci\u00f3n motorizado en el<br \/>\neje anterior.<br \/>\n\u2022 Tapa aislada con doble capa, de AISI 304 (espesor 12\/10),<br \/>\ncon manija ergon\u00f3mica, equilibrada por medio<br \/>\nde muelles a gas.<br \/>\n\u2022 Bastidor de autosoporte de AISI 304 (espesor 30-40\/10).<br \/>\nRevestimientos exteriores de AISI 304 finamente satinado<br \/>\n(espesor 15-20\/10).<br \/>\n\u2022 Patas de acero inox AISI 304 ajustables para la nivelaci\u00f3n,<br \/>\nprovistas de cobertura m\u00f3vil para las<br \/>\noperaciones de limpieza.<br \/>\n\u2022 Rapida accesibilidad a las principales piezas funcionales<br \/>\n(ficha el\u00e9ctronica, fusibles, term\u00f3statos&#8230;) por<br \/>\nmedio de la simple remoci\u00f3n de los paneles frontales<br \/>\n\u2022 Nombre: Sartenes rectangulares a gas<br \/>\nCaracteristicas Funcionales Generales:<br \/>\n\u2022 Calentamiento por medio de quemadores tubulares de<br \/>\nalto rendimiento, de acero inox. Sistema autom\u00e1tico<br \/>\nde encendido y vigilancia de la llama sin quemador piloto.<br \/>\n\u2022 Calentamiento controlado por la tarjeta electr\u00f3nica con<br \/>\ninserci\u00f3n autom\u00e1tica del m\u00ednimo 2\u00b0C antes del SE<br \/>\nTPOINT, con sistema de termopares al objeto de<br \/>\nasegurar una lectura precisa y una elevada velocidad<br \/>\nde reacci\u00f3n del sistema de calentamiento.<br \/>\n\u2022 Control electr\u00f3nico por medio de teclado multifuncional<br \/>\ncon display LCD y mensajes claros y simples.<br \/>\n\u2022 Conexion RS232\/485 incorporada en la ficha electronica.<\/p>\n","protected":false},"excerpt":{"rendered":"<p>Caracteristicas Constructivas:<br \/>\n\u2022 Cuba de cocci\u00f3n de AISI 304 (fondo espesor 15 mm y pared<br \/>\nespesor 2,5 mm)con \u00e1ngulos redondeados y<br \/>\nborde anti-desbordamiento.<br \/>\n\u2022 Recipiente con dispositivo de inclinaci\u00f3n motorizado en el<br \/>\neje anterior.<br \/>\n\u2022 Tapa aislada con doble capa, de AISI 304 (espesor 12\/10),<br \/>\ncon manija ergon\u00f3mica, equilibrada por medio<br \/>\nde muelles a gas.<br \/>\n\u2022 Bastidor de autosoporte de AISI 304 (espesor 30-40\/10).<br \/>\nRevestimientos exteriores de AISI 304 finamente satinado<br \/>\n(espesor 15-20\/10).<\/p>\n","protected":false},"featured_media":3366,"comment_status":"open","ping_status":"closed","template":"","meta":[],"product_brand":[],"product_cat":[29,123,55],"product_tag":[],"class_list":{"0":"post-53","1":"product","2":"type-product","3":"status-publish","4":"has-post-thumbnail","6":"product_cat-equipos-de-coccion","7":"product_cat-sartenes-volcable-basculante","8":"product_cat-equipos-a-gas","9":"pa_marcas-firex","11":"first","12":"instock","13":"shipping-taxable","14":"purchasable","15":"product-type-simple"},"yoast_head":"<!-- This site is optimized with the Yoast SEO Premium plugin v27.1 (Yoast SEO v27.1.1) - https:\/\/yoast.com\/product\/yoast-seo-premium-wordpress\/ -->\n<title>Sartenes rectangulares a gas Firex - DBRG - FRIONOX<\/title>\n<meta name=\"description\" content=\"Caracteristicas Constructivas: \u2022 Cuba de cocci\u00f3n de AISI 304 (fondo espesor 15 mm y pared espesor 2,5 mm)con \u00e1ngulos redondeados y borde anti-desbordamiento. \u2022 Recipiente con dispositivo de inclinaci\u00f3n motorizado en el eje anterior. \u2022 Tapa aislada con doble capa, de AISI 304 (espesor 12\/10), con manija ergon\u00f3mica, equilibrada por medio de muelles a gas. \u2022 Bastidor de autosoporte de AISI 304 (espesor 30-40\/10). Revestimientos exteriores de AISI 304 finamente satinado (espesor 15-20\/10).\" \/>\n<meta name=\"robots\" content=\"index, follow, max-snippet:-1, max-image-preview:large, max-video-preview:-1\" \/>\n<link rel=\"canonical\" href=\"https:\/\/frionox.com\/catalogo\/producto\/sarten-rectangular\/\" \/>\n<meta property=\"og:locale\" content=\"es_ES\" \/>\n<meta property=\"og:type\" content=\"article\" \/>\n<meta property=\"og:title\" content=\"Sartenes rectangulares a gas Firex - DBRG\" \/>\n<meta property=\"og:description\" content=\"Caracteristicas Constructivas: \u2022 Cuba de cocci\u00f3n de AISI 304 (fondo espesor 15 mm y pared espesor 2,5 mm)con \u00e1ngulos redondeados y borde anti-desbordamiento. \u2022 Recipiente con dispositivo de inclinaci\u00f3n motorizado en el eje anterior. \u2022 Tapa aislada con doble capa, de AISI 304 (espesor 12\/10), con manija ergon\u00f3mica, equilibrada por medio de muelles a gas. \u2022 Bastidor de autosoporte de AISI 304 (espesor 30-40\/10). Revestimientos exteriores de AISI 304 finamente satinado (espesor 15-20\/10).\" \/>\n<meta property=\"og:url\" content=\"https:\/\/frionox.com\/catalogo\/producto\/sarten-rectangular\/\" \/>\n<meta property=\"og:site_name\" content=\"FRIONOX\" \/>\n<meta property=\"article:publisher\" content=\"https:\/\/facebook.com\/frionox.pe\" \/>\n<meta property=\"article:modified_time\" content=\"2021-07-25T22:59:13+00:00\" \/>\n<meta property=\"og:image\" content=\"https:\/\/frionox.com\/catalogo\/wp-content\/uploads\/2016\/08\/general-catalogue_P\u00e1gina_086_Imagen_0009.jpg\" \/>\n\t<meta property=\"og:image:width\" content=\"452\" \/>\n\t<meta property=\"og:image:height\" content=\"458\" \/>\n\t<meta property=\"og:image:type\" content=\"image\/jpeg\" \/>\n<meta name=\"twitter:card\" content=\"summary_large_image\" \/>\n<meta name=\"twitter:site\" content=\"@frionoxsac\" \/>\n<meta name=\"twitter:label1\" content=\"Precio\" \/>\n\t<meta name=\"twitter:data1\" content=\"S\/35.00\" \/>\n\t<meta name=\"twitter:label2\" content=\"Disponibilidad\" \/>\n\t<meta name=\"twitter:data2\" content=\"Disponible\" \/>\n<script type=\"application\/ld+json\" class=\"yoast-schema-graph\">{\"@context\":\"https:\/\/schema.org\",\"@graph\":[{\"@type\":\"WebPage\",\"@id\":\"https:\/\/frionox.com\/catalogo\/producto\/sarten-rectangular\/\",\"url\":\"https:\/\/frionox.com\/catalogo\/producto\/sarten-rectangular\/\",\"name\":\"Sartenes rectangulares a gas Firex - DBRG - FRIONOX\",\"isPartOf\":{\"@id\":\"https:\/\/frionox.com\/catalogo\/#website\"},\"primaryImageOfPage\":{\"@id\":\"https:\/\/frionox.com\/catalogo\/producto\/sarten-rectangular\/#primaryimage\"},\"image\":{\"@id\":\"https:\/\/frionox.com\/catalogo\/producto\/sarten-rectangular\/#primaryimage\"},\"thumbnailUrl\":\"https:\/\/frionox.com\/catalogo\/wp-content\/uploads\/2016\/08\/general-catalogue_P\u00e1gina_086_Imagen_0009.jpg\",\"datePublished\":\"2013-06-07T11:05:37+00:00\",\"dateModified\":\"2021-07-25T22:59:13+00:00\",\"description\":\"Caracteristicas Constructivas: \u2022 Cuba de cocci\u00f3n de AISI 304 (fondo espesor 15 mm y pared espesor 2,5 mm)con \u00e1ngulos redondeados y borde anti-desbordamiento. \u2022 Recipiente con dispositivo de inclinaci\u00f3n motorizado en el eje anterior. \u2022 Tapa aislada con doble capa, de AISI 304 (espesor 12\/10), con manija ergon\u00f3mica, equilibrada por medio de muelles a gas. \u2022 Bastidor de autosoporte de AISI 304 (espesor 30-40\/10). Revestimientos exteriores de AISI 304 finamente satinado (espesor 15-20\/10).\",\"breadcrumb\":{\"@id\":\"https:\/\/frionox.com\/catalogo\/producto\/sarten-rectangular\/#breadcrumb\"},\"inLanguage\":\"es\",\"potentialAction\":[{\"@type\":\"ReadAction\",\"target\":[\"https:\/\/frionox.com\/catalogo\/producto\/sarten-rectangular\/\"]}]},{\"@type\":\"ImageObject\",\"inLanguage\":\"es\",\"@id\":\"https:\/\/frionox.com\/catalogo\/producto\/sarten-rectangular\/#primaryimage\",\"url\":\"https:\/\/frionox.com\/catalogo\/wp-content\/uploads\/2016\/08\/general-catalogue_P\u00e1gina_086_Imagen_0009.jpg\",\"contentUrl\":\"https:\/\/frionox.com\/catalogo\/wp-content\/uploads\/2016\/08\/general-catalogue_P\u00e1gina_086_Imagen_0009.jpg\",\"width\":452,\"height\":458},{\"@type\":\"BreadcrumbList\",\"@id\":\"https:\/\/frionox.com\/catalogo\/producto\/sarten-rectangular\/#breadcrumb\",\"itemListElement\":[{\"@type\":\"ListItem\",\"position\":1,\"name\":\"Portada\",\"item\":\"https:\/\/frionox.com\/catalogo\/\"},{\"@type\":\"ListItem\",\"position\":2,\"name\":\"Hornos Industriales, Licuadoras Industriales, Cocinas y m\u00e1s\",\"item\":\"https:\/\/frionox.com\/catalogo\/tienda\/\"},{\"@type\":\"ListItem\",\"position\":3,\"name\":\"Sartenes rectangulares a gas Firex &#8211; DBRG\"}]},{\"@type\":\"WebSite\",\"@id\":\"https:\/\/frionox.com\/catalogo\/#website\",\"url\":\"https:\/\/frionox.com\/catalogo\/\",\"name\":\"FRIONOX\",\"description\":\"Equipamiento de cocinas\",\"publisher\":{\"@id\":\"https:\/\/frionox.com\/catalogo\/#organization\"},\"potentialAction\":[{\"@type\":\"SearchAction\",\"target\":{\"@type\":\"EntryPoint\",\"urlTemplate\":\"https:\/\/frionox.com\/catalogo\/?s={search_term_string}\"},\"query-input\":{\"@type\":\"PropertyValueSpecification\",\"valueRequired\":true,\"valueName\":\"search_term_string\"}}],\"inLanguage\":\"es\"},{\"@type\":[\"Organization\",\"Place\",\"LocalBusiness\"],\"@id\":\"https:\/\/frionox.com\/catalogo\/#organization\",\"name\":\"Frionox Equipamiento de cocinas\",\"url\":\"https:\/\/frionox.com\/catalogo\/\",\"logo\":{\"@id\":\"https:\/\/frionox.com\/catalogo\/producto\/sarten-rectangular\/#local-main-organization-logo\"},\"image\":{\"@id\":\"https:\/\/frionox.com\/catalogo\/producto\/sarten-rectangular\/#local-main-organization-logo\"},\"sameAs\":[\"https:\/\/facebook.com\/frionox.pe\",\"https:\/\/x.com\/frionoxsac\",\"https:\/\/youtube.com\/@FRIONOXEQUIPAMIENTODECOCINA\"],\"address\":{\"@id\":\"https:\/\/frionox.com\/catalogo\/producto\/sarten-rectangular\/#local-main-place-address\"},\"geo\":{\"@type\":\"GeoCoordinates\",\"latitude\":\"-11.980133\",\"longitude\":\"-77.06118200000003\"},\"telephone\":[\"+5115221181\"],\"openingHoursSpecification\":[{\"@type\":\"OpeningHoursSpecification\",\"dayOfWeek\":[\"Monday\",\"Tuesday\",\"Wednesday\",\"Thursday\",\"Friday\",\"Saturday\"],\"opens\":\"08:00\",\"closes\":\"18:00\"},{\"@type\":\"OpeningHoursSpecification\",\"dayOfWeek\":[\"Sunday\"],\"opens\":\"00:00\",\"closes\":\"00:00\"}],\"email\":\"cotizaciones@frionox.com\"},{\"@type\":\"PostalAddress\",\"@id\":\"https:\/\/frionox.com\/catalogo\/producto\/sarten-rectangular\/#local-main-place-address\",\"streetAddress\":\"Av. Oscar R. Benavides 1624\",\"addressLocality\":\"Cercado de Lima\",\"postalCode\":\"15082\",\"addressRegion\":\"Lima\",\"addressCountry\":\"PE\"},{\"@type\":\"ImageObject\",\"inLanguage\":\"es\",\"@id\":\"https:\/\/frionox.com\/catalogo\/producto\/sarten-rectangular\/#local-main-organization-logo\",\"url\":\"https:\/\/frionox.com\/catalogo\/wp-content\/uploads\/2020\/04\/LOGO-MOBILE.png\",\"contentUrl\":\"https:\/\/frionox.com\/catalogo\/wp-content\/uploads\/2020\/04\/LOGO-MOBILE.png\",\"width\":203,\"height\":61,\"caption\":\"Frionox Equipamiento de cocinas\"}]}<\/script>\n<meta property=\"product:price:amount\" content=\"35.00\" \/>\n<meta property=\"product:price:currency\" content=\"PEN\" \/>\n<meta property=\"og:availability\" content=\"instock\" \/>\n<meta property=\"product:availability\" content=\"instock\" \/>\n<meta property=\"product:condition\" content=\"new\" \/>\n<meta name=\"geo.placename\" content=\"Cercado de Lima\" \/>\n<meta name=\"geo.position\" content=\"-11.980133;-77.06118200000003\" \/>\n<meta name=\"geo.region\" content=\"Per\u00fa\" \/>\n<!-- \/ Yoast SEO Premium plugin. -->","yoast_head_json":{"title":"Sartenes rectangulares a gas Firex - DBRG - FRIONOX","description":"Caracteristicas Constructivas: \u2022 Cuba de cocci\u00f3n de AISI 304 (fondo espesor 15 mm y pared espesor 2,5 mm)con \u00e1ngulos redondeados y borde anti-desbordamiento. \u2022 Recipiente con dispositivo de inclinaci\u00f3n motorizado en el eje anterior. \u2022 Tapa aislada con doble capa, de AISI 304 (espesor 12\/10), con manija ergon\u00f3mica, equilibrada por medio de muelles a gas. \u2022 Bastidor de autosoporte de AISI 304 (espesor 30-40\/10). Revestimientos exteriores de AISI 304 finamente satinado (espesor 15-20\/10).","robots":{"index":"index","follow":"follow","max-snippet":"max-snippet:-1","max-image-preview":"max-image-preview:large","max-video-preview":"max-video-preview:-1"},"canonical":"https:\/\/frionox.com\/catalogo\/producto\/sarten-rectangular\/","og_locale":"es_ES","og_type":"article","og_title":"Sartenes rectangulares a gas Firex - DBRG","og_description":"Caracteristicas Constructivas: \u2022 Cuba de cocci\u00f3n de AISI 304 (fondo espesor 15 mm y pared espesor 2,5 mm)con \u00e1ngulos redondeados y borde anti-desbordamiento. \u2022 Recipiente con dispositivo de inclinaci\u00f3n motorizado en el eje anterior. \u2022 Tapa aislada con doble capa, de AISI 304 (espesor 12\/10), con manija ergon\u00f3mica, equilibrada por medio de muelles a gas. \u2022 Bastidor de autosoporte de AISI 304 (espesor 30-40\/10). Revestimientos exteriores de AISI 304 finamente satinado (espesor 15-20\/10).","og_url":"https:\/\/frionox.com\/catalogo\/producto\/sarten-rectangular\/","og_site_name":"FRIONOX","article_publisher":"https:\/\/facebook.com\/frionox.pe","article_modified_time":"2021-07-25T22:59:13+00:00","og_image":[{"width":452,"height":458,"url":"https:\/\/frionox.com\/catalogo\/wp-content\/uploads\/2016\/08\/general-catalogue_P\u00e1gina_086_Imagen_0009.jpg","type":"image\/jpeg"}],"twitter_card":"summary_large_image","twitter_site":"@frionoxsac","twitter_misc":{"Precio":"S\/35.00","Disponibilidad":"Disponible"},"schema":{"@context":"https:\/\/schema.org","@graph":[{"@type":"WebPage","@id":"https:\/\/frionox.com\/catalogo\/producto\/sarten-rectangular\/","url":"https:\/\/frionox.com\/catalogo\/producto\/sarten-rectangular\/","name":"Sartenes rectangulares a gas Firex - DBRG - FRIONOX","isPartOf":{"@id":"https:\/\/frionox.com\/catalogo\/#website"},"primaryImageOfPage":{"@id":"https:\/\/frionox.com\/catalogo\/producto\/sarten-rectangular\/#primaryimage"},"image":{"@id":"https:\/\/frionox.com\/catalogo\/producto\/sarten-rectangular\/#primaryimage"},"thumbnailUrl":"https:\/\/frionox.com\/catalogo\/wp-content\/uploads\/2016\/08\/general-catalogue_P\u00e1gina_086_Imagen_0009.jpg","datePublished":"2013-06-07T11:05:37+00:00","dateModified":"2021-07-25T22:59:13+00:00","description":"Caracteristicas Constructivas: \u2022 Cuba de cocci\u00f3n de AISI 304 (fondo espesor 15 mm y pared espesor 2,5 mm)con \u00e1ngulos redondeados y borde anti-desbordamiento. \u2022 Recipiente con dispositivo de inclinaci\u00f3n motorizado en el eje anterior. \u2022 Tapa aislada con doble capa, de AISI 304 (espesor 12\/10), con manija ergon\u00f3mica, equilibrada por medio de muelles a gas. \u2022 Bastidor de autosoporte de AISI 304 (espesor 30-40\/10). Revestimientos exteriores de AISI 304 finamente satinado (espesor 15-20\/10).","breadcrumb":{"@id":"https:\/\/frionox.com\/catalogo\/producto\/sarten-rectangular\/#breadcrumb"},"inLanguage":"es","potentialAction":[{"@type":"ReadAction","target":["https:\/\/frionox.com\/catalogo\/producto\/sarten-rectangular\/"]}]},{"@type":"ImageObject","inLanguage":"es","@id":"https:\/\/frionox.com\/catalogo\/producto\/sarten-rectangular\/#primaryimage","url":"https:\/\/frionox.com\/catalogo\/wp-content\/uploads\/2016\/08\/general-catalogue_P\u00e1gina_086_Imagen_0009.jpg","contentUrl":"https:\/\/frionox.com\/catalogo\/wp-content\/uploads\/2016\/08\/general-catalogue_P\u00e1gina_086_Imagen_0009.jpg","width":452,"height":458},{"@type":"BreadcrumbList","@id":"https:\/\/frionox.com\/catalogo\/producto\/sarten-rectangular\/#breadcrumb","itemListElement":[{"@type":"ListItem","position":1,"name":"Portada","item":"https:\/\/frionox.com\/catalogo\/"},{"@type":"ListItem","position":2,"name":"Hornos Industriales, Licuadoras Industriales, Cocinas y m\u00e1s","item":"https:\/\/frionox.com\/catalogo\/tienda\/"},{"@type":"ListItem","position":3,"name":"Sartenes rectangulares a gas Firex &#8211; DBRG"}]},{"@type":"WebSite","@id":"https:\/\/frionox.com\/catalogo\/#website","url":"https:\/\/frionox.com\/catalogo\/","name":"FRIONOX","description":"Equipamiento de cocinas","publisher":{"@id":"https:\/\/frionox.com\/catalogo\/#organization"},"potentialAction":[{"@type":"SearchAction","target":{"@type":"EntryPoint","urlTemplate":"https:\/\/frionox.com\/catalogo\/?s={search_term_string}"},"query-input":{"@type":"PropertyValueSpecification","valueRequired":true,"valueName":"search_term_string"}}],"inLanguage":"es"},{"@type":["Organization","Place","LocalBusiness"],"@id":"https:\/\/frionox.com\/catalogo\/#organization","name":"Frionox Equipamiento de cocinas","url":"https:\/\/frionox.com\/catalogo\/","logo":{"@id":"https:\/\/frionox.com\/catalogo\/producto\/sarten-rectangular\/#local-main-organization-logo"},"image":{"@id":"https:\/\/frionox.com\/catalogo\/producto\/sarten-rectangular\/#local-main-organization-logo"},"sameAs":["https:\/\/facebook.com\/frionox.pe","https:\/\/x.com\/frionoxsac","https:\/\/youtube.com\/@FRIONOXEQUIPAMIENTODECOCINA"],"address":{"@id":"https:\/\/frionox.com\/catalogo\/producto\/sarten-rectangular\/#local-main-place-address"},"geo":{"@type":"GeoCoordinates","latitude":"-11.980133","longitude":"-77.06118200000003"},"telephone":["+5115221181"],"openingHoursSpecification":[{"@type":"OpeningHoursSpecification","dayOfWeek":["Monday","Tuesday","Wednesday","Thursday","Friday","Saturday"],"opens":"08:00","closes":"18:00"},{"@type":"OpeningHoursSpecification","dayOfWeek":["Sunday"],"opens":"00:00","closes":"00:00"}],"email":"cotizaciones@frionox.com"},{"@type":"PostalAddress","@id":"https:\/\/frionox.com\/catalogo\/producto\/sarten-rectangular\/#local-main-place-address","streetAddress":"Av. Oscar R. Benavides 1624","addressLocality":"Cercado de Lima","postalCode":"15082","addressRegion":"Lima","addressCountry":"PE"},{"@type":"ImageObject","inLanguage":"es","@id":"https:\/\/frionox.com\/catalogo\/producto\/sarten-rectangular\/#local-main-organization-logo","url":"https:\/\/frionox.com\/catalogo\/wp-content\/uploads\/2020\/04\/LOGO-MOBILE.png","contentUrl":"https:\/\/frionox.com\/catalogo\/wp-content\/uploads\/2020\/04\/LOGO-MOBILE.png","width":203,"height":61,"caption":"Frionox Equipamiento de cocinas"}]},"product_price_amount":"35.00","product_price_currency":"PEN","og_availability":"instock","product_availability":"instock","product_condition":"new","geo.placename":"Cercado de Lima","geo.position":{"lat":"-11.980133","long":"-77.06118200000003"},"geo.region":"Per\u00fa"},"_links":{"self":[{"href":"https:\/\/frionox.com\/catalogo\/wp-json\/wp\/v2\/product\/53","targetHints":{"allow":["GET"]}}],"collection":[{"href":"https:\/\/frionox.com\/catalogo\/wp-json\/wp\/v2\/product"}],"about":[{"href":"https:\/\/frionox.com\/catalogo\/wp-json\/wp\/v2\/types\/product"}],"replies":[{"embeddable":true,"href":"https:\/\/frionox.com\/catalogo\/wp-json\/wp\/v2\/comments?post=53"}],"wp:featuredmedia":[{"embeddable":true,"href":"https:\/\/frionox.com\/catalogo\/wp-json\/wp\/v2\/media\/3366"}],"wp:attachment":[{"href":"https:\/\/frionox.com\/catalogo\/wp-json\/wp\/v2\/media?parent=53"}],"wp:term":[{"taxonomy":"product_brand","embeddable":true,"href":"https:\/\/frionox.com\/catalogo\/wp-json\/wp\/v2\/product_brand?post=53"},{"taxonomy":"product_cat","embeddable":true,"href":"https:\/\/frionox.com\/catalogo\/wp-json\/wp\/v2\/product_cat?post=53"},{"taxonomy":"product_tag","embeddable":true,"href":"https:\/\/frionox.com\/catalogo\/wp-json\/wp\/v2\/product_tag?post=53"}],"curies":[{"name":"wp","href":"https:\/\/api.w.org\/{rel}","templated":true}]}}