{"id":15854,"date":"2020-08-09T14:04:42","date_gmt":"2020-08-09T19:04:42","guid":{"rendered":"https:\/\/frionox.com\/catalogo\/producto\/trituradora-larga-ultra-34820-mp550-ultra-220-1ac-mp550-ultra\/"},"modified":"2024-10-29T17:28:27","modified_gmt":"2024-10-29T22:28:27","slug":"trituradora-larga-ultra-34820-mp550-ultra-220-1ac-mp550-ultra","status":"publish","type":"product","link":"https:\/\/frionox.com\/catalogo\/producto\/trituradora-larga-ultra-34820-mp550-ultra-220-1ac-mp550-ultra\/","title":{"rendered":"TRITURADORA LARGA ULTRA (34820) &#8211; MP550 ULTRA-220-1AC &#8211; MP550 ULTRA"},"content":{"rendered":"<p>Modelo de velocidad fija. Capacidad de la marmita: 200 litros Asa ergon\u00f3mica par mayor comodidad de uso. Lengueta en el bloque del motor que puede utilizarse como punto de apoyo y pivote en el borde del recipiente para facilitar su manipulaci\u00f3n. Nuevo sistema de recogida del cable de alimentaci\u00f3n para guardarlo m\u00e1s f\u00e1cilmente y optimizar su duraci\u00f3n de vida \u00fatil. Cable de alimentaci\u00f3n desmontable Nuevo sistema patentado \u00abEasy Plug\u00bb que facilita en caso de aver\u00eda, la sustituci\u00f3n del cable de alimentaci\u00f3n. Cuchilla con revestimiento para asegurar una higiene perfecta. Afilado especialmente estudiado para garantizar una calidad \u00f3ptima de corte yun gran rendimiento. Pie y cuchilla totalmente desmontables, para una limpieza f\u00e1cil, una higiene perfecta y un mantenimiento sencillo. Tubo, campana y cuchilla en acero inoxidable. Longitud tubo: 550 mm Potencia: 750 W Velocidad : 9000 rpm Voltaje: 220V\/60\/1<\/p>\n","protected":false},"excerpt":{"rendered":"<p>Modelo de velocidad fija. Capacidad de la marmita: 200 litros Asa ergon\u00f3mica par mayor comodidad de uso. Lengueta en el bloque del motor que puede utilizarse como punto de apoyo y pivote en el borde del recipiente para facilitar su manipulaci\u00f3n. Nuevo sistema de recogida del cable de alimentaci\u00f3n para guardarlo m\u00e1s f\u00e1cilmente y optimizar su duraci\u00f3n de vida \u00fatil. Cable de alimentaci\u00f3n desmontable Nuevo sistema patentado \u00abEasy Plug\u00bb que facilita en caso de aver\u00eda, la sustituci\u00f3n del cable de alimentaci\u00f3n. Cuchilla con revestimiento para asegurar una higiene perfecta. Afilado especialmente estudiado para garantizar una calidad \u00f3ptima de corte yun gran rendimiento. Pie y cuchilla totalmente desmontables, para una limpieza f\u00e1cil, una higiene perfecta y un mantenimiento sencillo. Tubo, campana y cuchilla en acero inoxidable. Longitud tubo: 550 mm Potencia: 750 W Velocidad : 9000 rpm Voltaje: 220V\/60\/1<\/p>\n","protected":false},"featured_media":11313,"comment_status":"open","ping_status":"closed","template":"","meta":[],"product_brand":[],"product_cat":[2037,1476,141],"product_tag":[2045],"class_list":{"0":"post-15854","1":"product","2":"type-product","3":"status-publish","4":"has-post-thumbnail","6":"product_cat-trituradoras-procesamiento","7":"product_cat-trituradoras","8":"product_cat-procesamiento","9":"product_tag-trituradora-larga-ultra-34820-mp550-ultra-220-1ac","10":"pa_marcas-robot-coupe","12":"first","13":"onbackorder","14":"sale","15":"shipping-taxable","16":"purchasable","17":"product-type-simple"},"yoast_head":"<!-- This site is optimized with the Yoast SEO Premium plugin v27.1 (Yoast SEO v27.1.1) - https:\/\/yoast.com\/product\/yoast-seo-premium-wordpress\/ -->\n<title>TRITURADORA LARGA ULTRA (34820) - MP550 ULTRA-220-1AC - MP550 ULTRA - FRIONOX<\/title>\n<meta name=\"description\" content=\"Modelo de velocidad fija. Capacidad de la marmita: 200 litros Asa ergon\u00f3mica par mayor comodidad de uso. Lengueta en el bloque del motor que puede utilizarse como punto de apoyo y pivote en el borde del recipiente para facilitar su manipulaci\u00f3n. Nuevo sistema de recogida del cable de alimentaci\u00f3n para guardarlo m\u00e1s f\u00e1cilmente y optimizar su duraci\u00f3n de vida \u00fatil. Cable de alimentaci\u00f3n desmontable Nuevo sistema patentado \u00abEasy Plug\u00bb que facilita en caso de aver\u00eda, la sustituci\u00f3n del cable de alimentaci\u00f3n. Cuchilla con revestimiento para asegurar una higiene perfecta. Afilado especialmente estudiado para garantizar una calidad \u00f3ptima de corte yun gran rendimiento. Pie y cuchilla totalmente desmontables, para una limpieza f\u00e1cil, una higiene perfecta y un mantenimiento sencillo. Tubo, campana y cuchilla en acero inoxidable. Longitud tubo: 550 mm Potencia: 750 W Velocidad : 9000 rpm Voltaje: 220V\/60\/1\" \/>\n<meta name=\"robots\" content=\"index, follow, max-snippet:-1, max-image-preview:large, max-video-preview:-1\" \/>\n<link rel=\"canonical\" href=\"https:\/\/frionox.com\/catalogo\/producto\/trituradora-larga-ultra-34820-mp550-ultra-220-1ac-mp550-ultra\/\" \/>\n<meta property=\"og:locale\" content=\"es_ES\" \/>\n<meta property=\"og:type\" content=\"article\" \/>\n<meta property=\"og:title\" content=\"TRITURADORA LARGA ULTRA (34820) - MP550 ULTRA-220-1AC - MP550 ULTRA\" \/>\n<meta property=\"og:description\" content=\"Modelo de velocidad fija. Capacidad de la marmita: 200 litros Asa ergon\u00f3mica par mayor comodidad de uso. Lengueta en el bloque del motor que puede utilizarse como punto de apoyo y pivote en el borde del recipiente para facilitar su manipulaci\u00f3n. Nuevo sistema de recogida del cable de alimentaci\u00f3n para guardarlo m\u00e1s f\u00e1cilmente y optimizar su duraci\u00f3n de vida \u00fatil. Cable de alimentaci\u00f3n desmontable Nuevo sistema patentado \u00abEasy Plug\u00bb que facilita en caso de aver\u00eda, la sustituci\u00f3n del cable de alimentaci\u00f3n. Cuchilla con revestimiento para asegurar una higiene perfecta. Afilado especialmente estudiado para garantizar una calidad \u00f3ptima de corte yun gran rendimiento. Pie y cuchilla totalmente desmontables, para una limpieza f\u00e1cil, una higiene perfecta y un mantenimiento sencillo. Tubo, campana y cuchilla en acero inoxidable. Longitud tubo: 550 mm Potencia: 750 W Velocidad : 9000 rpm Voltaje: 220V\/60\/1\" \/>\n<meta property=\"og:url\" content=\"https:\/\/frionox.com\/catalogo\/producto\/trituradora-larga-ultra-34820-mp550-ultra-220-1ac-mp550-ultra\/\" \/>\n<meta property=\"og:site_name\" content=\"FRIONOX\" \/>\n<meta property=\"article:publisher\" content=\"https:\/\/facebook.com\/frionox.pe\" \/>\n<meta property=\"article:modified_time\" content=\"2024-10-29T22:28:27+00:00\" \/>\n<meta property=\"og:image\" content=\"https:\/\/frionox.com\/catalogo\/wp-content\/uploads\/2020\/04\/MP550-ULTRA.jpg\" \/>\n\t<meta property=\"og:image:width\" content=\"800\" \/>\n\t<meta property=\"og:image:height\" content=\"800\" \/>\n\t<meta property=\"og:image:type\" content=\"image\/jpeg\" \/>\n<meta name=\"twitter:card\" content=\"summary_large_image\" \/>\n<meta name=\"twitter:site\" content=\"@frionoxsac\" \/>\n<meta name=\"twitter:label1\" content=\"Precio\" \/>\n\t<meta name=\"twitter:data1\" content=\"S\/1,624.86\" \/>\n\t<meta name=\"twitter:label2\" content=\"Disponibilidad\" \/>\n\t<meta name=\"twitter:data2\" content=\"Disponible para reservar\" \/>\n<script type=\"application\/ld+json\" class=\"yoast-schema-graph\">{\"@context\":\"https:\/\/schema.org\",\"@graph\":[{\"@type\":\"WebPage\",\"@id\":\"https:\/\/frionox.com\/catalogo\/producto\/trituradora-larga-ultra-34820-mp550-ultra-220-1ac-mp550-ultra\/\",\"url\":\"https:\/\/frionox.com\/catalogo\/producto\/trituradora-larga-ultra-34820-mp550-ultra-220-1ac-mp550-ultra\/\",\"name\":\"TRITURADORA LARGA ULTRA (34820) - MP550 ULTRA-220-1AC - MP550 ULTRA - FRIONOX\",\"isPartOf\":{\"@id\":\"https:\/\/frionox.com\/catalogo\/#website\"},\"primaryImageOfPage\":{\"@id\":\"https:\/\/frionox.com\/catalogo\/producto\/trituradora-larga-ultra-34820-mp550-ultra-220-1ac-mp550-ultra\/#primaryimage\"},\"image\":{\"@id\":\"https:\/\/frionox.com\/catalogo\/producto\/trituradora-larga-ultra-34820-mp550-ultra-220-1ac-mp550-ultra\/#primaryimage\"},\"thumbnailUrl\":\"https:\/\/frionox.com\/catalogo\/wp-content\/uploads\/2020\/04\/MP550-ULTRA.jpg\",\"datePublished\":\"2020-08-09T19:04:42+00:00\",\"dateModified\":\"2024-10-29T22:28:27+00:00\",\"description\":\"Modelo de velocidad fija. Capacidad de la marmita: 200 litros Asa ergon\u00f3mica par mayor comodidad de uso. Lengueta en el bloque del motor que puede utilizarse como punto de apoyo y pivote en el borde del recipiente para facilitar su manipulaci\u00f3n. Nuevo sistema de recogida del cable de alimentaci\u00f3n para guardarlo m\u00e1s f\u00e1cilmente y optimizar su duraci\u00f3n de vida \u00fatil. Cable de alimentaci\u00f3n desmontable Nuevo sistema patentado \u00abEasy Plug\u00bb que facilita en caso de aver\u00eda, la sustituci\u00f3n del cable de alimentaci\u00f3n. Cuchilla con revestimiento para asegurar una higiene perfecta. Afilado especialmente estudiado para garantizar una calidad \u00f3ptima de corte yun gran rendimiento. Pie y cuchilla totalmente desmontables, para una limpieza f\u00e1cil, una higiene perfecta y un mantenimiento sencillo. Tubo, campana y cuchilla en acero inoxidable. Longitud tubo: 550 mm Potencia: 750 W Velocidad : 9000 rpm Voltaje: 220V\/60\/1\",\"breadcrumb\":{\"@id\":\"https:\/\/frionox.com\/catalogo\/producto\/trituradora-larga-ultra-34820-mp550-ultra-220-1ac-mp550-ultra\/#breadcrumb\"},\"inLanguage\":\"es\",\"potentialAction\":[{\"@type\":\"ReadAction\",\"target\":[\"https:\/\/frionox.com\/catalogo\/producto\/trituradora-larga-ultra-34820-mp550-ultra-220-1ac-mp550-ultra\/\"]}]},{\"@type\":\"ImageObject\",\"inLanguage\":\"es\",\"@id\":\"https:\/\/frionox.com\/catalogo\/producto\/trituradora-larga-ultra-34820-mp550-ultra-220-1ac-mp550-ultra\/#primaryimage\",\"url\":\"https:\/\/frionox.com\/catalogo\/wp-content\/uploads\/2020\/04\/MP550-ULTRA.jpg\",\"contentUrl\":\"https:\/\/frionox.com\/catalogo\/wp-content\/uploads\/2020\/04\/MP550-ULTRA.jpg\",\"width\":800,\"height\":800},{\"@type\":\"BreadcrumbList\",\"@id\":\"https:\/\/frionox.com\/catalogo\/producto\/trituradora-larga-ultra-34820-mp550-ultra-220-1ac-mp550-ultra\/#breadcrumb\",\"itemListElement\":[{\"@type\":\"ListItem\",\"position\":1,\"name\":\"Portada\",\"item\":\"https:\/\/frionox.com\/catalogo\/\"},{\"@type\":\"ListItem\",\"position\":2,\"name\":\"Hornos Industriales, Licuadoras Industriales, Cocinas y m\u00e1s\",\"item\":\"https:\/\/frionox.com\/catalogo\/tienda\/\"},{\"@type\":\"ListItem\",\"position\":3,\"name\":\"TRITURADORA LARGA ULTRA (34820) &#8211; MP550 ULTRA-220-1AC &#8211; MP550 ULTRA\"}]},{\"@type\":\"WebSite\",\"@id\":\"https:\/\/frionox.com\/catalogo\/#website\",\"url\":\"https:\/\/frionox.com\/catalogo\/\",\"name\":\"FRIONOX\",\"description\":\"Equipamiento de cocinas\",\"publisher\":{\"@id\":\"https:\/\/frionox.com\/catalogo\/#organization\"},\"potentialAction\":[{\"@type\":\"SearchAction\",\"target\":{\"@type\":\"EntryPoint\",\"urlTemplate\":\"https:\/\/frionox.com\/catalogo\/?s={search_term_string}\"},\"query-input\":{\"@type\":\"PropertyValueSpecification\",\"valueRequired\":true,\"valueName\":\"search_term_string\"}}],\"inLanguage\":\"es\"},{\"@type\":[\"Organization\",\"Place\",\"LocalBusiness\"],\"@id\":\"https:\/\/frionox.com\/catalogo\/#organization\",\"name\":\"Frionox Equipamiento de cocinas\",\"url\":\"https:\/\/frionox.com\/catalogo\/\",\"logo\":{\"@id\":\"https:\/\/frionox.com\/catalogo\/producto\/trituradora-larga-ultra-34820-mp550-ultra-220-1ac-mp550-ultra\/#local-main-organization-logo\"},\"image\":{\"@id\":\"https:\/\/frionox.com\/catalogo\/producto\/trituradora-larga-ultra-34820-mp550-ultra-220-1ac-mp550-ultra\/#local-main-organization-logo\"},\"sameAs\":[\"https:\/\/facebook.com\/frionox.pe\",\"https:\/\/x.com\/frionoxsac\",\"https:\/\/youtube.com\/@FRIONOXEQUIPAMIENTODECOCINA\"],\"address\":{\"@id\":\"https:\/\/frionox.com\/catalogo\/producto\/trituradora-larga-ultra-34820-mp550-ultra-220-1ac-mp550-ultra\/#local-main-place-address\"},\"geo\":{\"@type\":\"GeoCoordinates\",\"latitude\":\"-11.980133\",\"longitude\":\"-77.06118200000003\"},\"telephone\":[\"+5115221181\"],\"openingHoursSpecification\":[{\"@type\":\"OpeningHoursSpecification\",\"dayOfWeek\":[\"Monday\",\"Tuesday\",\"Wednesday\",\"Thursday\",\"Friday\",\"Saturday\"],\"opens\":\"08:00\",\"closes\":\"18:00\"},{\"@type\":\"OpeningHoursSpecification\",\"dayOfWeek\":[\"Sunday\"],\"opens\":\"00:00\",\"closes\":\"00:00\"}],\"email\":\"cotizaciones@frionox.com\"},{\"@type\":\"PostalAddress\",\"@id\":\"https:\/\/frionox.com\/catalogo\/producto\/trituradora-larga-ultra-34820-mp550-ultra-220-1ac-mp550-ultra\/#local-main-place-address\",\"streetAddress\":\"Av. Oscar R. Benavides 1624\",\"addressLocality\":\"Cercado de Lima\",\"postalCode\":\"15082\",\"addressRegion\":\"Lima\",\"addressCountry\":\"PE\"},{\"@type\":\"ImageObject\",\"inLanguage\":\"es\",\"@id\":\"https:\/\/frionox.com\/catalogo\/producto\/trituradora-larga-ultra-34820-mp550-ultra-220-1ac-mp550-ultra\/#local-main-organization-logo\",\"url\":\"https:\/\/frionox.com\/catalogo\/wp-content\/uploads\/2020\/04\/LOGO-MOBILE.png\",\"contentUrl\":\"https:\/\/frionox.com\/catalogo\/wp-content\/uploads\/2020\/04\/LOGO-MOBILE.png\",\"width\":203,\"height\":61,\"caption\":\"Frionox Equipamiento de cocinas\"}]}<\/script>\n<meta property=\"product:price:amount\" content=\"1624.86\" \/>\n<meta property=\"product:price:currency\" content=\"PEN\" \/>\n<meta property=\"og:availability\" content=\"backorder\" \/>\n<meta property=\"product:availability\" content=\"available for order\" \/>\n<meta property=\"product:retailer_item_id\" content=\"MP550 ULTRA\" \/>\n<meta property=\"product:condition\" content=\"new\" \/>\n<meta name=\"geo.placename\" content=\"Cercado de Lima\" \/>\n<meta name=\"geo.position\" content=\"-11.980133;-77.06118200000003\" \/>\n<meta name=\"geo.region\" content=\"Per\u00fa\" \/>\n<!-- \/ Yoast SEO Premium plugin. -->","yoast_head_json":{"title":"TRITURADORA LARGA ULTRA (34820) - MP550 ULTRA-220-1AC - MP550 ULTRA - FRIONOX","description":"Modelo de velocidad fija. Capacidad de la marmita: 200 litros Asa ergon\u00f3mica par mayor comodidad de uso. Lengueta en el bloque del motor que puede utilizarse como punto de apoyo y pivote en el borde del recipiente para facilitar su manipulaci\u00f3n. Nuevo sistema de recogida del cable de alimentaci\u00f3n para guardarlo m\u00e1s f\u00e1cilmente y optimizar su duraci\u00f3n de vida \u00fatil. Cable de alimentaci\u00f3n desmontable Nuevo sistema patentado \u00abEasy Plug\u00bb que facilita en caso de aver\u00eda, la sustituci\u00f3n del cable de alimentaci\u00f3n. Cuchilla con revestimiento para asegurar una higiene perfecta. Afilado especialmente estudiado para garantizar una calidad \u00f3ptima de corte yun gran rendimiento. Pie y cuchilla totalmente desmontables, para una limpieza f\u00e1cil, una higiene perfecta y un mantenimiento sencillo. Tubo, campana y cuchilla en acero inoxidable. Longitud tubo: 550 mm Potencia: 750 W Velocidad : 9000 rpm Voltaje: 220V\/60\/1","robots":{"index":"index","follow":"follow","max-snippet":"max-snippet:-1","max-image-preview":"max-image-preview:large","max-video-preview":"max-video-preview:-1"},"canonical":"https:\/\/frionox.com\/catalogo\/producto\/trituradora-larga-ultra-34820-mp550-ultra-220-1ac-mp550-ultra\/","og_locale":"es_ES","og_type":"article","og_title":"TRITURADORA LARGA ULTRA (34820) - MP550 ULTRA-220-1AC - MP550 ULTRA","og_description":"Modelo de velocidad fija. Capacidad de la marmita: 200 litros Asa ergon\u00f3mica par mayor comodidad de uso. Lengueta en el bloque del motor que puede utilizarse como punto de apoyo y pivote en el borde del recipiente para facilitar su manipulaci\u00f3n. Nuevo sistema de recogida del cable de alimentaci\u00f3n para guardarlo m\u00e1s f\u00e1cilmente y optimizar su duraci\u00f3n de vida \u00fatil. Cable de alimentaci\u00f3n desmontable Nuevo sistema patentado \u00abEasy Plug\u00bb que facilita en caso de aver\u00eda, la sustituci\u00f3n del cable de alimentaci\u00f3n. Cuchilla con revestimiento para asegurar una higiene perfecta. Afilado especialmente estudiado para garantizar una calidad \u00f3ptima de corte yun gran rendimiento. Pie y cuchilla totalmente desmontables, para una limpieza f\u00e1cil, una higiene perfecta y un mantenimiento sencillo. Tubo, campana y cuchilla en acero inoxidable. Longitud tubo: 550 mm Potencia: 750 W Velocidad : 9000 rpm Voltaje: 220V\/60\/1","og_url":"https:\/\/frionox.com\/catalogo\/producto\/trituradora-larga-ultra-34820-mp550-ultra-220-1ac-mp550-ultra\/","og_site_name":"FRIONOX","article_publisher":"https:\/\/facebook.com\/frionox.pe","article_modified_time":"2024-10-29T22:28:27+00:00","og_image":[{"width":800,"height":800,"url":"https:\/\/frionox.com\/catalogo\/wp-content\/uploads\/2020\/04\/MP550-ULTRA.jpg","type":"image\/jpeg"}],"twitter_card":"summary_large_image","twitter_site":"@frionoxsac","twitter_misc":{"Precio":"S\/1,624.86","Disponibilidad":"Disponible para reservar"},"schema":{"@context":"https:\/\/schema.org","@graph":[{"@type":"WebPage","@id":"https:\/\/frionox.com\/catalogo\/producto\/trituradora-larga-ultra-34820-mp550-ultra-220-1ac-mp550-ultra\/","url":"https:\/\/frionox.com\/catalogo\/producto\/trituradora-larga-ultra-34820-mp550-ultra-220-1ac-mp550-ultra\/","name":"TRITURADORA LARGA ULTRA (34820) - MP550 ULTRA-220-1AC - MP550 ULTRA - FRIONOX","isPartOf":{"@id":"https:\/\/frionox.com\/catalogo\/#website"},"primaryImageOfPage":{"@id":"https:\/\/frionox.com\/catalogo\/producto\/trituradora-larga-ultra-34820-mp550-ultra-220-1ac-mp550-ultra\/#primaryimage"},"image":{"@id":"https:\/\/frionox.com\/catalogo\/producto\/trituradora-larga-ultra-34820-mp550-ultra-220-1ac-mp550-ultra\/#primaryimage"},"thumbnailUrl":"https:\/\/frionox.com\/catalogo\/wp-content\/uploads\/2020\/04\/MP550-ULTRA.jpg","datePublished":"2020-08-09T19:04:42+00:00","dateModified":"2024-10-29T22:28:27+00:00","description":"Modelo de velocidad fija. Capacidad de la marmita: 200 litros Asa ergon\u00f3mica par mayor comodidad de uso. Lengueta en el bloque del motor que puede utilizarse como punto de apoyo y pivote en el borde del recipiente para facilitar su manipulaci\u00f3n. Nuevo sistema de recogida del cable de alimentaci\u00f3n para guardarlo m\u00e1s f\u00e1cilmente y optimizar su duraci\u00f3n de vida \u00fatil. Cable de alimentaci\u00f3n desmontable Nuevo sistema patentado \u00abEasy Plug\u00bb que facilita en caso de aver\u00eda, la sustituci\u00f3n del cable de alimentaci\u00f3n. Cuchilla con revestimiento para asegurar una higiene perfecta. Afilado especialmente estudiado para garantizar una calidad \u00f3ptima de corte yun gran rendimiento. Pie y cuchilla totalmente desmontables, para una limpieza f\u00e1cil, una higiene perfecta y un mantenimiento sencillo. Tubo, campana y cuchilla en acero inoxidable. Longitud tubo: 550 mm Potencia: 750 W Velocidad : 9000 rpm Voltaje: 220V\/60\/1","breadcrumb":{"@id":"https:\/\/frionox.com\/catalogo\/producto\/trituradora-larga-ultra-34820-mp550-ultra-220-1ac-mp550-ultra\/#breadcrumb"},"inLanguage":"es","potentialAction":[{"@type":"ReadAction","target":["https:\/\/frionox.com\/catalogo\/producto\/trituradora-larga-ultra-34820-mp550-ultra-220-1ac-mp550-ultra\/"]}]},{"@type":"ImageObject","inLanguage":"es","@id":"https:\/\/frionox.com\/catalogo\/producto\/trituradora-larga-ultra-34820-mp550-ultra-220-1ac-mp550-ultra\/#primaryimage","url":"https:\/\/frionox.com\/catalogo\/wp-content\/uploads\/2020\/04\/MP550-ULTRA.jpg","contentUrl":"https:\/\/frionox.com\/catalogo\/wp-content\/uploads\/2020\/04\/MP550-ULTRA.jpg","width":800,"height":800},{"@type":"BreadcrumbList","@id":"https:\/\/frionox.com\/catalogo\/producto\/trituradora-larga-ultra-34820-mp550-ultra-220-1ac-mp550-ultra\/#breadcrumb","itemListElement":[{"@type":"ListItem","position":1,"name":"Portada","item":"https:\/\/frionox.com\/catalogo\/"},{"@type":"ListItem","position":2,"name":"Hornos Industriales, Licuadoras Industriales, Cocinas y m\u00e1s","item":"https:\/\/frionox.com\/catalogo\/tienda\/"},{"@type":"ListItem","position":3,"name":"TRITURADORA LARGA ULTRA (34820) &#8211; MP550 ULTRA-220-1AC &#8211; MP550 ULTRA"}]},{"@type":"WebSite","@id":"https:\/\/frionox.com\/catalogo\/#website","url":"https:\/\/frionox.com\/catalogo\/","name":"FRIONOX","description":"Equipamiento de cocinas","publisher":{"@id":"https:\/\/frionox.com\/catalogo\/#organization"},"potentialAction":[{"@type":"SearchAction","target":{"@type":"EntryPoint","urlTemplate":"https:\/\/frionox.com\/catalogo\/?s={search_term_string}"},"query-input":{"@type":"PropertyValueSpecification","valueRequired":true,"valueName":"search_term_string"}}],"inLanguage":"es"},{"@type":["Organization","Place","LocalBusiness"],"@id":"https:\/\/frionox.com\/catalogo\/#organization","name":"Frionox Equipamiento de cocinas","url":"https:\/\/frionox.com\/catalogo\/","logo":{"@id":"https:\/\/frionox.com\/catalogo\/producto\/trituradora-larga-ultra-34820-mp550-ultra-220-1ac-mp550-ultra\/#local-main-organization-logo"},"image":{"@id":"https:\/\/frionox.com\/catalogo\/producto\/trituradora-larga-ultra-34820-mp550-ultra-220-1ac-mp550-ultra\/#local-main-organization-logo"},"sameAs":["https:\/\/facebook.com\/frionox.pe","https:\/\/x.com\/frionoxsac","https:\/\/youtube.com\/@FRIONOXEQUIPAMIENTODECOCINA"],"address":{"@id":"https:\/\/frionox.com\/catalogo\/producto\/trituradora-larga-ultra-34820-mp550-ultra-220-1ac-mp550-ultra\/#local-main-place-address"},"geo":{"@type":"GeoCoordinates","latitude":"-11.980133","longitude":"-77.06118200000003"},"telephone":["+5115221181"],"openingHoursSpecification":[{"@type":"OpeningHoursSpecification","dayOfWeek":["Monday","Tuesday","Wednesday","Thursday","Friday","Saturday"],"opens":"08:00","closes":"18:00"},{"@type":"OpeningHoursSpecification","dayOfWeek":["Sunday"],"opens":"00:00","closes":"00:00"}],"email":"cotizaciones@frionox.com"},{"@type":"PostalAddress","@id":"https:\/\/frionox.com\/catalogo\/producto\/trituradora-larga-ultra-34820-mp550-ultra-220-1ac-mp550-ultra\/#local-main-place-address","streetAddress":"Av. Oscar R. Benavides 1624","addressLocality":"Cercado de Lima","postalCode":"15082","addressRegion":"Lima","addressCountry":"PE"},{"@type":"ImageObject","inLanguage":"es","@id":"https:\/\/frionox.com\/catalogo\/producto\/trituradora-larga-ultra-34820-mp550-ultra-220-1ac-mp550-ultra\/#local-main-organization-logo","url":"https:\/\/frionox.com\/catalogo\/wp-content\/uploads\/2020\/04\/LOGO-MOBILE.png","contentUrl":"https:\/\/frionox.com\/catalogo\/wp-content\/uploads\/2020\/04\/LOGO-MOBILE.png","width":203,"height":61,"caption":"Frionox Equipamiento de cocinas"}]},"product_price_amount":"1624.86","product_price_currency":"PEN","og_availability":"backorder","product_availability":"available for order","product_retailer_item_id":"MP550 ULTRA","product_condition":"new","geo.placename":"Cercado de Lima","geo.position":{"lat":"-11.980133","long":"-77.06118200000003"},"geo.region":"Per\u00fa"},"_links":{"self":[{"href":"https:\/\/frionox.com\/catalogo\/wp-json\/wp\/v2\/product\/15854","targetHints":{"allow":["GET"]}}],"collection":[{"href":"https:\/\/frionox.com\/catalogo\/wp-json\/wp\/v2\/product"}],"about":[{"href":"https:\/\/frionox.com\/catalogo\/wp-json\/wp\/v2\/types\/product"}],"replies":[{"embeddable":true,"href":"https:\/\/frionox.com\/catalogo\/wp-json\/wp\/v2\/comments?post=15854"}],"wp:featuredmedia":[{"embeddable":true,"href":"https:\/\/frionox.com\/catalogo\/wp-json\/wp\/v2\/media\/11313"}],"wp:attachment":[{"href":"https:\/\/frionox.com\/catalogo\/wp-json\/wp\/v2\/media?parent=15854"}],"wp:term":[{"taxonomy":"product_brand","embeddable":true,"href":"https:\/\/frionox.com\/catalogo\/wp-json\/wp\/v2\/product_brand?post=15854"},{"taxonomy":"product_cat","embeddable":true,"href":"https:\/\/frionox.com\/catalogo\/wp-json\/wp\/v2\/product_cat?post=15854"},{"taxonomy":"product_tag","embeddable":true,"href":"https:\/\/frionox.com\/catalogo\/wp-json\/wp\/v2\/product_tag?post=15854"}],"curies":[{"name":"wp","href":"https:\/\/api.w.org\/{rel}","templated":true}]}}