{"id":15428,"date":"2020-08-09T14:02:01","date_gmt":"2020-08-09T19:02:01","guid":{"rendered":"https:\/\/frionox.com\/catalogo\/producto\/refrigerador-vertical-01-puerta-gn-2-1-serie-infricool-asg700ii\/"},"modified":"2024-11-09T17:34:46","modified_gmt":"2024-11-09T22:34:46","slug":"refrigerador-vertical-01-puerta-gn-2-1-serie-infricool-asg700ii","status":"publish","type":"product","link":"https:\/\/frionox.com\/catalogo\/producto\/refrigerador-vertical-01-puerta-gn-2-1-serie-infricool-asg700ii\/","title":{"rendered":"REFRIGERADOR VERTICAL 01 PUERTA GN 2\/1 SERIE INFRICOOL &#8211; ASG700II"},"content":{"rendered":"<p>Capacidad: 600 Litros. Dise\u00f1ado para la conservaci\u00f3n de productos. Exterior fabricado de acero inoxidable AISI 430. Respaldo en plancha de acero galvanizado. Interior fabricado de acero inoxidable AISI 430. 02 parrillas interiores de 530 x 650 mm. Gu\u00edas y parrillas f\u00e1cilmente desmontables para la limpieza. Aislamiento t\u00e9rmico con poliuretano inyectado de alta densidad. 01 Puerta con tirador integrado y bisagra pivotante con bloqueo de apertura. Contrapuerta embutida con burlete triple c\u00e1mara f\u00e1cilmente sustituible. Posibilidad de cambiar el sentido de apertura de la puerta. Claro de puerta de 580 x 1495 mm. Termostato digital para el control de la temperatura y el desescarche. Temperatura de trabajo: -2\u00baC a +8\u00baC Sistema de condensaci\u00f3n ventilada. Potencia de compresor: 1\/3HP. Sistema de evaporaci\u00f3n por tiro forzado. Evaporadores tratados con epoxi de poli\u00e9ster anticorrosi\u00f3n. Bandeja evaporativa. Tipo de refrigerante:134a. Potencia el\u00e9ctrica: 0.4 KW. Voltaje:220V \/ 60Hz \/ 1AC. Con patas regulables. NOTA: Opcional parrillas adicionales. Opcional juego de gu\u00edas adicionales. Opcional garruchas.&#8221;<\/p>\n","protected":false},"excerpt":{"rendered":"<p>Capacidad: 600 Litros. Dise\u00f1ado para la conservaci\u00f3n de productos. Exterior fabricado de acero inoxidable AISI 430. Respaldo en plancha de acero galvanizado. Interior fabricado de acero inoxidable AISI 430. 02 parrillas interiores de 530 x 650 mm. Gu\u00edas y parrillas f\u00e1cilmente desmontables para la limpieza. Aislamiento t\u00e9rmico con poliuretano inyectado de alta densidad. 01 Puerta con tirador integrado y bisagra pivotante con bloqueo de apertura. Contrapuerta embutida con burlete triple c\u00e1mara f\u00e1cilmente sustituible. Posibilidad de cambiar el sentido de apertura de la puerta. Claro de puerta de 580 x 1495 mm. Termostato digital para el control de la temperatura y el desescarche. Temperatura de trabajo: -2\u00baC a +8\u00baC Sistema de condensaci\u00f3n ventilada. Potencia de compresor: 1\/3HP. Sistema de evaporaci\u00f3n por tiro forzado. Evaporadores tratados con epoxi de poli\u00e9ster anticorrosi\u00f3n. Bandeja evaporativa. Tipo de refrigerante:134a. Potencia el\u00e9ctrica: 0.4 KW. Voltaje:220V \/ 60Hz \/ 1AC. Con patas regulables. NOTA: Opcional parrillas adicionales. Opcional juego de gu\u00edas adicionales. Opcional garruchas.&#8221;<\/p>\n","protected":false},"featured_media":10760,"comment_status":"open","ping_status":"closed","template":"","meta":[],"product_brand":[],"product_cat":[1406,27],"product_tag":[1568],"class_list":{"0":"post-15428","1":"product","2":"type-product","3":"status-publish","4":"has-post-thumbnail","6":"product_cat-refrigeradores-refrigeracion-comercial","7":"product_cat-refrigeracion-comercial","8":"product_tag-refrigerador-vertical-01-puerta-gn-2-1-serie-infricool","9":"pa_marcas-infrico","11":"first","12":"onbackorder","13":"shipping-taxable","14":"purchasable","15":"product-type-simple"},"yoast_head":"<!-- This site is optimized with the Yoast SEO Premium plugin v27.1 (Yoast SEO v27.1.1) - https:\/\/yoast.com\/product\/yoast-seo-premium-wordpress\/ -->\n<title>REFRIGERADOR VERTICAL 01 PUERTA GN 2\/1 SERIE INFRICOOL - ASG700II - FRIONOX<\/title>\n<meta name=\"description\" content=\"Capacidad: 600 Litros. Dise\u00f1ado para la conservaci\u00f3n de productos. Exterior fabricado de acero inoxidable AISI 430. Respaldo en plancha de acero galvanizado. Interior fabricado de acero inoxidable AISI 430. 02 parrillas interiores de 530 x 650 mm. Gu\u00edas y parrillas f\u00e1cilmente desmontables para la limpieza. Aislamiento t\u00e9rmico con poliuretano inyectado de alta densidad. 01 Puerta con tirador integrado y bisagra pivotante con bloqueo de apertura. Contrapuerta embutida con burlete triple c\u00e1mara f\u00e1cilmente sustituible. Posibilidad de cambiar el sentido de apertura de la puerta. Claro de puerta de 580 x 1495 mm. Termostato digital para el control de la temperatura y el desescarche. Temperatura de trabajo: -2\u00baC a +8\u00baC Sistema de condensaci\u00f3n ventilada. Potencia de compresor: 1\/3HP. Sistema de evaporaci\u00f3n por tiro forzado. Evaporadores tratados con epoxi de poli\u00e9ster anticorrosi\u00f3n. Bandeja evaporativa. Tipo de refrigerante:134a. Potencia el\u00e9ctrica: 0.4 KW. Voltaje:220V \/ 60Hz \/ 1AC. Con patas regulables. NOTA: Opcional parrillas adicionales. Opcional juego de gu\u00edas adicionales. Opcional garruchas.&quot;\" \/>\n<meta name=\"robots\" content=\"index, follow, max-snippet:-1, max-image-preview:large, max-video-preview:-1\" \/>\n<link rel=\"canonical\" href=\"https:\/\/frionox.com\/catalogo\/producto\/refrigerador-vertical-01-puerta-gn-2-1-serie-infricool-asg700ii\/\" \/>\n<meta property=\"og:locale\" content=\"es_ES\" \/>\n<meta property=\"og:type\" content=\"article\" \/>\n<meta property=\"og:title\" content=\"REFRIGERADOR VERTICAL 01 PUERTA GN 2\/1 SERIE INFRICOOL - ASG700II\" \/>\n<meta property=\"og:description\" content=\"Capacidad: 600 Litros. Dise\u00f1ado para la conservaci\u00f3n de productos. Exterior fabricado de acero inoxidable AISI 430. Respaldo en plancha de acero galvanizado. Interior fabricado de acero inoxidable AISI 430. 02 parrillas interiores de 530 x 650 mm. Gu\u00edas y parrillas f\u00e1cilmente desmontables para la limpieza. Aislamiento t\u00e9rmico con poliuretano inyectado de alta densidad. 01 Puerta con tirador integrado y bisagra pivotante con bloqueo de apertura. Contrapuerta embutida con burlete triple c\u00e1mara f\u00e1cilmente sustituible. Posibilidad de cambiar el sentido de apertura de la puerta. Claro de puerta de 580 x 1495 mm. Termostato digital para el control de la temperatura y el desescarche. Temperatura de trabajo: -2\u00baC a +8\u00baC Sistema de condensaci\u00f3n ventilada. Potencia de compresor: 1\/3HP. Sistema de evaporaci\u00f3n por tiro forzado. Evaporadores tratados con epoxi de poli\u00e9ster anticorrosi\u00f3n. Bandeja evaporativa. Tipo de refrigerante:134a. Potencia el\u00e9ctrica: 0.4 KW. Voltaje:220V \/ 60Hz \/ 1AC. Con patas regulables. NOTA: Opcional parrillas adicionales. Opcional juego de gu\u00edas adicionales. Opcional garruchas.&quot;\" \/>\n<meta property=\"og:url\" content=\"https:\/\/frionox.com\/catalogo\/producto\/refrigerador-vertical-01-puerta-gn-2-1-serie-infricool-asg700ii\/\" \/>\n<meta property=\"og:site_name\" content=\"FRIONOX\" \/>\n<meta property=\"article:publisher\" content=\"https:\/\/facebook.com\/frionox.pe\" \/>\n<meta property=\"article:modified_time\" content=\"2024-11-09T22:34:46+00:00\" \/>\n<meta property=\"og:image\" content=\"https:\/\/frionox.com\/catalogo\/wp-content\/uploads\/2020\/04\/ASG700II.jpg\" \/>\n\t<meta property=\"og:image:width\" content=\"800\" \/>\n\t<meta property=\"og:image:height\" content=\"800\" \/>\n\t<meta property=\"og:image:type\" content=\"image\/jpeg\" \/>\n<meta name=\"twitter:card\" content=\"summary_large_image\" \/>\n<meta name=\"twitter:site\" content=\"@frionoxsac\" \/>\n<meta name=\"twitter:label1\" content=\"Precio\" \/>\n\t<meta name=\"twitter:data1\" content=\"S\/3,202.99\" \/>\n\t<meta name=\"twitter:label2\" content=\"Disponibilidad\" \/>\n\t<meta name=\"twitter:data2\" content=\"Disponible para reservar\" \/>\n<script type=\"application\/ld+json\" class=\"yoast-schema-graph\">{\"@context\":\"https:\/\/schema.org\",\"@graph\":[{\"@type\":\"WebPage\",\"@id\":\"https:\/\/frionox.com\/catalogo\/producto\/refrigerador-vertical-01-puerta-gn-2-1-serie-infricool-asg700ii\/\",\"url\":\"https:\/\/frionox.com\/catalogo\/producto\/refrigerador-vertical-01-puerta-gn-2-1-serie-infricool-asg700ii\/\",\"name\":\"REFRIGERADOR VERTICAL 01 PUERTA GN 2\/1 SERIE INFRICOOL - ASG700II - FRIONOX\",\"isPartOf\":{\"@id\":\"https:\/\/frionox.com\/catalogo\/#website\"},\"primaryImageOfPage\":{\"@id\":\"https:\/\/frionox.com\/catalogo\/producto\/refrigerador-vertical-01-puerta-gn-2-1-serie-infricool-asg700ii\/#primaryimage\"},\"image\":{\"@id\":\"https:\/\/frionox.com\/catalogo\/producto\/refrigerador-vertical-01-puerta-gn-2-1-serie-infricool-asg700ii\/#primaryimage\"},\"thumbnailUrl\":\"https:\/\/frionox.com\/catalogo\/wp-content\/uploads\/2020\/04\/ASG700II.jpg\",\"datePublished\":\"2020-08-09T19:02:01+00:00\",\"dateModified\":\"2024-11-09T22:34:46+00:00\",\"description\":\"Capacidad: 600 Litros. Dise\u00f1ado para la conservaci\u00f3n de productos. Exterior fabricado de acero inoxidable AISI 430. Respaldo en plancha de acero galvanizado. Interior fabricado de acero inoxidable AISI 430. 02 parrillas interiores de 530 x 650 mm. Gu\u00edas y parrillas f\u00e1cilmente desmontables para la limpieza. Aislamiento t\u00e9rmico con poliuretano inyectado de alta densidad. 01 Puerta con tirador integrado y bisagra pivotante con bloqueo de apertura. Contrapuerta embutida con burlete triple c\u00e1mara f\u00e1cilmente sustituible. Posibilidad de cambiar el sentido de apertura de la puerta. Claro de puerta de 580 x 1495 mm. Termostato digital para el control de la temperatura y el desescarche. Temperatura de trabajo: -2\u00baC a +8\u00baC Sistema de condensaci\u00f3n ventilada. Potencia de compresor: 1\/3HP. Sistema de evaporaci\u00f3n por tiro forzado. Evaporadores tratados con epoxi de poli\u00e9ster anticorrosi\u00f3n. Bandeja evaporativa. Tipo de refrigerante:134a. Potencia el\u00e9ctrica: 0.4 KW. Voltaje:220V \/ 60Hz \/ 1AC. Con patas regulables. NOTA: Opcional parrillas adicionales. Opcional juego de gu\u00edas adicionales. Opcional garruchas.\\\"\",\"breadcrumb\":{\"@id\":\"https:\/\/frionox.com\/catalogo\/producto\/refrigerador-vertical-01-puerta-gn-2-1-serie-infricool-asg700ii\/#breadcrumb\"},\"inLanguage\":\"es\",\"potentialAction\":[{\"@type\":\"ReadAction\",\"target\":[\"https:\/\/frionox.com\/catalogo\/producto\/refrigerador-vertical-01-puerta-gn-2-1-serie-infricool-asg700ii\/\"]}]},{\"@type\":\"ImageObject\",\"inLanguage\":\"es\",\"@id\":\"https:\/\/frionox.com\/catalogo\/producto\/refrigerador-vertical-01-puerta-gn-2-1-serie-infricool-asg700ii\/#primaryimage\",\"url\":\"https:\/\/frionox.com\/catalogo\/wp-content\/uploads\/2020\/04\/ASG700II.jpg\",\"contentUrl\":\"https:\/\/frionox.com\/catalogo\/wp-content\/uploads\/2020\/04\/ASG700II.jpg\",\"width\":800,\"height\":800},{\"@type\":\"BreadcrumbList\",\"@id\":\"https:\/\/frionox.com\/catalogo\/producto\/refrigerador-vertical-01-puerta-gn-2-1-serie-infricool-asg700ii\/#breadcrumb\",\"itemListElement\":[{\"@type\":\"ListItem\",\"position\":1,\"name\":\"Portada\",\"item\":\"https:\/\/frionox.com\/catalogo\/\"},{\"@type\":\"ListItem\",\"position\":2,\"name\":\"Hornos Industriales, Licuadoras Industriales, Cocinas y m\u00e1s\",\"item\":\"https:\/\/frionox.com\/catalogo\/tienda\/\"},{\"@type\":\"ListItem\",\"position\":3,\"name\":\"REFRIGERADOR VERTICAL 01 PUERTA GN 2\/1 SERIE INFRICOOL &#8211; ASG700II\"}]},{\"@type\":\"WebSite\",\"@id\":\"https:\/\/frionox.com\/catalogo\/#website\",\"url\":\"https:\/\/frionox.com\/catalogo\/\",\"name\":\"FRIONOX\",\"description\":\"Equipamiento de cocinas\",\"publisher\":{\"@id\":\"https:\/\/frionox.com\/catalogo\/#organization\"},\"potentialAction\":[{\"@type\":\"SearchAction\",\"target\":{\"@type\":\"EntryPoint\",\"urlTemplate\":\"https:\/\/frionox.com\/catalogo\/?s={search_term_string}\"},\"query-input\":{\"@type\":\"PropertyValueSpecification\",\"valueRequired\":true,\"valueName\":\"search_term_string\"}}],\"inLanguage\":\"es\"},{\"@type\":[\"Organization\",\"Place\",\"LocalBusiness\"],\"@id\":\"https:\/\/frionox.com\/catalogo\/#organization\",\"name\":\"Frionox Equipamiento de cocinas\",\"url\":\"https:\/\/frionox.com\/catalogo\/\",\"logo\":{\"@id\":\"https:\/\/frionox.com\/catalogo\/producto\/refrigerador-vertical-01-puerta-gn-2-1-serie-infricool-asg700ii\/#local-main-organization-logo\"},\"image\":{\"@id\":\"https:\/\/frionox.com\/catalogo\/producto\/refrigerador-vertical-01-puerta-gn-2-1-serie-infricool-asg700ii\/#local-main-organization-logo\"},\"sameAs\":[\"https:\/\/facebook.com\/frionox.pe\",\"https:\/\/x.com\/frionoxsac\",\"https:\/\/youtube.com\/@FRIONOXEQUIPAMIENTODECOCINA\"],\"address\":{\"@id\":\"https:\/\/frionox.com\/catalogo\/producto\/refrigerador-vertical-01-puerta-gn-2-1-serie-infricool-asg700ii\/#local-main-place-address\"},\"geo\":{\"@type\":\"GeoCoordinates\",\"latitude\":\"-11.980133\",\"longitude\":\"-77.06118200000003\"},\"telephone\":[\"+5115221181\"],\"openingHoursSpecification\":[{\"@type\":\"OpeningHoursSpecification\",\"dayOfWeek\":[\"Monday\",\"Tuesday\",\"Wednesday\",\"Thursday\",\"Friday\",\"Saturday\"],\"opens\":\"08:00\",\"closes\":\"18:00\"},{\"@type\":\"OpeningHoursSpecification\",\"dayOfWeek\":[\"Sunday\"],\"opens\":\"00:00\",\"closes\":\"00:00\"}],\"email\":\"cotizaciones@frionox.com\"},{\"@type\":\"PostalAddress\",\"@id\":\"https:\/\/frionox.com\/catalogo\/producto\/refrigerador-vertical-01-puerta-gn-2-1-serie-infricool-asg700ii\/#local-main-place-address\",\"streetAddress\":\"Av. Oscar R. Benavides 1624\",\"addressLocality\":\"Cercado de Lima\",\"postalCode\":\"15082\",\"addressRegion\":\"Lima\",\"addressCountry\":\"PE\"},{\"@type\":\"ImageObject\",\"inLanguage\":\"es\",\"@id\":\"https:\/\/frionox.com\/catalogo\/producto\/refrigerador-vertical-01-puerta-gn-2-1-serie-infricool-asg700ii\/#local-main-organization-logo\",\"url\":\"https:\/\/frionox.com\/catalogo\/wp-content\/uploads\/2020\/04\/LOGO-MOBILE.png\",\"contentUrl\":\"https:\/\/frionox.com\/catalogo\/wp-content\/uploads\/2020\/04\/LOGO-MOBILE.png\",\"width\":203,\"height\":61,\"caption\":\"Frionox Equipamiento de cocinas\"}]}<\/script>\n<meta property=\"product:price:amount\" content=\"3202.99\" \/>\n<meta property=\"product:price:currency\" content=\"PEN\" \/>\n<meta property=\"og:availability\" content=\"backorder\" \/>\n<meta property=\"product:availability\" content=\"available for order\" \/>\n<meta property=\"product:retailer_item_id\" content=\"ASG700II\" \/>\n<meta property=\"product:condition\" content=\"new\" \/>\n<meta name=\"geo.placename\" content=\"Cercado de Lima\" \/>\n<meta name=\"geo.position\" content=\"-11.980133;-77.06118200000003\" \/>\n<meta name=\"geo.region\" content=\"Per\u00fa\" \/>\n<!-- \/ Yoast SEO Premium plugin. -->","yoast_head_json":{"title":"REFRIGERADOR VERTICAL 01 PUERTA GN 2\/1 SERIE INFRICOOL - ASG700II - FRIONOX","description":"Capacidad: 600 Litros. Dise\u00f1ado para la conservaci\u00f3n de productos. Exterior fabricado de acero inoxidable AISI 430. Respaldo en plancha de acero galvanizado. Interior fabricado de acero inoxidable AISI 430. 02 parrillas interiores de 530 x 650 mm. Gu\u00edas y parrillas f\u00e1cilmente desmontables para la limpieza. Aislamiento t\u00e9rmico con poliuretano inyectado de alta densidad. 01 Puerta con tirador integrado y bisagra pivotante con bloqueo de apertura. Contrapuerta embutida con burlete triple c\u00e1mara f\u00e1cilmente sustituible. Posibilidad de cambiar el sentido de apertura de la puerta. Claro de puerta de 580 x 1495 mm. Termostato digital para el control de la temperatura y el desescarche. Temperatura de trabajo: -2\u00baC a +8\u00baC Sistema de condensaci\u00f3n ventilada. Potencia de compresor: 1\/3HP. Sistema de evaporaci\u00f3n por tiro forzado. Evaporadores tratados con epoxi de poli\u00e9ster anticorrosi\u00f3n. Bandeja evaporativa. Tipo de refrigerante:134a. Potencia el\u00e9ctrica: 0.4 KW. Voltaje:220V \/ 60Hz \/ 1AC. Con patas regulables. NOTA: Opcional parrillas adicionales. Opcional juego de gu\u00edas adicionales. Opcional garruchas.\"","robots":{"index":"index","follow":"follow","max-snippet":"max-snippet:-1","max-image-preview":"max-image-preview:large","max-video-preview":"max-video-preview:-1"},"canonical":"https:\/\/frionox.com\/catalogo\/producto\/refrigerador-vertical-01-puerta-gn-2-1-serie-infricool-asg700ii\/","og_locale":"es_ES","og_type":"article","og_title":"REFRIGERADOR VERTICAL 01 PUERTA GN 2\/1 SERIE INFRICOOL - ASG700II","og_description":"Capacidad: 600 Litros. Dise\u00f1ado para la conservaci\u00f3n de productos. Exterior fabricado de acero inoxidable AISI 430. Respaldo en plancha de acero galvanizado. Interior fabricado de acero inoxidable AISI 430. 02 parrillas interiores de 530 x 650 mm. Gu\u00edas y parrillas f\u00e1cilmente desmontables para la limpieza. Aislamiento t\u00e9rmico con poliuretano inyectado de alta densidad. 01 Puerta con tirador integrado y bisagra pivotante con bloqueo de apertura. Contrapuerta embutida con burlete triple c\u00e1mara f\u00e1cilmente sustituible. Posibilidad de cambiar el sentido de apertura de la puerta. Claro de puerta de 580 x 1495 mm. Termostato digital para el control de la temperatura y el desescarche. Temperatura de trabajo: -2\u00baC a +8\u00baC Sistema de condensaci\u00f3n ventilada. Potencia de compresor: 1\/3HP. Sistema de evaporaci\u00f3n por tiro forzado. Evaporadores tratados con epoxi de poli\u00e9ster anticorrosi\u00f3n. Bandeja evaporativa. Tipo de refrigerante:134a. Potencia el\u00e9ctrica: 0.4 KW. Voltaje:220V \/ 60Hz \/ 1AC. Con patas regulables. NOTA: Opcional parrillas adicionales. Opcional juego de gu\u00edas adicionales. Opcional garruchas.\"","og_url":"https:\/\/frionox.com\/catalogo\/producto\/refrigerador-vertical-01-puerta-gn-2-1-serie-infricool-asg700ii\/","og_site_name":"FRIONOX","article_publisher":"https:\/\/facebook.com\/frionox.pe","article_modified_time":"2024-11-09T22:34:46+00:00","og_image":[{"width":800,"height":800,"url":"https:\/\/frionox.com\/catalogo\/wp-content\/uploads\/2020\/04\/ASG700II.jpg","type":"image\/jpeg"}],"twitter_card":"summary_large_image","twitter_site":"@frionoxsac","twitter_misc":{"Precio":"S\/3,202.99","Disponibilidad":"Disponible para reservar"},"schema":{"@context":"https:\/\/schema.org","@graph":[{"@type":"WebPage","@id":"https:\/\/frionox.com\/catalogo\/producto\/refrigerador-vertical-01-puerta-gn-2-1-serie-infricool-asg700ii\/","url":"https:\/\/frionox.com\/catalogo\/producto\/refrigerador-vertical-01-puerta-gn-2-1-serie-infricool-asg700ii\/","name":"REFRIGERADOR VERTICAL 01 PUERTA GN 2\/1 SERIE INFRICOOL - ASG700II - FRIONOX","isPartOf":{"@id":"https:\/\/frionox.com\/catalogo\/#website"},"primaryImageOfPage":{"@id":"https:\/\/frionox.com\/catalogo\/producto\/refrigerador-vertical-01-puerta-gn-2-1-serie-infricool-asg700ii\/#primaryimage"},"image":{"@id":"https:\/\/frionox.com\/catalogo\/producto\/refrigerador-vertical-01-puerta-gn-2-1-serie-infricool-asg700ii\/#primaryimage"},"thumbnailUrl":"https:\/\/frionox.com\/catalogo\/wp-content\/uploads\/2020\/04\/ASG700II.jpg","datePublished":"2020-08-09T19:02:01+00:00","dateModified":"2024-11-09T22:34:46+00:00","description":"Capacidad: 600 Litros. Dise\u00f1ado para la conservaci\u00f3n de productos. Exterior fabricado de acero inoxidable AISI 430. Respaldo en plancha de acero galvanizado. Interior fabricado de acero inoxidable AISI 430. 02 parrillas interiores de 530 x 650 mm. Gu\u00edas y parrillas f\u00e1cilmente desmontables para la limpieza. Aislamiento t\u00e9rmico con poliuretano inyectado de alta densidad. 01 Puerta con tirador integrado y bisagra pivotante con bloqueo de apertura. Contrapuerta embutida con burlete triple c\u00e1mara f\u00e1cilmente sustituible. Posibilidad de cambiar el sentido de apertura de la puerta. Claro de puerta de 580 x 1495 mm. Termostato digital para el control de la temperatura y el desescarche. Temperatura de trabajo: -2\u00baC a +8\u00baC Sistema de condensaci\u00f3n ventilada. Potencia de compresor: 1\/3HP. Sistema de evaporaci\u00f3n por tiro forzado. Evaporadores tratados con epoxi de poli\u00e9ster anticorrosi\u00f3n. Bandeja evaporativa. Tipo de refrigerante:134a. Potencia el\u00e9ctrica: 0.4 KW. Voltaje:220V \/ 60Hz \/ 1AC. Con patas regulables. NOTA: Opcional parrillas adicionales. Opcional juego de gu\u00edas adicionales. Opcional garruchas.\"","breadcrumb":{"@id":"https:\/\/frionox.com\/catalogo\/producto\/refrigerador-vertical-01-puerta-gn-2-1-serie-infricool-asg700ii\/#breadcrumb"},"inLanguage":"es","potentialAction":[{"@type":"ReadAction","target":["https:\/\/frionox.com\/catalogo\/producto\/refrigerador-vertical-01-puerta-gn-2-1-serie-infricool-asg700ii\/"]}]},{"@type":"ImageObject","inLanguage":"es","@id":"https:\/\/frionox.com\/catalogo\/producto\/refrigerador-vertical-01-puerta-gn-2-1-serie-infricool-asg700ii\/#primaryimage","url":"https:\/\/frionox.com\/catalogo\/wp-content\/uploads\/2020\/04\/ASG700II.jpg","contentUrl":"https:\/\/frionox.com\/catalogo\/wp-content\/uploads\/2020\/04\/ASG700II.jpg","width":800,"height":800},{"@type":"BreadcrumbList","@id":"https:\/\/frionox.com\/catalogo\/producto\/refrigerador-vertical-01-puerta-gn-2-1-serie-infricool-asg700ii\/#breadcrumb","itemListElement":[{"@type":"ListItem","position":1,"name":"Portada","item":"https:\/\/frionox.com\/catalogo\/"},{"@type":"ListItem","position":2,"name":"Hornos Industriales, Licuadoras Industriales, Cocinas y m\u00e1s","item":"https:\/\/frionox.com\/catalogo\/tienda\/"},{"@type":"ListItem","position":3,"name":"REFRIGERADOR VERTICAL 01 PUERTA GN 2\/1 SERIE INFRICOOL &#8211; ASG700II"}]},{"@type":"WebSite","@id":"https:\/\/frionox.com\/catalogo\/#website","url":"https:\/\/frionox.com\/catalogo\/","name":"FRIONOX","description":"Equipamiento de cocinas","publisher":{"@id":"https:\/\/frionox.com\/catalogo\/#organization"},"potentialAction":[{"@type":"SearchAction","target":{"@type":"EntryPoint","urlTemplate":"https:\/\/frionox.com\/catalogo\/?s={search_term_string}"},"query-input":{"@type":"PropertyValueSpecification","valueRequired":true,"valueName":"search_term_string"}}],"inLanguage":"es"},{"@type":["Organization","Place","LocalBusiness"],"@id":"https:\/\/frionox.com\/catalogo\/#organization","name":"Frionox Equipamiento de cocinas","url":"https:\/\/frionox.com\/catalogo\/","logo":{"@id":"https:\/\/frionox.com\/catalogo\/producto\/refrigerador-vertical-01-puerta-gn-2-1-serie-infricool-asg700ii\/#local-main-organization-logo"},"image":{"@id":"https:\/\/frionox.com\/catalogo\/producto\/refrigerador-vertical-01-puerta-gn-2-1-serie-infricool-asg700ii\/#local-main-organization-logo"},"sameAs":["https:\/\/facebook.com\/frionox.pe","https:\/\/x.com\/frionoxsac","https:\/\/youtube.com\/@FRIONOXEQUIPAMIENTODECOCINA"],"address":{"@id":"https:\/\/frionox.com\/catalogo\/producto\/refrigerador-vertical-01-puerta-gn-2-1-serie-infricool-asg700ii\/#local-main-place-address"},"geo":{"@type":"GeoCoordinates","latitude":"-11.980133","longitude":"-77.06118200000003"},"telephone":["+5115221181"],"openingHoursSpecification":[{"@type":"OpeningHoursSpecification","dayOfWeek":["Monday","Tuesday","Wednesday","Thursday","Friday","Saturday"],"opens":"08:00","closes":"18:00"},{"@type":"OpeningHoursSpecification","dayOfWeek":["Sunday"],"opens":"00:00","closes":"00:00"}],"email":"cotizaciones@frionox.com"},{"@type":"PostalAddress","@id":"https:\/\/frionox.com\/catalogo\/producto\/refrigerador-vertical-01-puerta-gn-2-1-serie-infricool-asg700ii\/#local-main-place-address","streetAddress":"Av. Oscar R. Benavides 1624","addressLocality":"Cercado de Lima","postalCode":"15082","addressRegion":"Lima","addressCountry":"PE"},{"@type":"ImageObject","inLanguage":"es","@id":"https:\/\/frionox.com\/catalogo\/producto\/refrigerador-vertical-01-puerta-gn-2-1-serie-infricool-asg700ii\/#local-main-organization-logo","url":"https:\/\/frionox.com\/catalogo\/wp-content\/uploads\/2020\/04\/LOGO-MOBILE.png","contentUrl":"https:\/\/frionox.com\/catalogo\/wp-content\/uploads\/2020\/04\/LOGO-MOBILE.png","width":203,"height":61,"caption":"Frionox Equipamiento de cocinas"}]},"product_price_amount":"3202.99","product_price_currency":"PEN","og_availability":"backorder","product_availability":"available for order","product_retailer_item_id":"ASG700II","product_condition":"new","geo.placename":"Cercado de Lima","geo.position":{"lat":"-11.980133","long":"-77.06118200000003"},"geo.region":"Per\u00fa"},"_links":{"self":[{"href":"https:\/\/frionox.com\/catalogo\/wp-json\/wp\/v2\/product\/15428","targetHints":{"allow":["GET"]}}],"collection":[{"href":"https:\/\/frionox.com\/catalogo\/wp-json\/wp\/v2\/product"}],"about":[{"href":"https:\/\/frionox.com\/catalogo\/wp-json\/wp\/v2\/types\/product"}],"replies":[{"embeddable":true,"href":"https:\/\/frionox.com\/catalogo\/wp-json\/wp\/v2\/comments?post=15428"}],"wp:featuredmedia":[{"embeddable":true,"href":"https:\/\/frionox.com\/catalogo\/wp-json\/wp\/v2\/media\/10760"}],"wp:attachment":[{"href":"https:\/\/frionox.com\/catalogo\/wp-json\/wp\/v2\/media?parent=15428"}],"wp:term":[{"taxonomy":"product_brand","embeddable":true,"href":"https:\/\/frionox.com\/catalogo\/wp-json\/wp\/v2\/product_brand?post=15428"},{"taxonomy":"product_cat","embeddable":true,"href":"https:\/\/frionox.com\/catalogo\/wp-json\/wp\/v2\/product_cat?post=15428"},{"taxonomy":"product_tag","embeddable":true,"href":"https:\/\/frionox.com\/catalogo\/wp-json\/wp\/v2\/product_tag?post=15428"}],"curies":[{"name":"wp","href":"https:\/\/api.w.org\/{rel}","templated":true}]}}