{"id":14614,"date":"2020-05-30T00:10:13","date_gmt":"2020-05-30T05:10:13","guid":{"rendered":"https:\/\/frionox.com\/catalogo\/producto\/molino-de-cafe-negro-automatico-1025109-sm92a\/"},"modified":"2025-10-28T12:13:32","modified_gmt":"2025-10-28T17:13:32","slug":"molino-de-cafe-negro-automatico-1025109-sm92a","status":"publish","type":"product","link":"https:\/\/frionox.com\/catalogo\/producto\/molino-de-cafe-negro-automatico-1025109-sm92a\/","title":{"rendered":"MOLINO DE CAFE NEGRO AUTOMATICO (1025109)-SM92A"},"content":{"rendered":"<p>Molinos de Caf\u00e9 modelos SM de Granita, disponibles en cuatro colores y acabado en mate o metalizado. Dise\u00f1o especial de muelas que acarician el grano moliendo y no rompiendo, para obtener un caf\u00e9 de m\u00e1s calidad y m\u00e1s durabilidad en las muelas. Motor con protecci\u00f3n t\u00e9rmica y rearme manual. Estructura de aluminio con temporizador electr\u00f3nico. Corona que disipa el calor y no quema el caf\u00e9. Sistema de dosificaci\u00f3n manual con palanca. Sistema de dosificaci\u00f3n volum\u00e9trica con palanca. Tiempo molienda regulable 30 a 120 segundos. Muy silencioso. Producci\u00f3n 6,6 kg\/h Potencia conectada-electricidad:350W. Tensi\u00f3n-alimentaci\u00f3n:220V \/ 60Hz \/ 1AC.<\/p>\n","protected":false},"excerpt":{"rendered":"<p>Molinos de Caf\u00e9 modelos SM de Granita, disponibles en cuatro colores y acabado en mate o metalizado. Dise\u00f1o especial de muelas que acarician el grano moliendo y no rompiendo, para obtener un caf\u00e9 de m\u00e1s calidad y m\u00e1s durabilidad en las muelas. Motor con protecci\u00f3n t\u00e9rmica y rearme manual. Estructura de aluminio con temporizador electr\u00f3nico. Corona que disipa el calor y no quema el caf\u00e9. Sistema de dosificaci\u00f3n manual con palanca. Sistema de dosificaci\u00f3n volum\u00e9trica con palanca. Tiempo molienda regulable 30 a 120 segundos. Muy silencioso. Producci\u00f3n 6,6 kg\/h Potencia conectada-electricidad:350W. Tensi\u00f3n-alimentaci\u00f3n:220V \/ 60Hz \/ 1AC.<\/p>\n","protected":false},"featured_media":12596,"comment_status":"open","ping_status":"closed","template":"","meta":[],"product_brand":[],"product_cat":[1462,141],"product_tag":[],"class_list":{"0":"post-14614","1":"product","2":"type-product","3":"status-publish","4":"has-post-thumbnail","6":"product_cat-maquinas-de-cafe","7":"product_cat-procesamiento","8":"pa_marcas-granita","10":"first","11":"onbackorder","12":"sale","13":"shipping-taxable","14":"purchasable","15":"product-type-simple"},"yoast_head":"<!-- This site is optimized with the Yoast SEO Premium plugin v27.1 (Yoast SEO v27.1.1) - https:\/\/yoast.com\/product\/yoast-seo-premium-wordpress\/ -->\n<title>MOLINO DE CAFE NEGRO AUTOMATICO (1025109)-SM92A - FRIONOX<\/title>\n<meta name=\"description\" content=\"Molinos de Caf\u00e9 modelos SM de Granita, disponibles en cuatro colores y acabado en mate o metalizado. Dise\u00f1o especial de muelas que acarician el grano moliendo y no rompiendo, para obtener un caf\u00e9 de m\u00e1s calidad y m\u00e1s durabilidad en las muelas. Motor con protecci\u00f3n t\u00e9rmica y rearme manual. Estructura de aluminio con temporizador electr\u00f3nico. Corona que disipa el calor y no quema el caf\u00e9. Sistema de dosificaci\u00f3n manual con palanca. Sistema de dosificaci\u00f3n volum\u00e9trica con palanca. Tiempo molienda regulable 30 a 120 segundos. Muy silencioso. Producci\u00f3n 6,6 kg\/h Potencia conectada-electricidad:350W. Tensi\u00f3n-alimentaci\u00f3n:220V \/ 60Hz \/ 1AC.\" \/>\n<meta name=\"robots\" content=\"index, follow, max-snippet:-1, max-image-preview:large, max-video-preview:-1\" \/>\n<link rel=\"canonical\" href=\"https:\/\/frionox.com\/catalogo\/producto\/molino-de-cafe-negro-automatico-1025109-sm92a\/\" \/>\n<meta property=\"og:locale\" content=\"es_ES\" \/>\n<meta property=\"og:type\" content=\"article\" \/>\n<meta property=\"og:title\" content=\"MOLINO DE CAFE NEGRO AUTOMATICO (1025109)-SM92A\" \/>\n<meta property=\"og:description\" content=\"Molinos de Caf\u00e9 modelos SM de Granita, disponibles en cuatro colores y acabado en mate o metalizado. Dise\u00f1o especial de muelas que acarician el grano moliendo y no rompiendo, para obtener un caf\u00e9 de m\u00e1s calidad y m\u00e1s durabilidad en las muelas. Motor con protecci\u00f3n t\u00e9rmica y rearme manual. Estructura de aluminio con temporizador electr\u00f3nico. Corona que disipa el calor y no quema el caf\u00e9. Sistema de dosificaci\u00f3n manual con palanca. Sistema de dosificaci\u00f3n volum\u00e9trica con palanca. Tiempo molienda regulable 30 a 120 segundos. Muy silencioso. Producci\u00f3n 6,6 kg\/h Potencia conectada-electricidad:350W. Tensi\u00f3n-alimentaci\u00f3n:220V \/ 60Hz \/ 1AC.\" \/>\n<meta property=\"og:url\" content=\"https:\/\/frionox.com\/catalogo\/producto\/molino-de-cafe-negro-automatico-1025109-sm92a\/\" \/>\n<meta property=\"og:site_name\" content=\"FRIONOX\" \/>\n<meta property=\"article:publisher\" content=\"https:\/\/facebook.com\/frionox.pe\" \/>\n<meta property=\"article:modified_time\" content=\"2025-10-28T17:13:32+00:00\" \/>\n<meta property=\"og:image\" content=\"https:\/\/frionox.com\/catalogo\/wp-content\/uploads\/2020\/04\/SM92A.jpg\" \/>\n\t<meta property=\"og:image:width\" content=\"600\" \/>\n\t<meta property=\"og:image:height\" content=\"600\" \/>\n\t<meta property=\"og:image:type\" content=\"image\/jpeg\" \/>\n<meta name=\"twitter:card\" content=\"summary_large_image\" \/>\n<meta name=\"twitter:site\" content=\"@frionoxsac\" \/>\n<meta name=\"twitter:label1\" content=\"Precio\" \/>\n\t<meta name=\"twitter:data1\" content=\"S\/992.97\" \/>\n\t<meta name=\"twitter:label2\" content=\"Disponibilidad\" \/>\n\t<meta name=\"twitter:data2\" content=\"Disponible para reservar\" \/>\n<script type=\"application\/ld+json\" class=\"yoast-schema-graph\">{\"@context\":\"https:\/\/schema.org\",\"@graph\":[{\"@type\":\"WebPage\",\"@id\":\"https:\/\/frionox.com\/catalogo\/producto\/molino-de-cafe-negro-automatico-1025109-sm92a\/\",\"url\":\"https:\/\/frionox.com\/catalogo\/producto\/molino-de-cafe-negro-automatico-1025109-sm92a\/\",\"name\":\"MOLINO DE CAFE NEGRO AUTOMATICO (1025109)-SM92A - FRIONOX\",\"isPartOf\":{\"@id\":\"https:\/\/frionox.com\/catalogo\/#website\"},\"primaryImageOfPage\":{\"@id\":\"https:\/\/frionox.com\/catalogo\/producto\/molino-de-cafe-negro-automatico-1025109-sm92a\/#primaryimage\"},\"image\":{\"@id\":\"https:\/\/frionox.com\/catalogo\/producto\/molino-de-cafe-negro-automatico-1025109-sm92a\/#primaryimage\"},\"thumbnailUrl\":\"https:\/\/frionox.com\/catalogo\/wp-content\/uploads\/2020\/04\/SM92A.jpg\",\"datePublished\":\"2020-05-30T05:10:13+00:00\",\"dateModified\":\"2025-10-28T17:13:32+00:00\",\"description\":\"Molinos de Caf\u00e9 modelos SM de Granita, disponibles en cuatro colores y acabado en mate o metalizado. Dise\u00f1o especial de muelas que acarician el grano moliendo y no rompiendo, para obtener un caf\u00e9 de m\u00e1s calidad y m\u00e1s durabilidad en las muelas. Motor con protecci\u00f3n t\u00e9rmica y rearme manual. Estructura de aluminio con temporizador electr\u00f3nico. Corona que disipa el calor y no quema el caf\u00e9. Sistema de dosificaci\u00f3n manual con palanca. Sistema de dosificaci\u00f3n volum\u00e9trica con palanca. Tiempo molienda regulable 30 a 120 segundos. Muy silencioso. Producci\u00f3n 6,6 kg\/h Potencia conectada-electricidad:350W. Tensi\u00f3n-alimentaci\u00f3n:220V \/ 60Hz \/ 1AC.\",\"breadcrumb\":{\"@id\":\"https:\/\/frionox.com\/catalogo\/producto\/molino-de-cafe-negro-automatico-1025109-sm92a\/#breadcrumb\"},\"inLanguage\":\"es\",\"potentialAction\":[{\"@type\":\"ReadAction\",\"target\":[\"https:\/\/frionox.com\/catalogo\/producto\/molino-de-cafe-negro-automatico-1025109-sm92a\/\"]}]},{\"@type\":\"ImageObject\",\"inLanguage\":\"es\",\"@id\":\"https:\/\/frionox.com\/catalogo\/producto\/molino-de-cafe-negro-automatico-1025109-sm92a\/#primaryimage\",\"url\":\"https:\/\/frionox.com\/catalogo\/wp-content\/uploads\/2020\/04\/SM92A.jpg\",\"contentUrl\":\"https:\/\/frionox.com\/catalogo\/wp-content\/uploads\/2020\/04\/SM92A.jpg\",\"width\":600,\"height\":600},{\"@type\":\"BreadcrumbList\",\"@id\":\"https:\/\/frionox.com\/catalogo\/producto\/molino-de-cafe-negro-automatico-1025109-sm92a\/#breadcrumb\",\"itemListElement\":[{\"@type\":\"ListItem\",\"position\":1,\"name\":\"Portada\",\"item\":\"https:\/\/frionox.com\/catalogo\/\"},{\"@type\":\"ListItem\",\"position\":2,\"name\":\"Hornos Industriales, Licuadoras Industriales, Cocinas y m\u00e1s\",\"item\":\"https:\/\/frionox.com\/catalogo\/tienda\/\"},{\"@type\":\"ListItem\",\"position\":3,\"name\":\"MOLINO DE CAFE NEGRO AUTOMATICO (1025109)-SM92A\"}]},{\"@type\":\"WebSite\",\"@id\":\"https:\/\/frionox.com\/catalogo\/#website\",\"url\":\"https:\/\/frionox.com\/catalogo\/\",\"name\":\"FRIONOX\",\"description\":\"Equipamiento de cocinas\",\"publisher\":{\"@id\":\"https:\/\/frionox.com\/catalogo\/#organization\"},\"potentialAction\":[{\"@type\":\"SearchAction\",\"target\":{\"@type\":\"EntryPoint\",\"urlTemplate\":\"https:\/\/frionox.com\/catalogo\/?s={search_term_string}\"},\"query-input\":{\"@type\":\"PropertyValueSpecification\",\"valueRequired\":true,\"valueName\":\"search_term_string\"}}],\"inLanguage\":\"es\"},{\"@type\":[\"Organization\",\"Place\",\"LocalBusiness\"],\"@id\":\"https:\/\/frionox.com\/catalogo\/#organization\",\"name\":\"Frionox Equipamiento de cocinas\",\"url\":\"https:\/\/frionox.com\/catalogo\/\",\"logo\":{\"@id\":\"https:\/\/frionox.com\/catalogo\/producto\/molino-de-cafe-negro-automatico-1025109-sm92a\/#local-main-organization-logo\"},\"image\":{\"@id\":\"https:\/\/frionox.com\/catalogo\/producto\/molino-de-cafe-negro-automatico-1025109-sm92a\/#local-main-organization-logo\"},\"sameAs\":[\"https:\/\/facebook.com\/frionox.pe\",\"https:\/\/x.com\/frionoxsac\",\"https:\/\/youtube.com\/@FRIONOXEQUIPAMIENTODECOCINA\"],\"address\":{\"@id\":\"https:\/\/frionox.com\/catalogo\/producto\/molino-de-cafe-negro-automatico-1025109-sm92a\/#local-main-place-address\"},\"geo\":{\"@type\":\"GeoCoordinates\",\"latitude\":\"-11.980133\",\"longitude\":\"-77.06118200000003\"},\"telephone\":[\"+5115221181\"],\"openingHoursSpecification\":[{\"@type\":\"OpeningHoursSpecification\",\"dayOfWeek\":[\"Monday\",\"Tuesday\",\"Wednesday\",\"Thursday\",\"Friday\",\"Saturday\"],\"opens\":\"08:00\",\"closes\":\"18:00\"},{\"@type\":\"OpeningHoursSpecification\",\"dayOfWeek\":[\"Sunday\"],\"opens\":\"00:00\",\"closes\":\"00:00\"}],\"email\":\"cotizaciones@frionox.com\"},{\"@type\":\"PostalAddress\",\"@id\":\"https:\/\/frionox.com\/catalogo\/producto\/molino-de-cafe-negro-automatico-1025109-sm92a\/#local-main-place-address\",\"streetAddress\":\"Av. Oscar R. Benavides 1624\",\"addressLocality\":\"Cercado de Lima\",\"postalCode\":\"15082\",\"addressRegion\":\"Lima\",\"addressCountry\":\"PE\"},{\"@type\":\"ImageObject\",\"inLanguage\":\"es\",\"@id\":\"https:\/\/frionox.com\/catalogo\/producto\/molino-de-cafe-negro-automatico-1025109-sm92a\/#local-main-organization-logo\",\"url\":\"https:\/\/frionox.com\/catalogo\/wp-content\/uploads\/2020\/04\/LOGO-MOBILE.png\",\"contentUrl\":\"https:\/\/frionox.com\/catalogo\/wp-content\/uploads\/2020\/04\/LOGO-MOBILE.png\",\"width\":203,\"height\":61,\"caption\":\"Frionox Equipamiento de cocinas\"}]}<\/script>\n<meta property=\"product:price:amount\" content=\"992.97\" \/>\n<meta property=\"product:price:currency\" content=\"PEN\" \/>\n<meta property=\"og:availability\" content=\"backorder\" \/>\n<meta property=\"product:availability\" content=\"available for order\" \/>\n<meta property=\"product:retailer_item_id\" content=\"SM92A\" \/>\n<meta property=\"product:condition\" content=\"new\" \/>\n<meta name=\"geo.placename\" content=\"Cercado de Lima\" \/>\n<meta name=\"geo.position\" content=\"-11.980133;-77.06118200000003\" \/>\n<meta name=\"geo.region\" content=\"Per\u00fa\" \/>\n<!-- \/ Yoast SEO Premium plugin. -->","yoast_head_json":{"title":"MOLINO DE CAFE NEGRO AUTOMATICO (1025109)-SM92A - FRIONOX","description":"Molinos de Caf\u00e9 modelos SM de Granita, disponibles en cuatro colores y acabado en mate o metalizado. Dise\u00f1o especial de muelas que acarician el grano moliendo y no rompiendo, para obtener un caf\u00e9 de m\u00e1s calidad y m\u00e1s durabilidad en las muelas. Motor con protecci\u00f3n t\u00e9rmica y rearme manual. Estructura de aluminio con temporizador electr\u00f3nico. Corona que disipa el calor y no quema el caf\u00e9. Sistema de dosificaci\u00f3n manual con palanca. Sistema de dosificaci\u00f3n volum\u00e9trica con palanca. Tiempo molienda regulable 30 a 120 segundos. Muy silencioso. Producci\u00f3n 6,6 kg\/h Potencia conectada-electricidad:350W. Tensi\u00f3n-alimentaci\u00f3n:220V \/ 60Hz \/ 1AC.","robots":{"index":"index","follow":"follow","max-snippet":"max-snippet:-1","max-image-preview":"max-image-preview:large","max-video-preview":"max-video-preview:-1"},"canonical":"https:\/\/frionox.com\/catalogo\/producto\/molino-de-cafe-negro-automatico-1025109-sm92a\/","og_locale":"es_ES","og_type":"article","og_title":"MOLINO DE CAFE NEGRO AUTOMATICO (1025109)-SM92A","og_description":"Molinos de Caf\u00e9 modelos SM de Granita, disponibles en cuatro colores y acabado en mate o metalizado. Dise\u00f1o especial de muelas que acarician el grano moliendo y no rompiendo, para obtener un caf\u00e9 de m\u00e1s calidad y m\u00e1s durabilidad en las muelas. Motor con protecci\u00f3n t\u00e9rmica y rearme manual. Estructura de aluminio con temporizador electr\u00f3nico. Corona que disipa el calor y no quema el caf\u00e9. Sistema de dosificaci\u00f3n manual con palanca. Sistema de dosificaci\u00f3n volum\u00e9trica con palanca. Tiempo molienda regulable 30 a 120 segundos. Muy silencioso. Producci\u00f3n 6,6 kg\/h Potencia conectada-electricidad:350W. Tensi\u00f3n-alimentaci\u00f3n:220V \/ 60Hz \/ 1AC.","og_url":"https:\/\/frionox.com\/catalogo\/producto\/molino-de-cafe-negro-automatico-1025109-sm92a\/","og_site_name":"FRIONOX","article_publisher":"https:\/\/facebook.com\/frionox.pe","article_modified_time":"2025-10-28T17:13:32+00:00","og_image":[{"width":600,"height":600,"url":"https:\/\/frionox.com\/catalogo\/wp-content\/uploads\/2020\/04\/SM92A.jpg","type":"image\/jpeg"}],"twitter_card":"summary_large_image","twitter_site":"@frionoxsac","twitter_misc":{"Precio":"S\/992.97","Disponibilidad":"Disponible para reservar"},"schema":{"@context":"https:\/\/schema.org","@graph":[{"@type":"WebPage","@id":"https:\/\/frionox.com\/catalogo\/producto\/molino-de-cafe-negro-automatico-1025109-sm92a\/","url":"https:\/\/frionox.com\/catalogo\/producto\/molino-de-cafe-negro-automatico-1025109-sm92a\/","name":"MOLINO DE CAFE NEGRO AUTOMATICO (1025109)-SM92A - FRIONOX","isPartOf":{"@id":"https:\/\/frionox.com\/catalogo\/#website"},"primaryImageOfPage":{"@id":"https:\/\/frionox.com\/catalogo\/producto\/molino-de-cafe-negro-automatico-1025109-sm92a\/#primaryimage"},"image":{"@id":"https:\/\/frionox.com\/catalogo\/producto\/molino-de-cafe-negro-automatico-1025109-sm92a\/#primaryimage"},"thumbnailUrl":"https:\/\/frionox.com\/catalogo\/wp-content\/uploads\/2020\/04\/SM92A.jpg","datePublished":"2020-05-30T05:10:13+00:00","dateModified":"2025-10-28T17:13:32+00:00","description":"Molinos de Caf\u00e9 modelos SM de Granita, disponibles en cuatro colores y acabado en mate o metalizado. Dise\u00f1o especial de muelas que acarician el grano moliendo y no rompiendo, para obtener un caf\u00e9 de m\u00e1s calidad y m\u00e1s durabilidad en las muelas. Motor con protecci\u00f3n t\u00e9rmica y rearme manual. Estructura de aluminio con temporizador electr\u00f3nico. Corona que disipa el calor y no quema el caf\u00e9. Sistema de dosificaci\u00f3n manual con palanca. Sistema de dosificaci\u00f3n volum\u00e9trica con palanca. Tiempo molienda regulable 30 a 120 segundos. Muy silencioso. Producci\u00f3n 6,6 kg\/h Potencia conectada-electricidad:350W. Tensi\u00f3n-alimentaci\u00f3n:220V \/ 60Hz \/ 1AC.","breadcrumb":{"@id":"https:\/\/frionox.com\/catalogo\/producto\/molino-de-cafe-negro-automatico-1025109-sm92a\/#breadcrumb"},"inLanguage":"es","potentialAction":[{"@type":"ReadAction","target":["https:\/\/frionox.com\/catalogo\/producto\/molino-de-cafe-negro-automatico-1025109-sm92a\/"]}]},{"@type":"ImageObject","inLanguage":"es","@id":"https:\/\/frionox.com\/catalogo\/producto\/molino-de-cafe-negro-automatico-1025109-sm92a\/#primaryimage","url":"https:\/\/frionox.com\/catalogo\/wp-content\/uploads\/2020\/04\/SM92A.jpg","contentUrl":"https:\/\/frionox.com\/catalogo\/wp-content\/uploads\/2020\/04\/SM92A.jpg","width":600,"height":600},{"@type":"BreadcrumbList","@id":"https:\/\/frionox.com\/catalogo\/producto\/molino-de-cafe-negro-automatico-1025109-sm92a\/#breadcrumb","itemListElement":[{"@type":"ListItem","position":1,"name":"Portada","item":"https:\/\/frionox.com\/catalogo\/"},{"@type":"ListItem","position":2,"name":"Hornos Industriales, Licuadoras Industriales, Cocinas y m\u00e1s","item":"https:\/\/frionox.com\/catalogo\/tienda\/"},{"@type":"ListItem","position":3,"name":"MOLINO DE CAFE NEGRO AUTOMATICO (1025109)-SM92A"}]},{"@type":"WebSite","@id":"https:\/\/frionox.com\/catalogo\/#website","url":"https:\/\/frionox.com\/catalogo\/","name":"FRIONOX","description":"Equipamiento de cocinas","publisher":{"@id":"https:\/\/frionox.com\/catalogo\/#organization"},"potentialAction":[{"@type":"SearchAction","target":{"@type":"EntryPoint","urlTemplate":"https:\/\/frionox.com\/catalogo\/?s={search_term_string}"},"query-input":{"@type":"PropertyValueSpecification","valueRequired":true,"valueName":"search_term_string"}}],"inLanguage":"es"},{"@type":["Organization","Place","LocalBusiness"],"@id":"https:\/\/frionox.com\/catalogo\/#organization","name":"Frionox Equipamiento de cocinas","url":"https:\/\/frionox.com\/catalogo\/","logo":{"@id":"https:\/\/frionox.com\/catalogo\/producto\/molino-de-cafe-negro-automatico-1025109-sm92a\/#local-main-organization-logo"},"image":{"@id":"https:\/\/frionox.com\/catalogo\/producto\/molino-de-cafe-negro-automatico-1025109-sm92a\/#local-main-organization-logo"},"sameAs":["https:\/\/facebook.com\/frionox.pe","https:\/\/x.com\/frionoxsac","https:\/\/youtube.com\/@FRIONOXEQUIPAMIENTODECOCINA"],"address":{"@id":"https:\/\/frionox.com\/catalogo\/producto\/molino-de-cafe-negro-automatico-1025109-sm92a\/#local-main-place-address"},"geo":{"@type":"GeoCoordinates","latitude":"-11.980133","longitude":"-77.06118200000003"},"telephone":["+5115221181"],"openingHoursSpecification":[{"@type":"OpeningHoursSpecification","dayOfWeek":["Monday","Tuesday","Wednesday","Thursday","Friday","Saturday"],"opens":"08:00","closes":"18:00"},{"@type":"OpeningHoursSpecification","dayOfWeek":["Sunday"],"opens":"00:00","closes":"00:00"}],"email":"cotizaciones@frionox.com"},{"@type":"PostalAddress","@id":"https:\/\/frionox.com\/catalogo\/producto\/molino-de-cafe-negro-automatico-1025109-sm92a\/#local-main-place-address","streetAddress":"Av. Oscar R. Benavides 1624","addressLocality":"Cercado de Lima","postalCode":"15082","addressRegion":"Lima","addressCountry":"PE"},{"@type":"ImageObject","inLanguage":"es","@id":"https:\/\/frionox.com\/catalogo\/producto\/molino-de-cafe-negro-automatico-1025109-sm92a\/#local-main-organization-logo","url":"https:\/\/frionox.com\/catalogo\/wp-content\/uploads\/2020\/04\/LOGO-MOBILE.png","contentUrl":"https:\/\/frionox.com\/catalogo\/wp-content\/uploads\/2020\/04\/LOGO-MOBILE.png","width":203,"height":61,"caption":"Frionox Equipamiento de cocinas"}]},"product_price_amount":"992.97","product_price_currency":"PEN","og_availability":"backorder","product_availability":"available for order","product_retailer_item_id":"SM92A","product_condition":"new","geo.placename":"Cercado de Lima","geo.position":{"lat":"-11.980133","long":"-77.06118200000003"},"geo.region":"Per\u00fa"},"_links":{"self":[{"href":"https:\/\/frionox.com\/catalogo\/wp-json\/wp\/v2\/product\/14614","targetHints":{"allow":["GET"]}}],"collection":[{"href":"https:\/\/frionox.com\/catalogo\/wp-json\/wp\/v2\/product"}],"about":[{"href":"https:\/\/frionox.com\/catalogo\/wp-json\/wp\/v2\/types\/product"}],"replies":[{"embeddable":true,"href":"https:\/\/frionox.com\/catalogo\/wp-json\/wp\/v2\/comments?post=14614"}],"wp:featuredmedia":[{"embeddable":true,"href":"https:\/\/frionox.com\/catalogo\/wp-json\/wp\/v2\/media\/12596"}],"wp:attachment":[{"href":"https:\/\/frionox.com\/catalogo\/wp-json\/wp\/v2\/media?parent=14614"}],"wp:term":[{"taxonomy":"product_brand","embeddable":true,"href":"https:\/\/frionox.com\/catalogo\/wp-json\/wp\/v2\/product_brand?post=14614"},{"taxonomy":"product_cat","embeddable":true,"href":"https:\/\/frionox.com\/catalogo\/wp-json\/wp\/v2\/product_cat?post=14614"},{"taxonomy":"product_tag","embeddable":true,"href":"https:\/\/frionox.com\/catalogo\/wp-json\/wp\/v2\/product_tag?post=14614"}],"curies":[{"name":"wp","href":"https:\/\/api.w.org\/{rel}","templated":true}]}}