{"id":14047,"date":"2020-05-19T21:42:13","date_gmt":"2020-05-20T02:42:13","guid":{"rendered":"https:\/\/frionox.com\/catalogo\/producto\/freidora-a-gas-de-02-canastillas-de-21-litros-sr42gp\/"},"modified":"2026-03-31T12:29:10","modified_gmt":"2026-03-31T17:29:10","slug":"freidora-a-gas-de-02-canastillas-de-21-litros-sr42gp","status":"publish","type":"product","link":"https:\/\/frionox.com\/catalogo\/producto\/freidora-a-gas-de-02-canastillas-de-21-litros-sr42gp\/","title":{"rendered":"FREIDORA A GAS DE 02 CANASTILLAS DE 21 LITROS &#8211; SR42GP"},"content":{"rendered":"<p>Estructura de acero inoxidable. Capacidad de aceite: 21 L. 2 canastillas de tama\u00f1o medio de acero con mango plastificado. Tina de fritura de f\u00e1cil limpieza. \u00c1rea de fritura de 356 x 356 x 107 mm,para la tina llena. V\u00e1lvula de drenaje de 1 &#8220;. Deflectores de acero inoxidable durable y quemadores de fierro fundido para trabajo pesado. Sistema de control de temperatura por milivoltios,no requiere conexi\u00f3n el\u00e9ctrica. Termostato con rango de temperatura de 79\u00b0C a 190\u00b0C (200\u00baF a 400\u00baF). Zona fr\u00eda amplia,captura y retiene part\u00edculas debajo del \u00e1rea de fritura,evita que se carbonicen y la contaminaci\u00f3n del aceite. Energ\u00eda: Gas GLP o Natural. Potencia de gas: 105000 BTU\/HR (30.8KW). Toma de gas: 3\/4&#8221;NPT. Altura de trabajo: 889 mm. Altura total(considerando chimenea): 1143 mm. Con patas ajustables de acero de 152 mm. NOTA: *Laterales de acero inoxidable se cotiza por separado. * Set de 4 garruchas de 5&#8243; se cotiza por separado.<\/p>\n","protected":false},"excerpt":{"rendered":"<p>Estructura de acero inoxidable. Capacidad de aceite: 21 L. 2 canastillas de tama\u00f1o medio de acero con mango plastificado. Tina de fritura de f\u00e1cil limpieza. \u00c1rea de fritura de 356 x 356 x 107 mm,para la tina llena. V\u00e1lvula de drenaje de 1 &#8220;. Deflectores de acero inoxidable durable y quemadores de fierro fundido para trabajo pesado. Sistema de control de temperatura por milivoltios,no requiere conexi\u00f3n el\u00e9ctrica. Termostato con rango de temperatura de 79\u00b0C a 190\u00b0C (200\u00baF a 400\u00baF). Zona fr\u00eda amplia,captura y retiene part\u00edculas debajo del \u00e1rea de fritura,evita que se carbonicen y la contaminaci\u00f3n del aceite. Energ\u00eda: Gas GLP o Natural. Potencia de gas: 105000 BTU\/HR (30.8KW). Toma de gas: 3\/4&#8221;NPT. Altura de trabajo: 889 mm. Altura total(considerando chimenea): 1143 mm. Con patas ajustables de acero de 152 mm. NOTA: *Laterales de acero inoxidable se cotiza por separado. * Set de 4 garruchas de 5&#8243; se cotiza por separado.<\/p>\n","protected":false},"featured_media":12606,"comment_status":"open","ping_status":"closed","template":"","meta":[],"product_brand":[],"product_cat":[29,116],"product_tag":[],"class_list":{"0":"post-14047","1":"product","2":"type-product","3":"status-publish","4":"has-post-thumbnail","6":"product_cat-equipos-de-coccion","7":"product_cat-freidoras","8":"pa_marcas-dean","10":"first","11":"onbackorder","12":"sale","13":"shipping-taxable","14":"purchasable","15":"product-type-simple"},"yoast_head":"<!-- This site is optimized with the Yoast SEO Premium plugin v27.1 (Yoast SEO v27.1.1) - https:\/\/yoast.com\/product\/yoast-seo-premium-wordpress\/ -->\n<title>FREIDORA A GAS DE 02 CANASTILLAS DE 21 LITROS - SR42GP - FRIONOX<\/title>\n<meta name=\"description\" content=\"Estructura de acero inoxidable. Capacidad de aceite: 21 L. 2 canastillas de tama\u00f1o medio de acero con mango plastificado. Tina de fritura de f\u00e1cil limpieza. \u00c1rea de fritura de 356 x 356 x 107 mm,para la tina llena. V\u00e1lvula de drenaje de 1 &quot;. Deflectores de acero inoxidable durable y quemadores de fierro fundido para trabajo pesado. Sistema de control de temperatura por milivoltios,no requiere conexi\u00f3n el\u00e9ctrica. Termostato con rango de temperatura de 79\u00b0C a 190\u00b0C (200\u00baF a 400\u00baF). Zona fr\u00eda amplia,captura y retiene part\u00edculas debajo del \u00e1rea de fritura,evita que se carbonicen y la contaminaci\u00f3n del aceite. Energ\u00eda: Gas GLP o Natural. Potencia de gas: 105000 BTU\/HR (30.8KW). Toma de gas: 3\/4&#039;&#039;NPT. Altura de trabajo: 889 mm. Altura total(considerando chimenea): 1143 mm. Con patas ajustables de acero de 152 mm. NOTA: *Laterales de acero inoxidable se cotiza por separado. * Set de 4 garruchas de 5&quot; se cotiza por separado.\" \/>\n<meta name=\"robots\" content=\"index, follow, max-snippet:-1, max-image-preview:large, max-video-preview:-1\" \/>\n<link rel=\"canonical\" href=\"https:\/\/frionox.com\/catalogo\/producto\/freidora-a-gas-de-02-canastillas-de-21-litros-sr42gp\/\" \/>\n<meta property=\"og:locale\" content=\"es_ES\" \/>\n<meta property=\"og:type\" content=\"article\" \/>\n<meta property=\"og:title\" content=\"FREIDORA A GAS DE 02 CANASTILLAS DE 21 LITROS - SR42GP\" \/>\n<meta property=\"og:description\" content=\"Estructura de acero inoxidable. Capacidad de aceite: 21 L. 2 canastillas de tama\u00f1o medio de acero con mango plastificado. Tina de fritura de f\u00e1cil limpieza. \u00c1rea de fritura de 356 x 356 x 107 mm,para la tina llena. V\u00e1lvula de drenaje de 1 &quot;. Deflectores de acero inoxidable durable y quemadores de fierro fundido para trabajo pesado. Sistema de control de temperatura por milivoltios,no requiere conexi\u00f3n el\u00e9ctrica. Termostato con rango de temperatura de 79\u00b0C a 190\u00b0C (200\u00baF a 400\u00baF). Zona fr\u00eda amplia,captura y retiene part\u00edculas debajo del \u00e1rea de fritura,evita que se carbonicen y la contaminaci\u00f3n del aceite. Energ\u00eda: Gas GLP o Natural. Potencia de gas: 105000 BTU\/HR (30.8KW). Toma de gas: 3\/4&#039;&#039;NPT. Altura de trabajo: 889 mm. Altura total(considerando chimenea): 1143 mm. Con patas ajustables de acero de 152 mm. NOTA: *Laterales de acero inoxidable se cotiza por separado. * Set de 4 garruchas de 5&quot; se cotiza por separado.\" \/>\n<meta property=\"og:url\" content=\"https:\/\/frionox.com\/catalogo\/producto\/freidora-a-gas-de-02-canastillas-de-21-litros-sr42gp\/\" \/>\n<meta property=\"og:site_name\" content=\"FRIONOX\" \/>\n<meta property=\"article:publisher\" content=\"https:\/\/facebook.com\/frionox.pe\" \/>\n<meta property=\"article:modified_time\" content=\"2026-03-31T17:29:10+00:00\" \/>\n<meta property=\"og:image\" content=\"https:\/\/frionox.com\/catalogo\/wp-content\/uploads\/2020\/04\/SR42GP.jpg\" \/>\n\t<meta property=\"og:image:width\" content=\"600\" \/>\n\t<meta property=\"og:image:height\" content=\"600\" \/>\n\t<meta property=\"og:image:type\" content=\"image\/jpeg\" \/>\n<meta name=\"twitter:card\" content=\"summary_large_image\" \/>\n<meta name=\"twitter:site\" content=\"@frionoxsac\" \/>\n<meta name=\"twitter:label1\" content=\"Precio\" \/>\n\t<meta name=\"twitter:data1\" content=\"S\/1,392.16\" \/>\n\t<meta name=\"twitter:label2\" content=\"Disponibilidad\" \/>\n\t<meta name=\"twitter:data2\" content=\"Disponible para reservar\" \/>\n<script type=\"application\/ld+json\" class=\"yoast-schema-graph\">{\"@context\":\"https:\/\/schema.org\",\"@graph\":[{\"@type\":\"WebPage\",\"@id\":\"https:\/\/frionox.com\/catalogo\/producto\/freidora-a-gas-de-02-canastillas-de-21-litros-sr42gp\/\",\"url\":\"https:\/\/frionox.com\/catalogo\/producto\/freidora-a-gas-de-02-canastillas-de-21-litros-sr42gp\/\",\"name\":\"FREIDORA A GAS DE 02 CANASTILLAS DE 21 LITROS - SR42GP - FRIONOX\",\"isPartOf\":{\"@id\":\"https:\/\/frionox.com\/catalogo\/#website\"},\"primaryImageOfPage\":{\"@id\":\"https:\/\/frionox.com\/catalogo\/producto\/freidora-a-gas-de-02-canastillas-de-21-litros-sr42gp\/#primaryimage\"},\"image\":{\"@id\":\"https:\/\/frionox.com\/catalogo\/producto\/freidora-a-gas-de-02-canastillas-de-21-litros-sr42gp\/#primaryimage\"},\"thumbnailUrl\":\"https:\/\/frionox.com\/catalogo\/wp-content\/uploads\/2020\/04\/SR42GP.jpg\",\"datePublished\":\"2020-05-20T02:42:13+00:00\",\"dateModified\":\"2026-03-31T17:29:10+00:00\",\"description\":\"Estructura de acero inoxidable. Capacidad de aceite: 21 L. 2 canastillas de tama\u00f1o medio de acero con mango plastificado. Tina de fritura de f\u00e1cil limpieza. \u00c1rea de fritura de 356 x 356 x 107 mm,para la tina llena. V\u00e1lvula de drenaje de 1 \\\". Deflectores de acero inoxidable durable y quemadores de fierro fundido para trabajo pesado. Sistema de control de temperatura por milivoltios,no requiere conexi\u00f3n el\u00e9ctrica. Termostato con rango de temperatura de 79\u00b0C a 190\u00b0C (200\u00baF a 400\u00baF). Zona fr\u00eda amplia,captura y retiene part\u00edculas debajo del \u00e1rea de fritura,evita que se carbonicen y la contaminaci\u00f3n del aceite. Energ\u00eda: Gas GLP o Natural. Potencia de gas: 105000 BTU\/HR (30.8KW). Toma de gas: 3\/4''NPT. Altura de trabajo: 889 mm. Altura total(considerando chimenea): 1143 mm. Con patas ajustables de acero de 152 mm. NOTA: *Laterales de acero inoxidable se cotiza por separado. * Set de 4 garruchas de 5\\\" se cotiza por separado.\",\"breadcrumb\":{\"@id\":\"https:\/\/frionox.com\/catalogo\/producto\/freidora-a-gas-de-02-canastillas-de-21-litros-sr42gp\/#breadcrumb\"},\"inLanguage\":\"es\",\"potentialAction\":[{\"@type\":\"ReadAction\",\"target\":[\"https:\/\/frionox.com\/catalogo\/producto\/freidora-a-gas-de-02-canastillas-de-21-litros-sr42gp\/\"]}]},{\"@type\":\"ImageObject\",\"inLanguage\":\"es\",\"@id\":\"https:\/\/frionox.com\/catalogo\/producto\/freidora-a-gas-de-02-canastillas-de-21-litros-sr42gp\/#primaryimage\",\"url\":\"https:\/\/frionox.com\/catalogo\/wp-content\/uploads\/2020\/04\/SR42GP.jpg\",\"contentUrl\":\"https:\/\/frionox.com\/catalogo\/wp-content\/uploads\/2020\/04\/SR42GP.jpg\",\"width\":600,\"height\":600,\"caption\":\"SR42GP freidora dean\"},{\"@type\":\"BreadcrumbList\",\"@id\":\"https:\/\/frionox.com\/catalogo\/producto\/freidora-a-gas-de-02-canastillas-de-21-litros-sr42gp\/#breadcrumb\",\"itemListElement\":[{\"@type\":\"ListItem\",\"position\":1,\"name\":\"Portada\",\"item\":\"https:\/\/frionox.com\/catalogo\/\"},{\"@type\":\"ListItem\",\"position\":2,\"name\":\"Hornos Industriales, Licuadoras Industriales, Cocinas y m\u00e1s\",\"item\":\"https:\/\/frionox.com\/catalogo\/tienda\/\"},{\"@type\":\"ListItem\",\"position\":3,\"name\":\"FREIDORA A GAS DE 02 CANASTILLAS DE 21 LITROS &#8211; SR42GP\"}]},{\"@type\":\"WebSite\",\"@id\":\"https:\/\/frionox.com\/catalogo\/#website\",\"url\":\"https:\/\/frionox.com\/catalogo\/\",\"name\":\"FRIONOX\",\"description\":\"Equipamiento de cocinas\",\"publisher\":{\"@id\":\"https:\/\/frionox.com\/catalogo\/#organization\"},\"potentialAction\":[{\"@type\":\"SearchAction\",\"target\":{\"@type\":\"EntryPoint\",\"urlTemplate\":\"https:\/\/frionox.com\/catalogo\/?s={search_term_string}\"},\"query-input\":{\"@type\":\"PropertyValueSpecification\",\"valueRequired\":true,\"valueName\":\"search_term_string\"}}],\"inLanguage\":\"es\"},{\"@type\":[\"Organization\",\"Place\",\"LocalBusiness\"],\"@id\":\"https:\/\/frionox.com\/catalogo\/#organization\",\"name\":\"Frionox Equipamiento de cocinas\",\"url\":\"https:\/\/frionox.com\/catalogo\/\",\"logo\":{\"@id\":\"https:\/\/frionox.com\/catalogo\/producto\/freidora-a-gas-de-02-canastillas-de-21-litros-sr42gp\/#local-main-organization-logo\"},\"image\":{\"@id\":\"https:\/\/frionox.com\/catalogo\/producto\/freidora-a-gas-de-02-canastillas-de-21-litros-sr42gp\/#local-main-organization-logo\"},\"sameAs\":[\"https:\/\/facebook.com\/frionox.pe\",\"https:\/\/x.com\/frionoxsac\",\"https:\/\/youtube.com\/@FRIONOXEQUIPAMIENTODECOCINA\"],\"address\":{\"@id\":\"https:\/\/frionox.com\/catalogo\/producto\/freidora-a-gas-de-02-canastillas-de-21-litros-sr42gp\/#local-main-place-address\"},\"geo\":{\"@type\":\"GeoCoordinates\",\"latitude\":\"-11.980133\",\"longitude\":\"-77.06118200000003\"},\"telephone\":[\"+5115221181\"],\"openingHoursSpecification\":[{\"@type\":\"OpeningHoursSpecification\",\"dayOfWeek\":[\"Monday\",\"Tuesday\",\"Wednesday\",\"Thursday\",\"Friday\",\"Saturday\"],\"opens\":\"08:00\",\"closes\":\"18:00\"},{\"@type\":\"OpeningHoursSpecification\",\"dayOfWeek\":[\"Sunday\"],\"opens\":\"00:00\",\"closes\":\"00:00\"}],\"email\":\"cotizaciones@frionox.com\"},{\"@type\":\"PostalAddress\",\"@id\":\"https:\/\/frionox.com\/catalogo\/producto\/freidora-a-gas-de-02-canastillas-de-21-litros-sr42gp\/#local-main-place-address\",\"streetAddress\":\"Av. Oscar R. Benavides 1624\",\"addressLocality\":\"Cercado de Lima\",\"postalCode\":\"15082\",\"addressRegion\":\"Lima\",\"addressCountry\":\"PE\"},{\"@type\":\"ImageObject\",\"inLanguage\":\"es\",\"@id\":\"https:\/\/frionox.com\/catalogo\/producto\/freidora-a-gas-de-02-canastillas-de-21-litros-sr42gp\/#local-main-organization-logo\",\"url\":\"https:\/\/frionox.com\/catalogo\/wp-content\/uploads\/2020\/04\/LOGO-MOBILE.png\",\"contentUrl\":\"https:\/\/frionox.com\/catalogo\/wp-content\/uploads\/2020\/04\/LOGO-MOBILE.png\",\"width\":203,\"height\":61,\"caption\":\"Frionox Equipamiento de cocinas\"}]}<\/script>\n<meta property=\"product:price:amount\" content=\"1392.16\" \/>\n<meta property=\"product:price:currency\" content=\"PEN\" \/>\n<meta property=\"og:availability\" content=\"backorder\" \/>\n<meta property=\"product:availability\" content=\"available for order\" \/>\n<meta property=\"product:retailer_item_id\" content=\"SR42GP\" \/>\n<meta property=\"product:condition\" content=\"new\" \/>\n<meta name=\"geo.placename\" content=\"Cercado de Lima\" \/>\n<meta name=\"geo.position\" content=\"-11.980133;-77.06118200000003\" \/>\n<meta name=\"geo.region\" content=\"Per\u00fa\" \/>\n<!-- \/ Yoast SEO Premium plugin. -->","yoast_head_json":{"title":"FREIDORA A GAS DE 02 CANASTILLAS DE 21 LITROS - SR42GP - FRIONOX","description":"Estructura de acero inoxidable. Capacidad de aceite: 21 L. 2 canastillas de tama\u00f1o medio de acero con mango plastificado. Tina de fritura de f\u00e1cil limpieza. \u00c1rea de fritura de 356 x 356 x 107 mm,para la tina llena. V\u00e1lvula de drenaje de 1 \". Deflectores de acero inoxidable durable y quemadores de fierro fundido para trabajo pesado. Sistema de control de temperatura por milivoltios,no requiere conexi\u00f3n el\u00e9ctrica. Termostato con rango de temperatura de 79\u00b0C a 190\u00b0C (200\u00baF a 400\u00baF). Zona fr\u00eda amplia,captura y retiene part\u00edculas debajo del \u00e1rea de fritura,evita que se carbonicen y la contaminaci\u00f3n del aceite. Energ\u00eda: Gas GLP o Natural. Potencia de gas: 105000 BTU\/HR (30.8KW). Toma de gas: 3\/4''NPT. Altura de trabajo: 889 mm. Altura total(considerando chimenea): 1143 mm. Con patas ajustables de acero de 152 mm. NOTA: *Laterales de acero inoxidable se cotiza por separado. * Set de 4 garruchas de 5\" se cotiza por separado.","robots":{"index":"index","follow":"follow","max-snippet":"max-snippet:-1","max-image-preview":"max-image-preview:large","max-video-preview":"max-video-preview:-1"},"canonical":"https:\/\/frionox.com\/catalogo\/producto\/freidora-a-gas-de-02-canastillas-de-21-litros-sr42gp\/","og_locale":"es_ES","og_type":"article","og_title":"FREIDORA A GAS DE 02 CANASTILLAS DE 21 LITROS - SR42GP","og_description":"Estructura de acero inoxidable. Capacidad de aceite: 21 L. 2 canastillas de tama\u00f1o medio de acero con mango plastificado. Tina de fritura de f\u00e1cil limpieza. \u00c1rea de fritura de 356 x 356 x 107 mm,para la tina llena. V\u00e1lvula de drenaje de 1 \". Deflectores de acero inoxidable durable y quemadores de fierro fundido para trabajo pesado. Sistema de control de temperatura por milivoltios,no requiere conexi\u00f3n el\u00e9ctrica. Termostato con rango de temperatura de 79\u00b0C a 190\u00b0C (200\u00baF a 400\u00baF). Zona fr\u00eda amplia,captura y retiene part\u00edculas debajo del \u00e1rea de fritura,evita que se carbonicen y la contaminaci\u00f3n del aceite. Energ\u00eda: Gas GLP o Natural. Potencia de gas: 105000 BTU\/HR (30.8KW). Toma de gas: 3\/4''NPT. Altura de trabajo: 889 mm. Altura total(considerando chimenea): 1143 mm. Con patas ajustables de acero de 152 mm. NOTA: *Laterales de acero inoxidable se cotiza por separado. * Set de 4 garruchas de 5\" se cotiza por separado.","og_url":"https:\/\/frionox.com\/catalogo\/producto\/freidora-a-gas-de-02-canastillas-de-21-litros-sr42gp\/","og_site_name":"FRIONOX","article_publisher":"https:\/\/facebook.com\/frionox.pe","article_modified_time":"2026-03-31T17:29:10+00:00","og_image":[{"width":600,"height":600,"url":"https:\/\/frionox.com\/catalogo\/wp-content\/uploads\/2020\/04\/SR42GP.jpg","type":"image\/jpeg"}],"twitter_card":"summary_large_image","twitter_site":"@frionoxsac","twitter_misc":{"Precio":"S\/1,392.16","Disponibilidad":"Disponible para reservar"},"schema":{"@context":"https:\/\/schema.org","@graph":[{"@type":"WebPage","@id":"https:\/\/frionox.com\/catalogo\/producto\/freidora-a-gas-de-02-canastillas-de-21-litros-sr42gp\/","url":"https:\/\/frionox.com\/catalogo\/producto\/freidora-a-gas-de-02-canastillas-de-21-litros-sr42gp\/","name":"FREIDORA A GAS DE 02 CANASTILLAS DE 21 LITROS - SR42GP - FRIONOX","isPartOf":{"@id":"https:\/\/frionox.com\/catalogo\/#website"},"primaryImageOfPage":{"@id":"https:\/\/frionox.com\/catalogo\/producto\/freidora-a-gas-de-02-canastillas-de-21-litros-sr42gp\/#primaryimage"},"image":{"@id":"https:\/\/frionox.com\/catalogo\/producto\/freidora-a-gas-de-02-canastillas-de-21-litros-sr42gp\/#primaryimage"},"thumbnailUrl":"https:\/\/frionox.com\/catalogo\/wp-content\/uploads\/2020\/04\/SR42GP.jpg","datePublished":"2020-05-20T02:42:13+00:00","dateModified":"2026-03-31T17:29:10+00:00","description":"Estructura de acero inoxidable. Capacidad de aceite: 21 L. 2 canastillas de tama\u00f1o medio de acero con mango plastificado. Tina de fritura de f\u00e1cil limpieza. \u00c1rea de fritura de 356 x 356 x 107 mm,para la tina llena. V\u00e1lvula de drenaje de 1 \". Deflectores de acero inoxidable durable y quemadores de fierro fundido para trabajo pesado. Sistema de control de temperatura por milivoltios,no requiere conexi\u00f3n el\u00e9ctrica. Termostato con rango de temperatura de 79\u00b0C a 190\u00b0C (200\u00baF a 400\u00baF). Zona fr\u00eda amplia,captura y retiene part\u00edculas debajo del \u00e1rea de fritura,evita que se carbonicen y la contaminaci\u00f3n del aceite. Energ\u00eda: Gas GLP o Natural. Potencia de gas: 105000 BTU\/HR (30.8KW). Toma de gas: 3\/4''NPT. Altura de trabajo: 889 mm. Altura total(considerando chimenea): 1143 mm. Con patas ajustables de acero de 152 mm. NOTA: *Laterales de acero inoxidable se cotiza por separado. * Set de 4 garruchas de 5\" se cotiza por separado.","breadcrumb":{"@id":"https:\/\/frionox.com\/catalogo\/producto\/freidora-a-gas-de-02-canastillas-de-21-litros-sr42gp\/#breadcrumb"},"inLanguage":"es","potentialAction":[{"@type":"ReadAction","target":["https:\/\/frionox.com\/catalogo\/producto\/freidora-a-gas-de-02-canastillas-de-21-litros-sr42gp\/"]}]},{"@type":"ImageObject","inLanguage":"es","@id":"https:\/\/frionox.com\/catalogo\/producto\/freidora-a-gas-de-02-canastillas-de-21-litros-sr42gp\/#primaryimage","url":"https:\/\/frionox.com\/catalogo\/wp-content\/uploads\/2020\/04\/SR42GP.jpg","contentUrl":"https:\/\/frionox.com\/catalogo\/wp-content\/uploads\/2020\/04\/SR42GP.jpg","width":600,"height":600,"caption":"SR42GP freidora dean"},{"@type":"BreadcrumbList","@id":"https:\/\/frionox.com\/catalogo\/producto\/freidora-a-gas-de-02-canastillas-de-21-litros-sr42gp\/#breadcrumb","itemListElement":[{"@type":"ListItem","position":1,"name":"Portada","item":"https:\/\/frionox.com\/catalogo\/"},{"@type":"ListItem","position":2,"name":"Hornos Industriales, Licuadoras Industriales, Cocinas y m\u00e1s","item":"https:\/\/frionox.com\/catalogo\/tienda\/"},{"@type":"ListItem","position":3,"name":"FREIDORA A GAS DE 02 CANASTILLAS DE 21 LITROS &#8211; SR42GP"}]},{"@type":"WebSite","@id":"https:\/\/frionox.com\/catalogo\/#website","url":"https:\/\/frionox.com\/catalogo\/","name":"FRIONOX","description":"Equipamiento de cocinas","publisher":{"@id":"https:\/\/frionox.com\/catalogo\/#organization"},"potentialAction":[{"@type":"SearchAction","target":{"@type":"EntryPoint","urlTemplate":"https:\/\/frionox.com\/catalogo\/?s={search_term_string}"},"query-input":{"@type":"PropertyValueSpecification","valueRequired":true,"valueName":"search_term_string"}}],"inLanguage":"es"},{"@type":["Organization","Place","LocalBusiness"],"@id":"https:\/\/frionox.com\/catalogo\/#organization","name":"Frionox Equipamiento de cocinas","url":"https:\/\/frionox.com\/catalogo\/","logo":{"@id":"https:\/\/frionox.com\/catalogo\/producto\/freidora-a-gas-de-02-canastillas-de-21-litros-sr42gp\/#local-main-organization-logo"},"image":{"@id":"https:\/\/frionox.com\/catalogo\/producto\/freidora-a-gas-de-02-canastillas-de-21-litros-sr42gp\/#local-main-organization-logo"},"sameAs":["https:\/\/facebook.com\/frionox.pe","https:\/\/x.com\/frionoxsac","https:\/\/youtube.com\/@FRIONOXEQUIPAMIENTODECOCINA"],"address":{"@id":"https:\/\/frionox.com\/catalogo\/producto\/freidora-a-gas-de-02-canastillas-de-21-litros-sr42gp\/#local-main-place-address"},"geo":{"@type":"GeoCoordinates","latitude":"-11.980133","longitude":"-77.06118200000003"},"telephone":["+5115221181"],"openingHoursSpecification":[{"@type":"OpeningHoursSpecification","dayOfWeek":["Monday","Tuesday","Wednesday","Thursday","Friday","Saturday"],"opens":"08:00","closes":"18:00"},{"@type":"OpeningHoursSpecification","dayOfWeek":["Sunday"],"opens":"00:00","closes":"00:00"}],"email":"cotizaciones@frionox.com"},{"@type":"PostalAddress","@id":"https:\/\/frionox.com\/catalogo\/producto\/freidora-a-gas-de-02-canastillas-de-21-litros-sr42gp\/#local-main-place-address","streetAddress":"Av. Oscar R. Benavides 1624","addressLocality":"Cercado de Lima","postalCode":"15082","addressRegion":"Lima","addressCountry":"PE"},{"@type":"ImageObject","inLanguage":"es","@id":"https:\/\/frionox.com\/catalogo\/producto\/freidora-a-gas-de-02-canastillas-de-21-litros-sr42gp\/#local-main-organization-logo","url":"https:\/\/frionox.com\/catalogo\/wp-content\/uploads\/2020\/04\/LOGO-MOBILE.png","contentUrl":"https:\/\/frionox.com\/catalogo\/wp-content\/uploads\/2020\/04\/LOGO-MOBILE.png","width":203,"height":61,"caption":"Frionox Equipamiento de cocinas"}]},"product_price_amount":"1392.16","product_price_currency":"PEN","og_availability":"backorder","product_availability":"available for order","product_retailer_item_id":"SR42GP","product_condition":"new","geo.placename":"Cercado de Lima","geo.position":{"lat":"-11.980133","long":"-77.06118200000003"},"geo.region":"Per\u00fa"},"_links":{"self":[{"href":"https:\/\/frionox.com\/catalogo\/wp-json\/wp\/v2\/product\/14047","targetHints":{"allow":["GET"]}}],"collection":[{"href":"https:\/\/frionox.com\/catalogo\/wp-json\/wp\/v2\/product"}],"about":[{"href":"https:\/\/frionox.com\/catalogo\/wp-json\/wp\/v2\/types\/product"}],"replies":[{"embeddable":true,"href":"https:\/\/frionox.com\/catalogo\/wp-json\/wp\/v2\/comments?post=14047"}],"wp:featuredmedia":[{"embeddable":true,"href":"https:\/\/frionox.com\/catalogo\/wp-json\/wp\/v2\/media\/12606"}],"wp:attachment":[{"href":"https:\/\/frionox.com\/catalogo\/wp-json\/wp\/v2\/media?parent=14047"}],"wp:term":[{"taxonomy":"product_brand","embeddable":true,"href":"https:\/\/frionox.com\/catalogo\/wp-json\/wp\/v2\/product_brand?post=14047"},{"taxonomy":"product_cat","embeddable":true,"href":"https:\/\/frionox.com\/catalogo\/wp-json\/wp\/v2\/product_cat?post=14047"},{"taxonomy":"product_tag","embeddable":true,"href":"https:\/\/frionox.com\/catalogo\/wp-json\/wp\/v2\/product_tag?post=14047"}],"curies":[{"name":"wp","href":"https:\/\/api.w.org\/{rel}","templated":true}]}}