{"id":14046,"date":"2020-05-19T21:42:13","date_gmt":"2020-05-20T02:42:13","guid":{"rendered":"https:\/\/frionox.com\/catalogo\/producto\/freidora-electrica-de-02-canastillas-de-20-litros-sr14esd\/"},"modified":"2026-03-11T15:24:30","modified_gmt":"2026-03-11T20:24:30","slug":"freidora-electrica-de-02-canastillas-de-20-litros-sr14esd","status":"publish","type":"product","link":"https:\/\/frionox.com\/catalogo\/producto\/freidora-electrica-de-02-canastillas-de-20-litros-sr14esd\/","title":{"rendered":"FREIDORA ELECTRICA DE 02 CANASTILLAS DE 20 LITROS &#8211; SR14ESD"},"content":{"rendered":"<p>Estructura de acero inoxidable. Capacidad de aceite: 20 L. 2 canastillas de tama\u00f1o medio de acero con mango plastificado. Tina de fritura de f\u00e1cil limpieza. \u00c1rea de fritura de 348 x 348 x 133 mm,para la tina llena. V\u00e1lvula de drenaje de 1 1\/4&#8243;. Resistencias el\u00e9ctricas sumergibles de acero inoxidable. Termostato de acci\u00f3n autom\u00e1tica. Zona fr\u00eda amplia,captura y retiene part\u00edculas debajo del \u00e1rea de fritura,evita que se carbonicen y la contaminaci\u00f3n del aceite. Energ\u00eda: El\u00e9ctrica. Potencia el\u00e9ctrica: 14KW. Voltaje: 220 V \/ 60Hz \/ 3AC. Altura de trabajo: 874 mm. Altura total(considerando chimenea): 1120 mm. Con patas ajustables de acero de 152 mm. NOTA: *Laterales de acero inoxidable se cotiza por separado. *Set de 4 garruchas de 5&#8243; se cotiza por separado. .<\/p>\n","protected":false},"excerpt":{"rendered":"<p>Estructura de acero inoxidable. Capacidad de aceite: 20 L. 2 canastillas de tama\u00f1o medio de acero con mango plastificado. Tina de fritura de f\u00e1cil limpieza. \u00c1rea de fritura de 348 x 348 x 133 mm,para la tina llena. V\u00e1lvula de drenaje de 1 1\/4&#8243;. Resistencias el\u00e9ctricas sumergibles de acero inoxidable. Termostato de acci\u00f3n autom\u00e1tica. Zona fr\u00eda amplia,captura y retiene part\u00edculas debajo del \u00e1rea de fritura,evita que se carbonicen y la contaminaci\u00f3n del aceite. Energ\u00eda: El\u00e9ctrica. Potencia el\u00e9ctrica: 14KW. Voltaje: 220 V \/ 60Hz \/ 3AC. Altura de trabajo: 874 mm. Altura total(considerando chimenea): 1120 mm. Con patas ajustables de acero de 152 mm. NOTA: *Laterales de acero inoxidable se cotiza por separado. *Set de 4 garruchas de 5&#8243; se cotiza por separado. .<\/p>\n","protected":false},"featured_media":12604,"comment_status":"open","ping_status":"closed","template":"","meta":[],"product_brand":[],"product_cat":[29,116],"product_tag":[],"class_list":{"0":"post-14046","1":"product","2":"type-product","3":"status-publish","4":"has-post-thumbnail","6":"product_cat-equipos-de-coccion","7":"product_cat-freidoras","8":"pa_marcas-dean","10":"first","11":"onbackorder","12":"shipping-taxable","13":"purchasable","14":"product-type-simple"},"yoast_head":"<!-- This site is optimized with the Yoast SEO Premium plugin v27.1 (Yoast SEO v27.1.1) - https:\/\/yoast.com\/product\/yoast-seo-premium-wordpress\/ -->\n<title>FREIDORA ELECTRICA DE 02 CANASTILLAS DE 20 LITROS - SR14ESD - FRIONOX<\/title>\n<meta name=\"description\" content=\"Estructura de acero inoxidable. Capacidad de aceite: 20 L. 2 canastillas de tama\u00f1o medio de acero con mango plastificado. Tina de fritura de f\u00e1cil limpieza. \u00c1rea de fritura de 348 x 348 x 133 mm,para la tina llena. V\u00e1lvula de drenaje de 1 1\/4&quot;. Resistencias el\u00e9ctricas sumergibles de acero inoxidable. Termostato de acci\u00f3n autom\u00e1tica. Zona fr\u00eda amplia,captura y retiene part\u00edculas debajo del \u00e1rea de fritura,evita que se carbonicen y la contaminaci\u00f3n del aceite. Energ\u00eda: El\u00e9ctrica. Potencia el\u00e9ctrica: 14KW. Voltaje: 220 V \/ 60Hz \/ 3AC. Altura de trabajo: 874 mm. Altura total(considerando chimenea): 1120 mm. Con patas ajustables de acero de 152 mm. NOTA: *Laterales de acero inoxidable se cotiza por separado. *Set de 4 garruchas de 5&quot; se cotiza por separado. .\" \/>\n<meta name=\"robots\" content=\"index, follow, max-snippet:-1, max-image-preview:large, max-video-preview:-1\" \/>\n<link rel=\"canonical\" href=\"https:\/\/frionox.com\/catalogo\/producto\/freidora-electrica-de-02-canastillas-de-20-litros-sr14esd\/\" \/>\n<meta property=\"og:locale\" content=\"es_ES\" \/>\n<meta property=\"og:type\" content=\"article\" \/>\n<meta property=\"og:title\" content=\"FREIDORA ELECTRICA DE 02 CANASTILLAS DE 20 LITROS - SR14ESD\" \/>\n<meta property=\"og:description\" content=\"Estructura de acero inoxidable. Capacidad de aceite: 20 L. 2 canastillas de tama\u00f1o medio de acero con mango plastificado. Tina de fritura de f\u00e1cil limpieza. \u00c1rea de fritura de 348 x 348 x 133 mm,para la tina llena. V\u00e1lvula de drenaje de 1 1\/4&quot;. Resistencias el\u00e9ctricas sumergibles de acero inoxidable. Termostato de acci\u00f3n autom\u00e1tica. Zona fr\u00eda amplia,captura y retiene part\u00edculas debajo del \u00e1rea de fritura,evita que se carbonicen y la contaminaci\u00f3n del aceite. Energ\u00eda: El\u00e9ctrica. Potencia el\u00e9ctrica: 14KW. Voltaje: 220 V \/ 60Hz \/ 3AC. Altura de trabajo: 874 mm. Altura total(considerando chimenea): 1120 mm. Con patas ajustables de acero de 152 mm. NOTA: *Laterales de acero inoxidable se cotiza por separado. *Set de 4 garruchas de 5&quot; se cotiza por separado. .\" \/>\n<meta property=\"og:url\" content=\"https:\/\/frionox.com\/catalogo\/producto\/freidora-electrica-de-02-canastillas-de-20-litros-sr14esd\/\" \/>\n<meta property=\"og:site_name\" content=\"FRIONOX\" \/>\n<meta property=\"article:publisher\" content=\"https:\/\/facebook.com\/frionox.pe\" \/>\n<meta property=\"article:modified_time\" content=\"2026-03-11T20:24:30+00:00\" \/>\n<meta property=\"og:image\" content=\"https:\/\/frionox.com\/catalogo\/wp-content\/uploads\/2020\/04\/SR14ESD.jpg\" \/>\n\t<meta property=\"og:image:width\" content=\"600\" \/>\n\t<meta property=\"og:image:height\" content=\"600\" \/>\n\t<meta property=\"og:image:type\" content=\"image\/jpeg\" \/>\n<meta name=\"twitter:card\" content=\"summary_large_image\" \/>\n<meta name=\"twitter:site\" content=\"@frionoxsac\" \/>\n<meta name=\"twitter:label1\" content=\"Precio\" \/>\n\t<meta name=\"twitter:data1\" content=\"S\/3,245.00\" \/>\n\t<meta name=\"twitter:label2\" content=\"Disponibilidad\" \/>\n\t<meta name=\"twitter:data2\" content=\"Disponible para reservar\" \/>\n<script type=\"application\/ld+json\" class=\"yoast-schema-graph\">{\"@context\":\"https:\/\/schema.org\",\"@graph\":[{\"@type\":\"WebPage\",\"@id\":\"https:\/\/frionox.com\/catalogo\/producto\/freidora-electrica-de-02-canastillas-de-20-litros-sr14esd\/\",\"url\":\"https:\/\/frionox.com\/catalogo\/producto\/freidora-electrica-de-02-canastillas-de-20-litros-sr14esd\/\",\"name\":\"FREIDORA ELECTRICA DE 02 CANASTILLAS DE 20 LITROS - SR14ESD - FRIONOX\",\"isPartOf\":{\"@id\":\"https:\/\/frionox.com\/catalogo\/#website\"},\"primaryImageOfPage\":{\"@id\":\"https:\/\/frionox.com\/catalogo\/producto\/freidora-electrica-de-02-canastillas-de-20-litros-sr14esd\/#primaryimage\"},\"image\":{\"@id\":\"https:\/\/frionox.com\/catalogo\/producto\/freidora-electrica-de-02-canastillas-de-20-litros-sr14esd\/#primaryimage\"},\"thumbnailUrl\":\"https:\/\/frionox.com\/catalogo\/wp-content\/uploads\/2020\/04\/SR14ESD.jpg\",\"datePublished\":\"2020-05-20T02:42:13+00:00\",\"dateModified\":\"2026-03-11T20:24:30+00:00\",\"description\":\"Estructura de acero inoxidable. Capacidad de aceite: 20 L. 2 canastillas de tama\u00f1o medio de acero con mango plastificado. Tina de fritura de f\u00e1cil limpieza. \u00c1rea de fritura de 348 x 348 x 133 mm,para la tina llena. V\u00e1lvula de drenaje de 1 1\/4\\\". Resistencias el\u00e9ctricas sumergibles de acero inoxidable. Termostato de acci\u00f3n autom\u00e1tica. Zona fr\u00eda amplia,captura y retiene part\u00edculas debajo del \u00e1rea de fritura,evita que se carbonicen y la contaminaci\u00f3n del aceite. Energ\u00eda: El\u00e9ctrica. Potencia el\u00e9ctrica: 14KW. Voltaje: 220 V \/ 60Hz \/ 3AC. Altura de trabajo: 874 mm. Altura total(considerando chimenea): 1120 mm. Con patas ajustables de acero de 152 mm. NOTA: *Laterales de acero inoxidable se cotiza por separado. *Set de 4 garruchas de 5\\\" se cotiza por separado. .\",\"breadcrumb\":{\"@id\":\"https:\/\/frionox.com\/catalogo\/producto\/freidora-electrica-de-02-canastillas-de-20-litros-sr14esd\/#breadcrumb\"},\"inLanguage\":\"es\",\"potentialAction\":[{\"@type\":\"ReadAction\",\"target\":[\"https:\/\/frionox.com\/catalogo\/producto\/freidora-electrica-de-02-canastillas-de-20-litros-sr14esd\/\"]}]},{\"@type\":\"ImageObject\",\"inLanguage\":\"es\",\"@id\":\"https:\/\/frionox.com\/catalogo\/producto\/freidora-electrica-de-02-canastillas-de-20-litros-sr14esd\/#primaryimage\",\"url\":\"https:\/\/frionox.com\/catalogo\/wp-content\/uploads\/2020\/04\/SR14ESD.jpg\",\"contentUrl\":\"https:\/\/frionox.com\/catalogo\/wp-content\/uploads\/2020\/04\/SR14ESD.jpg\",\"width\":600,\"height\":600},{\"@type\":\"BreadcrumbList\",\"@id\":\"https:\/\/frionox.com\/catalogo\/producto\/freidora-electrica-de-02-canastillas-de-20-litros-sr14esd\/#breadcrumb\",\"itemListElement\":[{\"@type\":\"ListItem\",\"position\":1,\"name\":\"Portada\",\"item\":\"https:\/\/frionox.com\/catalogo\/\"},{\"@type\":\"ListItem\",\"position\":2,\"name\":\"Hornos Industriales, Licuadoras Industriales, Cocinas y m\u00e1s\",\"item\":\"https:\/\/frionox.com\/catalogo\/tienda\/\"},{\"@type\":\"ListItem\",\"position\":3,\"name\":\"FREIDORA ELECTRICA DE 02 CANASTILLAS DE 20 LITROS &#8211; SR14ESD\"}]},{\"@type\":\"WebSite\",\"@id\":\"https:\/\/frionox.com\/catalogo\/#website\",\"url\":\"https:\/\/frionox.com\/catalogo\/\",\"name\":\"FRIONOX\",\"description\":\"Equipamiento de cocinas\",\"publisher\":{\"@id\":\"https:\/\/frionox.com\/catalogo\/#organization\"},\"potentialAction\":[{\"@type\":\"SearchAction\",\"target\":{\"@type\":\"EntryPoint\",\"urlTemplate\":\"https:\/\/frionox.com\/catalogo\/?s={search_term_string}\"},\"query-input\":{\"@type\":\"PropertyValueSpecification\",\"valueRequired\":true,\"valueName\":\"search_term_string\"}}],\"inLanguage\":\"es\"},{\"@type\":[\"Organization\",\"Place\",\"LocalBusiness\"],\"@id\":\"https:\/\/frionox.com\/catalogo\/#organization\",\"name\":\"Frionox Equipamiento de cocinas\",\"url\":\"https:\/\/frionox.com\/catalogo\/\",\"logo\":{\"@id\":\"https:\/\/frionox.com\/catalogo\/producto\/freidora-electrica-de-02-canastillas-de-20-litros-sr14esd\/#local-main-organization-logo\"},\"image\":{\"@id\":\"https:\/\/frionox.com\/catalogo\/producto\/freidora-electrica-de-02-canastillas-de-20-litros-sr14esd\/#local-main-organization-logo\"},\"sameAs\":[\"https:\/\/facebook.com\/frionox.pe\",\"https:\/\/x.com\/frionoxsac\",\"https:\/\/youtube.com\/@FRIONOXEQUIPAMIENTODECOCINA\"],\"address\":{\"@id\":\"https:\/\/frionox.com\/catalogo\/producto\/freidora-electrica-de-02-canastillas-de-20-litros-sr14esd\/#local-main-place-address\"},\"geo\":{\"@type\":\"GeoCoordinates\",\"latitude\":\"-11.980133\",\"longitude\":\"-77.06118200000003\"},\"telephone\":[\"+5115221181\"],\"openingHoursSpecification\":[{\"@type\":\"OpeningHoursSpecification\",\"dayOfWeek\":[\"Monday\",\"Tuesday\",\"Wednesday\",\"Thursday\",\"Friday\",\"Saturday\"],\"opens\":\"08:00\",\"closes\":\"18:00\"},{\"@type\":\"OpeningHoursSpecification\",\"dayOfWeek\":[\"Sunday\"],\"opens\":\"00:00\",\"closes\":\"00:00\"}],\"email\":\"cotizaciones@frionox.com\"},{\"@type\":\"PostalAddress\",\"@id\":\"https:\/\/frionox.com\/catalogo\/producto\/freidora-electrica-de-02-canastillas-de-20-litros-sr14esd\/#local-main-place-address\",\"streetAddress\":\"Av. Oscar R. Benavides 1624\",\"addressLocality\":\"Cercado de Lima\",\"postalCode\":\"15082\",\"addressRegion\":\"Lima\",\"addressCountry\":\"PE\"},{\"@type\":\"ImageObject\",\"inLanguage\":\"es\",\"@id\":\"https:\/\/frionox.com\/catalogo\/producto\/freidora-electrica-de-02-canastillas-de-20-litros-sr14esd\/#local-main-organization-logo\",\"url\":\"https:\/\/frionox.com\/catalogo\/wp-content\/uploads\/2020\/04\/LOGO-MOBILE.png\",\"contentUrl\":\"https:\/\/frionox.com\/catalogo\/wp-content\/uploads\/2020\/04\/LOGO-MOBILE.png\",\"width\":203,\"height\":61,\"caption\":\"Frionox Equipamiento de cocinas\"}]}<\/script>\n<meta property=\"product:price:amount\" content=\"3245.00\" \/>\n<meta property=\"product:price:currency\" content=\"PEN\" \/>\n<meta property=\"og:availability\" content=\"backorder\" \/>\n<meta property=\"product:availability\" content=\"available for order\" \/>\n<meta property=\"product:retailer_item_id\" content=\"SR14ESD\" \/>\n<meta property=\"product:condition\" content=\"new\" \/>\n<meta name=\"geo.placename\" content=\"Cercado de Lima\" \/>\n<meta name=\"geo.position\" content=\"-11.980133;-77.06118200000003\" \/>\n<meta name=\"geo.region\" content=\"Per\u00fa\" \/>\n<!-- \/ Yoast SEO Premium plugin. -->","yoast_head_json":{"title":"FREIDORA ELECTRICA DE 02 CANASTILLAS DE 20 LITROS - SR14ESD - FRIONOX","description":"Estructura de acero inoxidable. Capacidad de aceite: 20 L. 2 canastillas de tama\u00f1o medio de acero con mango plastificado. Tina de fritura de f\u00e1cil limpieza. \u00c1rea de fritura de 348 x 348 x 133 mm,para la tina llena. V\u00e1lvula de drenaje de 1 1\/4\". Resistencias el\u00e9ctricas sumergibles de acero inoxidable. Termostato de acci\u00f3n autom\u00e1tica. Zona fr\u00eda amplia,captura y retiene part\u00edculas debajo del \u00e1rea de fritura,evita que se carbonicen y la contaminaci\u00f3n del aceite. Energ\u00eda: El\u00e9ctrica. Potencia el\u00e9ctrica: 14KW. Voltaje: 220 V \/ 60Hz \/ 3AC. Altura de trabajo: 874 mm. Altura total(considerando chimenea): 1120 mm. Con patas ajustables de acero de 152 mm. NOTA: *Laterales de acero inoxidable se cotiza por separado. *Set de 4 garruchas de 5\" se cotiza por separado. .","robots":{"index":"index","follow":"follow","max-snippet":"max-snippet:-1","max-image-preview":"max-image-preview:large","max-video-preview":"max-video-preview:-1"},"canonical":"https:\/\/frionox.com\/catalogo\/producto\/freidora-electrica-de-02-canastillas-de-20-litros-sr14esd\/","og_locale":"es_ES","og_type":"article","og_title":"FREIDORA ELECTRICA DE 02 CANASTILLAS DE 20 LITROS - SR14ESD","og_description":"Estructura de acero inoxidable. Capacidad de aceite: 20 L. 2 canastillas de tama\u00f1o medio de acero con mango plastificado. Tina de fritura de f\u00e1cil limpieza. \u00c1rea de fritura de 348 x 348 x 133 mm,para la tina llena. V\u00e1lvula de drenaje de 1 1\/4\". Resistencias el\u00e9ctricas sumergibles de acero inoxidable. Termostato de acci\u00f3n autom\u00e1tica. Zona fr\u00eda amplia,captura y retiene part\u00edculas debajo del \u00e1rea de fritura,evita que se carbonicen y la contaminaci\u00f3n del aceite. Energ\u00eda: El\u00e9ctrica. Potencia el\u00e9ctrica: 14KW. Voltaje: 220 V \/ 60Hz \/ 3AC. Altura de trabajo: 874 mm. Altura total(considerando chimenea): 1120 mm. Con patas ajustables de acero de 152 mm. NOTA: *Laterales de acero inoxidable se cotiza por separado. *Set de 4 garruchas de 5\" se cotiza por separado. .","og_url":"https:\/\/frionox.com\/catalogo\/producto\/freidora-electrica-de-02-canastillas-de-20-litros-sr14esd\/","og_site_name":"FRIONOX","article_publisher":"https:\/\/facebook.com\/frionox.pe","article_modified_time":"2026-03-11T20:24:30+00:00","og_image":[{"width":600,"height":600,"url":"https:\/\/frionox.com\/catalogo\/wp-content\/uploads\/2020\/04\/SR14ESD.jpg","type":"image\/jpeg"}],"twitter_card":"summary_large_image","twitter_site":"@frionoxsac","twitter_misc":{"Precio":"S\/3,245.00","Disponibilidad":"Disponible para reservar"},"schema":{"@context":"https:\/\/schema.org","@graph":[{"@type":"WebPage","@id":"https:\/\/frionox.com\/catalogo\/producto\/freidora-electrica-de-02-canastillas-de-20-litros-sr14esd\/","url":"https:\/\/frionox.com\/catalogo\/producto\/freidora-electrica-de-02-canastillas-de-20-litros-sr14esd\/","name":"FREIDORA ELECTRICA DE 02 CANASTILLAS DE 20 LITROS - SR14ESD - FRIONOX","isPartOf":{"@id":"https:\/\/frionox.com\/catalogo\/#website"},"primaryImageOfPage":{"@id":"https:\/\/frionox.com\/catalogo\/producto\/freidora-electrica-de-02-canastillas-de-20-litros-sr14esd\/#primaryimage"},"image":{"@id":"https:\/\/frionox.com\/catalogo\/producto\/freidora-electrica-de-02-canastillas-de-20-litros-sr14esd\/#primaryimage"},"thumbnailUrl":"https:\/\/frionox.com\/catalogo\/wp-content\/uploads\/2020\/04\/SR14ESD.jpg","datePublished":"2020-05-20T02:42:13+00:00","dateModified":"2026-03-11T20:24:30+00:00","description":"Estructura de acero inoxidable. Capacidad de aceite: 20 L. 2 canastillas de tama\u00f1o medio de acero con mango plastificado. Tina de fritura de f\u00e1cil limpieza. \u00c1rea de fritura de 348 x 348 x 133 mm,para la tina llena. V\u00e1lvula de drenaje de 1 1\/4\". Resistencias el\u00e9ctricas sumergibles de acero inoxidable. Termostato de acci\u00f3n autom\u00e1tica. Zona fr\u00eda amplia,captura y retiene part\u00edculas debajo del \u00e1rea de fritura,evita que se carbonicen y la contaminaci\u00f3n del aceite. Energ\u00eda: El\u00e9ctrica. Potencia el\u00e9ctrica: 14KW. Voltaje: 220 V \/ 60Hz \/ 3AC. Altura de trabajo: 874 mm. Altura total(considerando chimenea): 1120 mm. Con patas ajustables de acero de 152 mm. NOTA: *Laterales de acero inoxidable se cotiza por separado. *Set de 4 garruchas de 5\" se cotiza por separado. .","breadcrumb":{"@id":"https:\/\/frionox.com\/catalogo\/producto\/freidora-electrica-de-02-canastillas-de-20-litros-sr14esd\/#breadcrumb"},"inLanguage":"es","potentialAction":[{"@type":"ReadAction","target":["https:\/\/frionox.com\/catalogo\/producto\/freidora-electrica-de-02-canastillas-de-20-litros-sr14esd\/"]}]},{"@type":"ImageObject","inLanguage":"es","@id":"https:\/\/frionox.com\/catalogo\/producto\/freidora-electrica-de-02-canastillas-de-20-litros-sr14esd\/#primaryimage","url":"https:\/\/frionox.com\/catalogo\/wp-content\/uploads\/2020\/04\/SR14ESD.jpg","contentUrl":"https:\/\/frionox.com\/catalogo\/wp-content\/uploads\/2020\/04\/SR14ESD.jpg","width":600,"height":600},{"@type":"BreadcrumbList","@id":"https:\/\/frionox.com\/catalogo\/producto\/freidora-electrica-de-02-canastillas-de-20-litros-sr14esd\/#breadcrumb","itemListElement":[{"@type":"ListItem","position":1,"name":"Portada","item":"https:\/\/frionox.com\/catalogo\/"},{"@type":"ListItem","position":2,"name":"Hornos Industriales, Licuadoras Industriales, Cocinas y m\u00e1s","item":"https:\/\/frionox.com\/catalogo\/tienda\/"},{"@type":"ListItem","position":3,"name":"FREIDORA ELECTRICA DE 02 CANASTILLAS DE 20 LITROS &#8211; SR14ESD"}]},{"@type":"WebSite","@id":"https:\/\/frionox.com\/catalogo\/#website","url":"https:\/\/frionox.com\/catalogo\/","name":"FRIONOX","description":"Equipamiento de cocinas","publisher":{"@id":"https:\/\/frionox.com\/catalogo\/#organization"},"potentialAction":[{"@type":"SearchAction","target":{"@type":"EntryPoint","urlTemplate":"https:\/\/frionox.com\/catalogo\/?s={search_term_string}"},"query-input":{"@type":"PropertyValueSpecification","valueRequired":true,"valueName":"search_term_string"}}],"inLanguage":"es"},{"@type":["Organization","Place","LocalBusiness"],"@id":"https:\/\/frionox.com\/catalogo\/#organization","name":"Frionox Equipamiento de cocinas","url":"https:\/\/frionox.com\/catalogo\/","logo":{"@id":"https:\/\/frionox.com\/catalogo\/producto\/freidora-electrica-de-02-canastillas-de-20-litros-sr14esd\/#local-main-organization-logo"},"image":{"@id":"https:\/\/frionox.com\/catalogo\/producto\/freidora-electrica-de-02-canastillas-de-20-litros-sr14esd\/#local-main-organization-logo"},"sameAs":["https:\/\/facebook.com\/frionox.pe","https:\/\/x.com\/frionoxsac","https:\/\/youtube.com\/@FRIONOXEQUIPAMIENTODECOCINA"],"address":{"@id":"https:\/\/frionox.com\/catalogo\/producto\/freidora-electrica-de-02-canastillas-de-20-litros-sr14esd\/#local-main-place-address"},"geo":{"@type":"GeoCoordinates","latitude":"-11.980133","longitude":"-77.06118200000003"},"telephone":["+5115221181"],"openingHoursSpecification":[{"@type":"OpeningHoursSpecification","dayOfWeek":["Monday","Tuesday","Wednesday","Thursday","Friday","Saturday"],"opens":"08:00","closes":"18:00"},{"@type":"OpeningHoursSpecification","dayOfWeek":["Sunday"],"opens":"00:00","closes":"00:00"}],"email":"cotizaciones@frionox.com"},{"@type":"PostalAddress","@id":"https:\/\/frionox.com\/catalogo\/producto\/freidora-electrica-de-02-canastillas-de-20-litros-sr14esd\/#local-main-place-address","streetAddress":"Av. Oscar R. Benavides 1624","addressLocality":"Cercado de Lima","postalCode":"15082","addressRegion":"Lima","addressCountry":"PE"},{"@type":"ImageObject","inLanguage":"es","@id":"https:\/\/frionox.com\/catalogo\/producto\/freidora-electrica-de-02-canastillas-de-20-litros-sr14esd\/#local-main-organization-logo","url":"https:\/\/frionox.com\/catalogo\/wp-content\/uploads\/2020\/04\/LOGO-MOBILE.png","contentUrl":"https:\/\/frionox.com\/catalogo\/wp-content\/uploads\/2020\/04\/LOGO-MOBILE.png","width":203,"height":61,"caption":"Frionox Equipamiento de cocinas"}]},"product_price_amount":"3245.00","product_price_currency":"PEN","og_availability":"backorder","product_availability":"available for order","product_retailer_item_id":"SR14ESD","product_condition":"new","geo.placename":"Cercado de Lima","geo.position":{"lat":"-11.980133","long":"-77.06118200000003"},"geo.region":"Per\u00fa"},"_links":{"self":[{"href":"https:\/\/frionox.com\/catalogo\/wp-json\/wp\/v2\/product\/14046","targetHints":{"allow":["GET"]}}],"collection":[{"href":"https:\/\/frionox.com\/catalogo\/wp-json\/wp\/v2\/product"}],"about":[{"href":"https:\/\/frionox.com\/catalogo\/wp-json\/wp\/v2\/types\/product"}],"replies":[{"embeddable":true,"href":"https:\/\/frionox.com\/catalogo\/wp-json\/wp\/v2\/comments?post=14046"}],"wp:featuredmedia":[{"embeddable":true,"href":"https:\/\/frionox.com\/catalogo\/wp-json\/wp\/v2\/media\/12604"}],"wp:attachment":[{"href":"https:\/\/frionox.com\/catalogo\/wp-json\/wp\/v2\/media?parent=14046"}],"wp:term":[{"taxonomy":"product_brand","embeddable":true,"href":"https:\/\/frionox.com\/catalogo\/wp-json\/wp\/v2\/product_brand?post=14046"},{"taxonomy":"product_cat","embeddable":true,"href":"https:\/\/frionox.com\/catalogo\/wp-json\/wp\/v2\/product_cat?post=14046"},{"taxonomy":"product_tag","embeddable":true,"href":"https:\/\/frionox.com\/catalogo\/wp-json\/wp\/v2\/product_tag?post=14046"}],"curies":[{"name":"wp","href":"https:\/\/api.w.org\/{rel}","templated":true}]}}