{"id":14023,"date":"2020-05-19T21:42:09","date_gmt":"2020-05-20T02:42:09","guid":{"rendered":"https:\/\/frionox.com\/catalogo\/producto\/horno-combinado-electrico-06-bandejas-c4et6-10es\/"},"modified":"2026-03-28T18:26:43","modified_gmt":"2026-03-28T23:26:43","slug":"horno-combinado-electrico-06-bandejas-c4et6-10es","status":"publish","type":"product","link":"https:\/\/frionox.com\/catalogo\/producto\/horno-combinado-electrico-06-bandejas-c4et6-10es\/","title":{"rendered":"HORNO COMBINADO ELECTRICO 06 BANDEJAS &#8211; C4ET6.10ES"},"content":{"rendered":"<p>&#8216;-Horno el\u00e9ctrico, sin caldera, (6) bandeja de tama\u00f1o mediano o (6) 12 &#8220;x 20&#8221; x 1 &#8220;. -Panel de control EasyTouch de 9&#8221;,399 perfiles de cocci\u00f3n de hasta 20 pasos cada uno, (4 ) modos de cocci\u00f3n: aire caliente, vapor, vapor combinado, sonda de temperatura de n\u00facleo multipunto, ventilador de inversi\u00f3n autom\u00e1tica de cinco velocidades, manija de puerta higi\u00e9nica antimicrobiana, manguera de spray extra\u00edble, sistema de limpieza manos libres totalmente autom\u00e1tico ConvoClean + , construcci\u00f3n en acero inoxidable, sin ventilaci\u00f3n en la lista UL.Voltaje : 380\/60Hz\/3F,potencia conectada-electricidad:9\/11.8 KW,intensidad de corriente:25\/28.5 amp.<\/p>\n","protected":false},"excerpt":{"rendered":"<p>&#8216;-Horno el\u00e9ctrico, sin caldera, (6) bandeja de tama\u00f1o mediano o (6) 12 &#8220;x 20&#8221; x 1 &#8220;. -Panel de control EasyTouch de 9&#8221;,399 perfiles de cocci\u00f3n de hasta 20 pasos cada uno, (4 ) modos de cocci\u00f3n: aire caliente, vapor, vapor combinado, sonda de temperatura de n\u00facleo multipunto, ventilador de inversi\u00f3n autom\u00e1tica de cinco velocidades, manija de puerta higi\u00e9nica antimicrobiana, manguera de spray extra\u00edble, sistema de limpieza manos libres totalmente autom\u00e1tico ConvoClean + , construcci\u00f3n en acero inoxidable, sin ventilaci\u00f3n en la lista UL.Voltaje : 380\/60Hz\/3F,potencia conectada-electricidad:9\/11.8 KW,intensidad de corriente:25\/28.5 amp.<\/p>\n","protected":false},"featured_media":12115,"comment_status":"open","ping_status":"closed","template":"","meta":[],"product_brand":[],"product_cat":[117],"product_tag":[],"class_list":{"0":"post-14023","1":"product","2":"type-product","3":"status-publish","4":"has-post-thumbnail","6":"product_cat-hornos-industriales","7":"pa_marcas-convotherm","9":"first","10":"onbackorder","11":"shipping-taxable","12":"purchasable","13":"product-type-simple"},"yoast_head":"<!-- This site is optimized with the Yoast SEO Premium plugin v27.1 (Yoast SEO v27.1.1) - https:\/\/yoast.com\/product\/yoast-seo-premium-wordpress\/ -->\n<title>HORNO COMBINADO ELECTRICO 06 BANDEJAS - C4ET6.10ES - FRIONOX<\/title>\n<meta name=\"description\" content=\"&#039;-Horno el\u00e9ctrico, sin caldera, (6) bandeja de tama\u00f1o mediano o (6) 12 &quot;x 20&quot; x 1 &quot;. -Panel de control EasyTouch de 9&quot;,399 perfiles de cocci\u00f3n de hasta 20 pasos cada uno, (4 ) modos de cocci\u00f3n: aire caliente, vapor, vapor combinado, sonda de temperatura de n\u00facleo multipunto, ventilador de inversi\u00f3n autom\u00e1tica de cinco velocidades, manija de puerta higi\u00e9nica antimicrobiana, manguera de spray extra\u00edble, sistema de limpieza manos libres totalmente autom\u00e1tico ConvoClean + , construcci\u00f3n en acero inoxidable, sin ventilaci\u00f3n en la lista UL.Voltaje : 380\/60Hz\/3F,potencia conectada-electricidad:9\/11.8 KW,intensidad de corriente:25\/28.5 amp.\" \/>\n<meta name=\"robots\" content=\"index, follow, max-snippet:-1, max-image-preview:large, max-video-preview:-1\" \/>\n<link rel=\"canonical\" href=\"https:\/\/frionox.com\/catalogo\/producto\/horno-combinado-electrico-06-bandejas-c4et6-10es\/\" \/>\n<meta property=\"og:locale\" content=\"es_ES\" \/>\n<meta property=\"og:type\" content=\"article\" \/>\n<meta property=\"og:title\" content=\"HORNO COMBINADO ELECTRICO 06 BANDEJAS - C4ET6.10ES\" \/>\n<meta property=\"og:description\" content=\"&#039;-Horno el\u00e9ctrico, sin caldera, (6) bandeja de tama\u00f1o mediano o (6) 12 &quot;x 20&quot; x 1 &quot;. -Panel de control EasyTouch de 9&quot;,399 perfiles de cocci\u00f3n de hasta 20 pasos cada uno, (4 ) modos de cocci\u00f3n: aire caliente, vapor, vapor combinado, sonda de temperatura de n\u00facleo multipunto, ventilador de inversi\u00f3n autom\u00e1tica de cinco velocidades, manija de puerta higi\u00e9nica antimicrobiana, manguera de spray extra\u00edble, sistema de limpieza manos libres totalmente autom\u00e1tico ConvoClean + , construcci\u00f3n en acero inoxidable, sin ventilaci\u00f3n en la lista UL.Voltaje : 380\/60Hz\/3F,potencia conectada-electricidad:9\/11.8 KW,intensidad de corriente:25\/28.5 amp.\" \/>\n<meta property=\"og:url\" content=\"https:\/\/frionox.com\/catalogo\/producto\/horno-combinado-electrico-06-bandejas-c4et6-10es\/\" \/>\n<meta property=\"og:site_name\" content=\"FRIONOX\" \/>\n<meta property=\"article:publisher\" content=\"https:\/\/facebook.com\/frionox.pe\" \/>\n<meta property=\"article:modified_time\" content=\"2026-03-28T23:26:43+00:00\" \/>\n<meta property=\"og:image\" content=\"https:\/\/frionox.com\/catalogo\/wp-content\/uploads\/2020\/04\/C4ET6.10ES.jpg\" \/>\n\t<meta property=\"og:image:width\" content=\"600\" \/>\n\t<meta property=\"og:image:height\" content=\"600\" \/>\n\t<meta property=\"og:image:type\" content=\"image\/jpeg\" \/>\n<meta name=\"twitter:card\" content=\"summary_large_image\" \/>\n<meta name=\"twitter:site\" content=\"@frionoxsac\" \/>\n<meta name=\"twitter:label1\" content=\"Precio\" \/>\n\t<meta name=\"twitter:data1\" content=\"S\/18,856.77\" \/>\n\t<meta name=\"twitter:label2\" content=\"Disponibilidad\" \/>\n\t<meta name=\"twitter:data2\" content=\"Disponible para reservar\" \/>\n<script type=\"application\/ld+json\" class=\"yoast-schema-graph\">{\"@context\":\"https:\/\/schema.org\",\"@graph\":[{\"@type\":\"WebPage\",\"@id\":\"https:\/\/frionox.com\/catalogo\/producto\/horno-combinado-electrico-06-bandejas-c4et6-10es\/\",\"url\":\"https:\/\/frionox.com\/catalogo\/producto\/horno-combinado-electrico-06-bandejas-c4et6-10es\/\",\"name\":\"HORNO COMBINADO ELECTRICO 06 BANDEJAS - C4ET6.10ES - FRIONOX\",\"isPartOf\":{\"@id\":\"https:\/\/frionox.com\/catalogo\/#website\"},\"primaryImageOfPage\":{\"@id\":\"https:\/\/frionox.com\/catalogo\/producto\/horno-combinado-electrico-06-bandejas-c4et6-10es\/#primaryimage\"},\"image\":{\"@id\":\"https:\/\/frionox.com\/catalogo\/producto\/horno-combinado-electrico-06-bandejas-c4et6-10es\/#primaryimage\"},\"thumbnailUrl\":\"https:\/\/frionox.com\/catalogo\/wp-content\/uploads\/2020\/04\/C4ET6.10ES.jpg\",\"datePublished\":\"2020-05-20T02:42:09+00:00\",\"dateModified\":\"2026-03-28T23:26:43+00:00\",\"description\":\"'-Horno el\u00e9ctrico, sin caldera, (6) bandeja de tama\u00f1o mediano o (6) 12 \\\"x 20\\\" x 1 \\\". -Panel de control EasyTouch de 9\\\",399 perfiles de cocci\u00f3n de hasta 20 pasos cada uno, (4 ) modos de cocci\u00f3n: aire caliente, vapor, vapor combinado, sonda de temperatura de n\u00facleo multipunto, ventilador de inversi\u00f3n autom\u00e1tica de cinco velocidades, manija de puerta higi\u00e9nica antimicrobiana, manguera de spray extra\u00edble, sistema de limpieza manos libres totalmente autom\u00e1tico ConvoClean + , construcci\u00f3n en acero inoxidable, sin ventilaci\u00f3n en la lista UL.Voltaje : 380\/60Hz\/3F,potencia conectada-electricidad:9\/11.8 KW,intensidad de corriente:25\/28.5 amp.\",\"breadcrumb\":{\"@id\":\"https:\/\/frionox.com\/catalogo\/producto\/horno-combinado-electrico-06-bandejas-c4et6-10es\/#breadcrumb\"},\"inLanguage\":\"es\",\"potentialAction\":[{\"@type\":\"ReadAction\",\"target\":[\"https:\/\/frionox.com\/catalogo\/producto\/horno-combinado-electrico-06-bandejas-c4et6-10es\/\"]}]},{\"@type\":\"ImageObject\",\"inLanguage\":\"es\",\"@id\":\"https:\/\/frionox.com\/catalogo\/producto\/horno-combinado-electrico-06-bandejas-c4et6-10es\/#primaryimage\",\"url\":\"https:\/\/frionox.com\/catalogo\/wp-content\/uploads\/2020\/04\/C4ET6.10ES.jpg\",\"contentUrl\":\"https:\/\/frionox.com\/catalogo\/wp-content\/uploads\/2020\/04\/C4ET6.10ES.jpg\",\"width\":600,\"height\":600},{\"@type\":\"BreadcrumbList\",\"@id\":\"https:\/\/frionox.com\/catalogo\/producto\/horno-combinado-electrico-06-bandejas-c4et6-10es\/#breadcrumb\",\"itemListElement\":[{\"@type\":\"ListItem\",\"position\":1,\"name\":\"Portada\",\"item\":\"https:\/\/frionox.com\/catalogo\/\"},{\"@type\":\"ListItem\",\"position\":2,\"name\":\"Hornos Industriales, Licuadoras Industriales, Cocinas y m\u00e1s\",\"item\":\"https:\/\/frionox.com\/catalogo\/tienda\/\"},{\"@type\":\"ListItem\",\"position\":3,\"name\":\"HORNO COMBINADO ELECTRICO 06 BANDEJAS &#8211; C4ET6.10ES\"}]},{\"@type\":\"WebSite\",\"@id\":\"https:\/\/frionox.com\/catalogo\/#website\",\"url\":\"https:\/\/frionox.com\/catalogo\/\",\"name\":\"FRIONOX\",\"description\":\"Equipamiento de cocinas\",\"publisher\":{\"@id\":\"https:\/\/frionox.com\/catalogo\/#organization\"},\"potentialAction\":[{\"@type\":\"SearchAction\",\"target\":{\"@type\":\"EntryPoint\",\"urlTemplate\":\"https:\/\/frionox.com\/catalogo\/?s={search_term_string}\"},\"query-input\":{\"@type\":\"PropertyValueSpecification\",\"valueRequired\":true,\"valueName\":\"search_term_string\"}}],\"inLanguage\":\"es\"},{\"@type\":[\"Organization\",\"Place\",\"LocalBusiness\"],\"@id\":\"https:\/\/frionox.com\/catalogo\/#organization\",\"name\":\"Frionox Equipamiento de cocinas\",\"url\":\"https:\/\/frionox.com\/catalogo\/\",\"logo\":{\"@id\":\"https:\/\/frionox.com\/catalogo\/producto\/horno-combinado-electrico-06-bandejas-c4et6-10es\/#local-main-organization-logo\"},\"image\":{\"@id\":\"https:\/\/frionox.com\/catalogo\/producto\/horno-combinado-electrico-06-bandejas-c4et6-10es\/#local-main-organization-logo\"},\"sameAs\":[\"https:\/\/facebook.com\/frionox.pe\",\"https:\/\/x.com\/frionoxsac\",\"https:\/\/youtube.com\/@FRIONOXEQUIPAMIENTODECOCINA\"],\"address\":{\"@id\":\"https:\/\/frionox.com\/catalogo\/producto\/horno-combinado-electrico-06-bandejas-c4et6-10es\/#local-main-place-address\"},\"geo\":{\"@type\":\"GeoCoordinates\",\"latitude\":\"-11.980133\",\"longitude\":\"-77.06118200000003\"},\"telephone\":[\"+5115221181\"],\"openingHoursSpecification\":[{\"@type\":\"OpeningHoursSpecification\",\"dayOfWeek\":[\"Monday\",\"Tuesday\",\"Wednesday\",\"Thursday\",\"Friday\",\"Saturday\"],\"opens\":\"08:00\",\"closes\":\"18:00\"},{\"@type\":\"OpeningHoursSpecification\",\"dayOfWeek\":[\"Sunday\"],\"opens\":\"00:00\",\"closes\":\"00:00\"}],\"email\":\"cotizaciones@frionox.com\"},{\"@type\":\"PostalAddress\",\"@id\":\"https:\/\/frionox.com\/catalogo\/producto\/horno-combinado-electrico-06-bandejas-c4et6-10es\/#local-main-place-address\",\"streetAddress\":\"Av. Oscar R. Benavides 1624\",\"addressLocality\":\"Cercado de Lima\",\"postalCode\":\"15082\",\"addressRegion\":\"Lima\",\"addressCountry\":\"PE\"},{\"@type\":\"ImageObject\",\"inLanguage\":\"es\",\"@id\":\"https:\/\/frionox.com\/catalogo\/producto\/horno-combinado-electrico-06-bandejas-c4et6-10es\/#local-main-organization-logo\",\"url\":\"https:\/\/frionox.com\/catalogo\/wp-content\/uploads\/2020\/04\/LOGO-MOBILE.png\",\"contentUrl\":\"https:\/\/frionox.com\/catalogo\/wp-content\/uploads\/2020\/04\/LOGO-MOBILE.png\",\"width\":203,\"height\":61,\"caption\":\"Frionox Equipamiento de cocinas\"}]}<\/script>\n<meta property=\"product:price:amount\" content=\"18856.77\" \/>\n<meta property=\"product:price:currency\" content=\"PEN\" \/>\n<meta property=\"og:availability\" content=\"backorder\" \/>\n<meta property=\"product:availability\" content=\"available for order\" \/>\n<meta property=\"product:retailer_item_id\" content=\"C4ET6.10ES\" \/>\n<meta property=\"product:condition\" content=\"new\" \/>\n<meta name=\"geo.placename\" content=\"Cercado de Lima\" \/>\n<meta name=\"geo.position\" content=\"-11.980133;-77.06118200000003\" \/>\n<meta name=\"geo.region\" content=\"Per\u00fa\" \/>\n<!-- \/ Yoast SEO Premium plugin. -->","yoast_head_json":{"title":"HORNO COMBINADO ELECTRICO 06 BANDEJAS - C4ET6.10ES - FRIONOX","description":"'-Horno el\u00e9ctrico, sin caldera, (6) bandeja de tama\u00f1o mediano o (6) 12 \"x 20\" x 1 \". -Panel de control EasyTouch de 9\",399 perfiles de cocci\u00f3n de hasta 20 pasos cada uno, (4 ) modos de cocci\u00f3n: aire caliente, vapor, vapor combinado, sonda de temperatura de n\u00facleo multipunto, ventilador de inversi\u00f3n autom\u00e1tica de cinco velocidades, manija de puerta higi\u00e9nica antimicrobiana, manguera de spray extra\u00edble, sistema de limpieza manos libres totalmente autom\u00e1tico ConvoClean + , construcci\u00f3n en acero inoxidable, sin ventilaci\u00f3n en la lista UL.Voltaje : 380\/60Hz\/3F,potencia conectada-electricidad:9\/11.8 KW,intensidad de corriente:25\/28.5 amp.","robots":{"index":"index","follow":"follow","max-snippet":"max-snippet:-1","max-image-preview":"max-image-preview:large","max-video-preview":"max-video-preview:-1"},"canonical":"https:\/\/frionox.com\/catalogo\/producto\/horno-combinado-electrico-06-bandejas-c4et6-10es\/","og_locale":"es_ES","og_type":"article","og_title":"HORNO COMBINADO ELECTRICO 06 BANDEJAS - C4ET6.10ES","og_description":"'-Horno el\u00e9ctrico, sin caldera, (6) bandeja de tama\u00f1o mediano o (6) 12 \"x 20\" x 1 \". -Panel de control EasyTouch de 9\",399 perfiles de cocci\u00f3n de hasta 20 pasos cada uno, (4 ) modos de cocci\u00f3n: aire caliente, vapor, vapor combinado, sonda de temperatura de n\u00facleo multipunto, ventilador de inversi\u00f3n autom\u00e1tica de cinco velocidades, manija de puerta higi\u00e9nica antimicrobiana, manguera de spray extra\u00edble, sistema de limpieza manos libres totalmente autom\u00e1tico ConvoClean + , construcci\u00f3n en acero inoxidable, sin ventilaci\u00f3n en la lista UL.Voltaje : 380\/60Hz\/3F,potencia conectada-electricidad:9\/11.8 KW,intensidad de corriente:25\/28.5 amp.","og_url":"https:\/\/frionox.com\/catalogo\/producto\/horno-combinado-electrico-06-bandejas-c4et6-10es\/","og_site_name":"FRIONOX","article_publisher":"https:\/\/facebook.com\/frionox.pe","article_modified_time":"2026-03-28T23:26:43+00:00","og_image":[{"width":600,"height":600,"url":"https:\/\/frionox.com\/catalogo\/wp-content\/uploads\/2020\/04\/C4ET6.10ES.jpg","type":"image\/jpeg"}],"twitter_card":"summary_large_image","twitter_site":"@frionoxsac","twitter_misc":{"Precio":"S\/18,856.77","Disponibilidad":"Disponible para reservar"},"schema":{"@context":"https:\/\/schema.org","@graph":[{"@type":"WebPage","@id":"https:\/\/frionox.com\/catalogo\/producto\/horno-combinado-electrico-06-bandejas-c4et6-10es\/","url":"https:\/\/frionox.com\/catalogo\/producto\/horno-combinado-electrico-06-bandejas-c4et6-10es\/","name":"HORNO COMBINADO ELECTRICO 06 BANDEJAS - C4ET6.10ES - FRIONOX","isPartOf":{"@id":"https:\/\/frionox.com\/catalogo\/#website"},"primaryImageOfPage":{"@id":"https:\/\/frionox.com\/catalogo\/producto\/horno-combinado-electrico-06-bandejas-c4et6-10es\/#primaryimage"},"image":{"@id":"https:\/\/frionox.com\/catalogo\/producto\/horno-combinado-electrico-06-bandejas-c4et6-10es\/#primaryimage"},"thumbnailUrl":"https:\/\/frionox.com\/catalogo\/wp-content\/uploads\/2020\/04\/C4ET6.10ES.jpg","datePublished":"2020-05-20T02:42:09+00:00","dateModified":"2026-03-28T23:26:43+00:00","description":"'-Horno el\u00e9ctrico, sin caldera, (6) bandeja de tama\u00f1o mediano o (6) 12 \"x 20\" x 1 \". -Panel de control EasyTouch de 9\",399 perfiles de cocci\u00f3n de hasta 20 pasos cada uno, (4 ) modos de cocci\u00f3n: aire caliente, vapor, vapor combinado, sonda de temperatura de n\u00facleo multipunto, ventilador de inversi\u00f3n autom\u00e1tica de cinco velocidades, manija de puerta higi\u00e9nica antimicrobiana, manguera de spray extra\u00edble, sistema de limpieza manos libres totalmente autom\u00e1tico ConvoClean + , construcci\u00f3n en acero inoxidable, sin ventilaci\u00f3n en la lista UL.Voltaje : 380\/60Hz\/3F,potencia conectada-electricidad:9\/11.8 KW,intensidad de corriente:25\/28.5 amp.","breadcrumb":{"@id":"https:\/\/frionox.com\/catalogo\/producto\/horno-combinado-electrico-06-bandejas-c4et6-10es\/#breadcrumb"},"inLanguage":"es","potentialAction":[{"@type":"ReadAction","target":["https:\/\/frionox.com\/catalogo\/producto\/horno-combinado-electrico-06-bandejas-c4et6-10es\/"]}]},{"@type":"ImageObject","inLanguage":"es","@id":"https:\/\/frionox.com\/catalogo\/producto\/horno-combinado-electrico-06-bandejas-c4et6-10es\/#primaryimage","url":"https:\/\/frionox.com\/catalogo\/wp-content\/uploads\/2020\/04\/C4ET6.10ES.jpg","contentUrl":"https:\/\/frionox.com\/catalogo\/wp-content\/uploads\/2020\/04\/C4ET6.10ES.jpg","width":600,"height":600},{"@type":"BreadcrumbList","@id":"https:\/\/frionox.com\/catalogo\/producto\/horno-combinado-electrico-06-bandejas-c4et6-10es\/#breadcrumb","itemListElement":[{"@type":"ListItem","position":1,"name":"Portada","item":"https:\/\/frionox.com\/catalogo\/"},{"@type":"ListItem","position":2,"name":"Hornos Industriales, Licuadoras Industriales, Cocinas y m\u00e1s","item":"https:\/\/frionox.com\/catalogo\/tienda\/"},{"@type":"ListItem","position":3,"name":"HORNO COMBINADO ELECTRICO 06 BANDEJAS &#8211; C4ET6.10ES"}]},{"@type":"WebSite","@id":"https:\/\/frionox.com\/catalogo\/#website","url":"https:\/\/frionox.com\/catalogo\/","name":"FRIONOX","description":"Equipamiento de cocinas","publisher":{"@id":"https:\/\/frionox.com\/catalogo\/#organization"},"potentialAction":[{"@type":"SearchAction","target":{"@type":"EntryPoint","urlTemplate":"https:\/\/frionox.com\/catalogo\/?s={search_term_string}"},"query-input":{"@type":"PropertyValueSpecification","valueRequired":true,"valueName":"search_term_string"}}],"inLanguage":"es"},{"@type":["Organization","Place","LocalBusiness"],"@id":"https:\/\/frionox.com\/catalogo\/#organization","name":"Frionox Equipamiento de cocinas","url":"https:\/\/frionox.com\/catalogo\/","logo":{"@id":"https:\/\/frionox.com\/catalogo\/producto\/horno-combinado-electrico-06-bandejas-c4et6-10es\/#local-main-organization-logo"},"image":{"@id":"https:\/\/frionox.com\/catalogo\/producto\/horno-combinado-electrico-06-bandejas-c4et6-10es\/#local-main-organization-logo"},"sameAs":["https:\/\/facebook.com\/frionox.pe","https:\/\/x.com\/frionoxsac","https:\/\/youtube.com\/@FRIONOXEQUIPAMIENTODECOCINA"],"address":{"@id":"https:\/\/frionox.com\/catalogo\/producto\/horno-combinado-electrico-06-bandejas-c4et6-10es\/#local-main-place-address"},"geo":{"@type":"GeoCoordinates","latitude":"-11.980133","longitude":"-77.06118200000003"},"telephone":["+5115221181"],"openingHoursSpecification":[{"@type":"OpeningHoursSpecification","dayOfWeek":["Monday","Tuesday","Wednesday","Thursday","Friday","Saturday"],"opens":"08:00","closes":"18:00"},{"@type":"OpeningHoursSpecification","dayOfWeek":["Sunday"],"opens":"00:00","closes":"00:00"}],"email":"cotizaciones@frionox.com"},{"@type":"PostalAddress","@id":"https:\/\/frionox.com\/catalogo\/producto\/horno-combinado-electrico-06-bandejas-c4et6-10es\/#local-main-place-address","streetAddress":"Av. Oscar R. Benavides 1624","addressLocality":"Cercado de Lima","postalCode":"15082","addressRegion":"Lima","addressCountry":"PE"},{"@type":"ImageObject","inLanguage":"es","@id":"https:\/\/frionox.com\/catalogo\/producto\/horno-combinado-electrico-06-bandejas-c4et6-10es\/#local-main-organization-logo","url":"https:\/\/frionox.com\/catalogo\/wp-content\/uploads\/2020\/04\/LOGO-MOBILE.png","contentUrl":"https:\/\/frionox.com\/catalogo\/wp-content\/uploads\/2020\/04\/LOGO-MOBILE.png","width":203,"height":61,"caption":"Frionox Equipamiento de cocinas"}]},"product_price_amount":"18856.77","product_price_currency":"PEN","og_availability":"backorder","product_availability":"available for order","product_retailer_item_id":"C4ET6.10ES","product_condition":"new","geo.placename":"Cercado de Lima","geo.position":{"lat":"-11.980133","long":"-77.06118200000003"},"geo.region":"Per\u00fa"},"_links":{"self":[{"href":"https:\/\/frionox.com\/catalogo\/wp-json\/wp\/v2\/product\/14023","targetHints":{"allow":["GET"]}}],"collection":[{"href":"https:\/\/frionox.com\/catalogo\/wp-json\/wp\/v2\/product"}],"about":[{"href":"https:\/\/frionox.com\/catalogo\/wp-json\/wp\/v2\/types\/product"}],"replies":[{"embeddable":true,"href":"https:\/\/frionox.com\/catalogo\/wp-json\/wp\/v2\/comments?post=14023"}],"wp:featuredmedia":[{"embeddable":true,"href":"https:\/\/frionox.com\/catalogo\/wp-json\/wp\/v2\/media\/12115"}],"wp:attachment":[{"href":"https:\/\/frionox.com\/catalogo\/wp-json\/wp\/v2\/media?parent=14023"}],"wp:term":[{"taxonomy":"product_brand","embeddable":true,"href":"https:\/\/frionox.com\/catalogo\/wp-json\/wp\/v2\/product_brand?post=14023"},{"taxonomy":"product_cat","embeddable":true,"href":"https:\/\/frionox.com\/catalogo\/wp-json\/wp\/v2\/product_cat?post=14023"},{"taxonomy":"product_tag","embeddable":true,"href":"https:\/\/frionox.com\/catalogo\/wp-json\/wp\/v2\/product_tag?post=14023"}],"curies":[{"name":"wp","href":"https:\/\/api.w.org\/{rel}","templated":true}]}}