{"id":13029,"date":"2020-04-16T17:19:20","date_gmt":"2020-04-16T22:19:20","guid":{"rendered":"https:\/\/frionox.com\/catalogo\/producto\/self-cooking-center-scc-201g5s-20-bandejas-gn-1-1x2-5-scc-201g-220v\/"},"modified":"2026-03-17T20:20:50","modified_gmt":"2026-03-18T01:20:50","slug":"self-cooking-center-scc-201g5s-20-bandejas-gn-1-1x2-5-scc-201g-220v","status":"publish","type":"product","link":"https:\/\/frionox.com\/catalogo\/producto\/self-cooking-center-scc-201g5s-20-bandejas-gn-1-1x2-5-scc-201g-220v\/","title":{"rendered":"HORNO RATIONAL&#x1f947; SELF COOKING CENTER (SCC 201G5S 20 BANDEJAS GN 1\/1&#215;2.5&#8243;) &#8211; SCC-201G-220V"},"content":{"rendered":"<p>Genera vapor fresco,puro e higi\u00e9nico,mediante caldera con descalcificaci\u00f3n autom\u00e1tica. Cooking Control <\/p>\n<p>&#8211; 7 modos de cocci\u00f3n (carne, ave, pescado, guarniciones, ovoproducto, pasteler\u00eda, Finishing).<br \/>\n&#8211; Modo Vaporizador Combinado: Vapor entre 30\u00b0 C y 130\u00b0 C \/ Aire caliente de 30\u00b0 C a 300\u00b0 C \/<br \/>\n&#8211; Combinaci\u00f3n de vapor y aire caliente de 30\u00b0 C-300\u00b0 C.<br \/>\n&#8211; 7 niveles de limpieza para la ejecuci\u00f3n sin vigilancia de los procesos de limpieza y mantenimiento tambi\u00e9n en servicio nocturno.<br \/>\n&#8211; Visualizaci\u00f3n del estado de suciedad y mantenimiento.<br \/>\n&#8211; Sonda t\u00e9rmica con 6 puntos de medici\u00f3n en el alimento, correcci\u00f3n autom\u00e1tica en caso de inexactitud al pinchar y posicionador para sonda t\u00e9rmica.<br \/>\n&#8211; Memoria para almacenar hasta 1200 programas de cocci\u00f3n con un m\u00e1ximo de 12 pasos por programa.<br \/>\n&#8211; 5 velocidades programables de circulaci\u00f3n del aire en cabina.<br \/>\n&#8211; Adaptaci\u00f3n autom\u00e1tica a las caracter\u00edsticas del lugar de instalaci\u00f3n (altitud, clima, etc.).<br \/>\n&#8211; 5 niveles programables de fermentaci\u00f3n.<br \/>\n&#8211; Capacidad: 150 a 300 comidas por turno (20&#215;1\/1&#215;2.5&#8243;GN).<br \/>\n&#8211; Energ\u00eda : Gas GLP (opcional gas natural)<br \/>\n&#8211; Potencia de gas: 164000 BTU\/HR (44KW)<br \/>\n&#8211; Toma de gas: 3\/4&#8221;NPT Potencia el\u00e9ctrica: 0.95 kW Voltaje: 220 V \/ 60Hz \/ 1AC<br \/>\n&#8211; Presi\u00f3n de agua: 25 &#8211; 80 PSI. .<\/p>\n","protected":false},"excerpt":{"rendered":"<p>&#8216;- Capacidad: 150 a 300 comidas por turno (20&#215;1\/1&#215;2.5&#8243;GN).<br \/>\n&#8211; Energ\u00eda : Gas GLP (opcional gas natural)<br \/>\n&#8211; Potencia de gas: 164000 BTU\/HR (44KW)<br \/>\n&#8211; Toma de gas: 3\/4&#8221;NPT Potencia el\u00e9ctrica: 0.95 kW Voltaje: 220 V \/ 60Hz \/ 1AC<br \/>\n&#8211; Presi\u00f3n de agua: 25 &#8211; 80 PSI. .<\/p>\n","protected":false},"featured_media":12289,"comment_status":"open","ping_status":"closed","template":"","meta":[],"product_brand":[],"product_cat":[117],"product_tag":[],"class_list":{"0":"post-13029","1":"product","2":"type-product","3":"status-publish","4":"has-post-thumbnail","6":"product_cat-hornos-industriales","7":"pa_marcas-rational","9":"first","10":"onbackorder","11":"shipping-taxable","12":"purchasable","13":"product-type-simple"},"yoast_head":"<!-- This site is optimized with the Yoast SEO Premium plugin v27.1 (Yoast SEO v27.1.1) - https:\/\/yoast.com\/product\/yoast-seo-premium-wordpress\/ -->\n<title>HORNO RATIONAL&#x1f947; SELF COOKING CENTER (SCC 201G5S 20 BANDEJAS GN 1\/1x2.5&quot;) - SCC-201G-220V - FRIONOX<\/title>\n<meta name=\"description\" content=\"&#039;- Capacidad: 150 a 300 comidas por turno (20x1\/1x2.5&quot;GN). - Energ\u00eda : Gas GLP (opcional gas natural) - Potencia de gas: 164000 BTU\/HR (44KW) - Toma de gas: 3\/4&#039;&#039;NPT Potencia el\u00e9ctrica: 0.95 kW Voltaje: 220 V \/ 60Hz \/ 1AC - Presi\u00f3n de agua: 25 - 80 PSI. .\" \/>\n<meta name=\"robots\" content=\"index, follow, max-snippet:-1, max-image-preview:large, max-video-preview:-1\" \/>\n<link rel=\"canonical\" href=\"https:\/\/frionox.com\/catalogo\/producto\/self-cooking-center-scc-201g5s-20-bandejas-gn-1-1x2-5-scc-201g-220v\/\" \/>\n<meta property=\"og:locale\" content=\"es_ES\" \/>\n<meta property=\"og:type\" content=\"article\" \/>\n<meta property=\"og:title\" content=\"HORNO RATIONAL&#x1f947; SELF COOKING CENTER (SCC 201G5S 20 BANDEJAS GN 1\/1x2.5&quot;) - SCC-201G-220V\" \/>\n<meta property=\"og:description\" content=\"&#039;- Capacidad: 150 a 300 comidas por turno (20x1\/1x2.5&quot;GN). - Energ\u00eda : Gas GLP (opcional gas natural) - Potencia de gas: 164000 BTU\/HR (44KW) - Toma de gas: 3\/4&#039;&#039;NPT Potencia el\u00e9ctrica: 0.95 kW Voltaje: 220 V \/ 60Hz \/ 1AC - Presi\u00f3n de agua: 25 - 80 PSI. .\" \/>\n<meta property=\"og:url\" content=\"https:\/\/frionox.com\/catalogo\/producto\/self-cooking-center-scc-201g5s-20-bandejas-gn-1-1x2-5-scc-201g-220v\/\" \/>\n<meta property=\"og:site_name\" content=\"FRIONOX\" \/>\n<meta property=\"article:publisher\" content=\"https:\/\/facebook.com\/frionox.pe\" \/>\n<meta property=\"article:modified_time\" content=\"2026-03-18T01:20:50+00:00\" \/>\n<meta property=\"og:image\" content=\"https:\/\/frionox.com\/catalogo\/wp-content\/uploads\/2020\/04\/IM-SCC-201E-400V-3AC.jpg\" \/>\n\t<meta property=\"og:image:width\" content=\"600\" \/>\n\t<meta property=\"og:image:height\" content=\"600\" \/>\n\t<meta property=\"og:image:type\" content=\"image\/jpeg\" \/>\n<meta name=\"twitter:card\" content=\"summary_large_image\" \/>\n<meta name=\"twitter:site\" content=\"@frionoxsac\" \/>\n<meta name=\"twitter:label1\" content=\"Precio\" \/>\n\t<meta name=\"twitter:data1\" content=\"S\/34,869.00\" \/>\n\t<meta name=\"twitter:label2\" content=\"Disponibilidad\" \/>\n\t<meta name=\"twitter:data2\" content=\"Disponible para reservar\" \/>\n<script type=\"application\/ld+json\" class=\"yoast-schema-graph\">{\"@context\":\"https:\/\/schema.org\",\"@graph\":[{\"@type\":\"WebPage\",\"@id\":\"https:\/\/frionox.com\/catalogo\/producto\/self-cooking-center-scc-201g5s-20-bandejas-gn-1-1x2-5-scc-201g-220v\/\",\"url\":\"https:\/\/frionox.com\/catalogo\/producto\/self-cooking-center-scc-201g5s-20-bandejas-gn-1-1x2-5-scc-201g-220v\/\",\"name\":\"HORNO RATIONAL&#x1f947; SELF COOKING CENTER (SCC 201G5S 20 BANDEJAS GN 1\/1x2.5\\\") - SCC-201G-220V - FRIONOX\",\"isPartOf\":{\"@id\":\"https:\/\/frionox.com\/catalogo\/#website\"},\"primaryImageOfPage\":{\"@id\":\"https:\/\/frionox.com\/catalogo\/producto\/self-cooking-center-scc-201g5s-20-bandejas-gn-1-1x2-5-scc-201g-220v\/#primaryimage\"},\"image\":{\"@id\":\"https:\/\/frionox.com\/catalogo\/producto\/self-cooking-center-scc-201g5s-20-bandejas-gn-1-1x2-5-scc-201g-220v\/#primaryimage\"},\"thumbnailUrl\":\"https:\/\/frionox.com\/catalogo\/wp-content\/uploads\/2020\/04\/IM-SCC-201E-400V-3AC.jpg\",\"datePublished\":\"2020-04-16T22:19:20+00:00\",\"dateModified\":\"2026-03-18T01:20:50+00:00\",\"description\":\"'- Capacidad: 150 a 300 comidas por turno (20x1\/1x2.5\\\"GN). - Energ\u00eda : Gas GLP (opcional gas natural) - Potencia de gas: 164000 BTU\/HR (44KW) - Toma de gas: 3\/4''NPT Potencia el\u00e9ctrica: 0.95 kW Voltaje: 220 V \/ 60Hz \/ 1AC - Presi\u00f3n de agua: 25 - 80 PSI. .\",\"breadcrumb\":{\"@id\":\"https:\/\/frionox.com\/catalogo\/producto\/self-cooking-center-scc-201g5s-20-bandejas-gn-1-1x2-5-scc-201g-220v\/#breadcrumb\"},\"inLanguage\":\"es\",\"potentialAction\":[{\"@type\":\"ReadAction\",\"target\":[\"https:\/\/frionox.com\/catalogo\/producto\/self-cooking-center-scc-201g5s-20-bandejas-gn-1-1x2-5-scc-201g-220v\/\"]}]},{\"@type\":\"ImageObject\",\"inLanguage\":\"es\",\"@id\":\"https:\/\/frionox.com\/catalogo\/producto\/self-cooking-center-scc-201g5s-20-bandejas-gn-1-1x2-5-scc-201g-220v\/#primaryimage\",\"url\":\"https:\/\/frionox.com\/catalogo\/wp-content\/uploads\/2020\/04\/IM-SCC-201E-400V-3AC.jpg\",\"contentUrl\":\"https:\/\/frionox.com\/catalogo\/wp-content\/uploads\/2020\/04\/IM-SCC-201E-400V-3AC.jpg\",\"width\":600,\"height\":600},{\"@type\":\"BreadcrumbList\",\"@id\":\"https:\/\/frionox.com\/catalogo\/producto\/self-cooking-center-scc-201g5s-20-bandejas-gn-1-1x2-5-scc-201g-220v\/#breadcrumb\",\"itemListElement\":[{\"@type\":\"ListItem\",\"position\":1,\"name\":\"Portada\",\"item\":\"https:\/\/frionox.com\/catalogo\/\"},{\"@type\":\"ListItem\",\"position\":2,\"name\":\"Hornos Industriales, Licuadoras Industriales, Cocinas y m\u00e1s\",\"item\":\"https:\/\/frionox.com\/catalogo\/tienda\/\"},{\"@type\":\"ListItem\",\"position\":3,\"name\":\"HORNO RATIONAL&#x1f947; SELF COOKING CENTER (SCC 201G5S 20 BANDEJAS GN 1\/1&#215;2.5&#8243;) &#8211; SCC-201G-220V\"}]},{\"@type\":\"WebSite\",\"@id\":\"https:\/\/frionox.com\/catalogo\/#website\",\"url\":\"https:\/\/frionox.com\/catalogo\/\",\"name\":\"FRIONOX\",\"description\":\"Equipamiento de cocinas\",\"publisher\":{\"@id\":\"https:\/\/frionox.com\/catalogo\/#organization\"},\"potentialAction\":[{\"@type\":\"SearchAction\",\"target\":{\"@type\":\"EntryPoint\",\"urlTemplate\":\"https:\/\/frionox.com\/catalogo\/?s={search_term_string}\"},\"query-input\":{\"@type\":\"PropertyValueSpecification\",\"valueRequired\":true,\"valueName\":\"search_term_string\"}}],\"inLanguage\":\"es\"},{\"@type\":[\"Organization\",\"Place\",\"LocalBusiness\"],\"@id\":\"https:\/\/frionox.com\/catalogo\/#organization\",\"name\":\"Frionox Equipamiento de cocinas\",\"url\":\"https:\/\/frionox.com\/catalogo\/\",\"logo\":{\"@id\":\"https:\/\/frionox.com\/catalogo\/producto\/self-cooking-center-scc-201g5s-20-bandejas-gn-1-1x2-5-scc-201g-220v\/#local-main-organization-logo\"},\"image\":{\"@id\":\"https:\/\/frionox.com\/catalogo\/producto\/self-cooking-center-scc-201g5s-20-bandejas-gn-1-1x2-5-scc-201g-220v\/#local-main-organization-logo\"},\"sameAs\":[\"https:\/\/facebook.com\/frionox.pe\",\"https:\/\/x.com\/frionoxsac\",\"https:\/\/youtube.com\/@FRIONOXEQUIPAMIENTODECOCINA\"],\"address\":{\"@id\":\"https:\/\/frionox.com\/catalogo\/producto\/self-cooking-center-scc-201g5s-20-bandejas-gn-1-1x2-5-scc-201g-220v\/#local-main-place-address\"},\"geo\":{\"@type\":\"GeoCoordinates\",\"latitude\":\"-11.980133\",\"longitude\":\"-77.06118200000003\"},\"telephone\":[\"+5115221181\"],\"openingHoursSpecification\":[{\"@type\":\"OpeningHoursSpecification\",\"dayOfWeek\":[\"Monday\",\"Tuesday\",\"Wednesday\",\"Thursday\",\"Friday\",\"Saturday\"],\"opens\":\"08:00\",\"closes\":\"18:00\"},{\"@type\":\"OpeningHoursSpecification\",\"dayOfWeek\":[\"Sunday\"],\"opens\":\"00:00\",\"closes\":\"00:00\"}],\"email\":\"cotizaciones@frionox.com\"},{\"@type\":\"PostalAddress\",\"@id\":\"https:\/\/frionox.com\/catalogo\/producto\/self-cooking-center-scc-201g5s-20-bandejas-gn-1-1x2-5-scc-201g-220v\/#local-main-place-address\",\"streetAddress\":\"Av. Oscar R. Benavides 1624\",\"addressLocality\":\"Cercado de Lima\",\"postalCode\":\"15082\",\"addressRegion\":\"Lima\",\"addressCountry\":\"PE\"},{\"@type\":\"ImageObject\",\"inLanguage\":\"es\",\"@id\":\"https:\/\/frionox.com\/catalogo\/producto\/self-cooking-center-scc-201g5s-20-bandejas-gn-1-1x2-5-scc-201g-220v\/#local-main-organization-logo\",\"url\":\"https:\/\/frionox.com\/catalogo\/wp-content\/uploads\/2020\/04\/LOGO-MOBILE.png\",\"contentUrl\":\"https:\/\/frionox.com\/catalogo\/wp-content\/uploads\/2020\/04\/LOGO-MOBILE.png\",\"width\":203,\"height\":61,\"caption\":\"Frionox Equipamiento de cocinas\"}]}<\/script>\n<meta property=\"product:price:amount\" content=\"34869.00\" \/>\n<meta property=\"product:price:currency\" content=\"PEN\" \/>\n<meta property=\"og:availability\" content=\"backorder\" \/>\n<meta property=\"product:availability\" content=\"available for order\" \/>\n<meta property=\"product:retailer_item_id\" content=\"SCC-201G-220V\" \/>\n<meta property=\"product:condition\" content=\"new\" \/>\n<meta name=\"geo.placename\" content=\"Cercado de Lima\" \/>\n<meta name=\"geo.position\" content=\"-11.980133;-77.06118200000003\" \/>\n<meta name=\"geo.region\" content=\"Per\u00fa\" \/>\n<!-- \/ Yoast SEO Premium plugin. -->","yoast_head_json":{"title":"HORNO RATIONAL&#x1f947; SELF COOKING CENTER (SCC 201G5S 20 BANDEJAS GN 1\/1x2.5\") - SCC-201G-220V - FRIONOX","description":"'- Capacidad: 150 a 300 comidas por turno (20x1\/1x2.5\"GN). - Energ\u00eda : Gas GLP (opcional gas natural) - Potencia de gas: 164000 BTU\/HR (44KW) - Toma de gas: 3\/4''NPT Potencia el\u00e9ctrica: 0.95 kW Voltaje: 220 V \/ 60Hz \/ 1AC - Presi\u00f3n de agua: 25 - 80 PSI. .","robots":{"index":"index","follow":"follow","max-snippet":"max-snippet:-1","max-image-preview":"max-image-preview:large","max-video-preview":"max-video-preview:-1"},"canonical":"https:\/\/frionox.com\/catalogo\/producto\/self-cooking-center-scc-201g5s-20-bandejas-gn-1-1x2-5-scc-201g-220v\/","og_locale":"es_ES","og_type":"article","og_title":"HORNO RATIONAL&#x1f947; SELF COOKING CENTER (SCC 201G5S 20 BANDEJAS GN 1\/1x2.5\") - SCC-201G-220V","og_description":"'- Capacidad: 150 a 300 comidas por turno (20x1\/1x2.5\"GN). - Energ\u00eda : Gas GLP (opcional gas natural) - Potencia de gas: 164000 BTU\/HR (44KW) - Toma de gas: 3\/4''NPT Potencia el\u00e9ctrica: 0.95 kW Voltaje: 220 V \/ 60Hz \/ 1AC - Presi\u00f3n de agua: 25 - 80 PSI. .","og_url":"https:\/\/frionox.com\/catalogo\/producto\/self-cooking-center-scc-201g5s-20-bandejas-gn-1-1x2-5-scc-201g-220v\/","og_site_name":"FRIONOX","article_publisher":"https:\/\/facebook.com\/frionox.pe","article_modified_time":"2026-03-18T01:20:50+00:00","og_image":[{"width":600,"height":600,"url":"https:\/\/frionox.com\/catalogo\/wp-content\/uploads\/2020\/04\/IM-SCC-201E-400V-3AC.jpg","type":"image\/jpeg"}],"twitter_card":"summary_large_image","twitter_site":"@frionoxsac","twitter_misc":{"Precio":"S\/34,869.00","Disponibilidad":"Disponible para reservar"},"schema":{"@context":"https:\/\/schema.org","@graph":[{"@type":"WebPage","@id":"https:\/\/frionox.com\/catalogo\/producto\/self-cooking-center-scc-201g5s-20-bandejas-gn-1-1x2-5-scc-201g-220v\/","url":"https:\/\/frionox.com\/catalogo\/producto\/self-cooking-center-scc-201g5s-20-bandejas-gn-1-1x2-5-scc-201g-220v\/","name":"HORNO RATIONAL&#x1f947; SELF COOKING CENTER (SCC 201G5S 20 BANDEJAS GN 1\/1x2.5\") - SCC-201G-220V - FRIONOX","isPartOf":{"@id":"https:\/\/frionox.com\/catalogo\/#website"},"primaryImageOfPage":{"@id":"https:\/\/frionox.com\/catalogo\/producto\/self-cooking-center-scc-201g5s-20-bandejas-gn-1-1x2-5-scc-201g-220v\/#primaryimage"},"image":{"@id":"https:\/\/frionox.com\/catalogo\/producto\/self-cooking-center-scc-201g5s-20-bandejas-gn-1-1x2-5-scc-201g-220v\/#primaryimage"},"thumbnailUrl":"https:\/\/frionox.com\/catalogo\/wp-content\/uploads\/2020\/04\/IM-SCC-201E-400V-3AC.jpg","datePublished":"2020-04-16T22:19:20+00:00","dateModified":"2026-03-18T01:20:50+00:00","description":"'- Capacidad: 150 a 300 comidas por turno (20x1\/1x2.5\"GN). - Energ\u00eda : Gas GLP (opcional gas natural) - Potencia de gas: 164000 BTU\/HR (44KW) - Toma de gas: 3\/4''NPT Potencia el\u00e9ctrica: 0.95 kW Voltaje: 220 V \/ 60Hz \/ 1AC - Presi\u00f3n de agua: 25 - 80 PSI. .","breadcrumb":{"@id":"https:\/\/frionox.com\/catalogo\/producto\/self-cooking-center-scc-201g5s-20-bandejas-gn-1-1x2-5-scc-201g-220v\/#breadcrumb"},"inLanguage":"es","potentialAction":[{"@type":"ReadAction","target":["https:\/\/frionox.com\/catalogo\/producto\/self-cooking-center-scc-201g5s-20-bandejas-gn-1-1x2-5-scc-201g-220v\/"]}]},{"@type":"ImageObject","inLanguage":"es","@id":"https:\/\/frionox.com\/catalogo\/producto\/self-cooking-center-scc-201g5s-20-bandejas-gn-1-1x2-5-scc-201g-220v\/#primaryimage","url":"https:\/\/frionox.com\/catalogo\/wp-content\/uploads\/2020\/04\/IM-SCC-201E-400V-3AC.jpg","contentUrl":"https:\/\/frionox.com\/catalogo\/wp-content\/uploads\/2020\/04\/IM-SCC-201E-400V-3AC.jpg","width":600,"height":600},{"@type":"BreadcrumbList","@id":"https:\/\/frionox.com\/catalogo\/producto\/self-cooking-center-scc-201g5s-20-bandejas-gn-1-1x2-5-scc-201g-220v\/#breadcrumb","itemListElement":[{"@type":"ListItem","position":1,"name":"Portada","item":"https:\/\/frionox.com\/catalogo\/"},{"@type":"ListItem","position":2,"name":"Hornos Industriales, Licuadoras Industriales, Cocinas y m\u00e1s","item":"https:\/\/frionox.com\/catalogo\/tienda\/"},{"@type":"ListItem","position":3,"name":"HORNO RATIONAL&#x1f947; SELF COOKING CENTER (SCC 201G5S 20 BANDEJAS GN 1\/1&#215;2.5&#8243;) &#8211; SCC-201G-220V"}]},{"@type":"WebSite","@id":"https:\/\/frionox.com\/catalogo\/#website","url":"https:\/\/frionox.com\/catalogo\/","name":"FRIONOX","description":"Equipamiento de cocinas","publisher":{"@id":"https:\/\/frionox.com\/catalogo\/#organization"},"potentialAction":[{"@type":"SearchAction","target":{"@type":"EntryPoint","urlTemplate":"https:\/\/frionox.com\/catalogo\/?s={search_term_string}"},"query-input":{"@type":"PropertyValueSpecification","valueRequired":true,"valueName":"search_term_string"}}],"inLanguage":"es"},{"@type":["Organization","Place","LocalBusiness"],"@id":"https:\/\/frionox.com\/catalogo\/#organization","name":"Frionox Equipamiento de cocinas","url":"https:\/\/frionox.com\/catalogo\/","logo":{"@id":"https:\/\/frionox.com\/catalogo\/producto\/self-cooking-center-scc-201g5s-20-bandejas-gn-1-1x2-5-scc-201g-220v\/#local-main-organization-logo"},"image":{"@id":"https:\/\/frionox.com\/catalogo\/producto\/self-cooking-center-scc-201g5s-20-bandejas-gn-1-1x2-5-scc-201g-220v\/#local-main-organization-logo"},"sameAs":["https:\/\/facebook.com\/frionox.pe","https:\/\/x.com\/frionoxsac","https:\/\/youtube.com\/@FRIONOXEQUIPAMIENTODECOCINA"],"address":{"@id":"https:\/\/frionox.com\/catalogo\/producto\/self-cooking-center-scc-201g5s-20-bandejas-gn-1-1x2-5-scc-201g-220v\/#local-main-place-address"},"geo":{"@type":"GeoCoordinates","latitude":"-11.980133","longitude":"-77.06118200000003"},"telephone":["+5115221181"],"openingHoursSpecification":[{"@type":"OpeningHoursSpecification","dayOfWeek":["Monday","Tuesday","Wednesday","Thursday","Friday","Saturday"],"opens":"08:00","closes":"18:00"},{"@type":"OpeningHoursSpecification","dayOfWeek":["Sunday"],"opens":"00:00","closes":"00:00"}],"email":"cotizaciones@frionox.com"},{"@type":"PostalAddress","@id":"https:\/\/frionox.com\/catalogo\/producto\/self-cooking-center-scc-201g5s-20-bandejas-gn-1-1x2-5-scc-201g-220v\/#local-main-place-address","streetAddress":"Av. Oscar R. Benavides 1624","addressLocality":"Cercado de Lima","postalCode":"15082","addressRegion":"Lima","addressCountry":"PE"},{"@type":"ImageObject","inLanguage":"es","@id":"https:\/\/frionox.com\/catalogo\/producto\/self-cooking-center-scc-201g5s-20-bandejas-gn-1-1x2-5-scc-201g-220v\/#local-main-organization-logo","url":"https:\/\/frionox.com\/catalogo\/wp-content\/uploads\/2020\/04\/LOGO-MOBILE.png","contentUrl":"https:\/\/frionox.com\/catalogo\/wp-content\/uploads\/2020\/04\/LOGO-MOBILE.png","width":203,"height":61,"caption":"Frionox Equipamiento de cocinas"}]},"product_price_amount":"34869.00","product_price_currency":"PEN","og_availability":"backorder","product_availability":"available for order","product_retailer_item_id":"SCC-201G-220V","product_condition":"new","geo.placename":"Cercado de Lima","geo.position":{"lat":"-11.980133","long":"-77.06118200000003"},"geo.region":"Per\u00fa"},"_links":{"self":[{"href":"https:\/\/frionox.com\/catalogo\/wp-json\/wp\/v2\/product\/13029","targetHints":{"allow":["GET"]}}],"collection":[{"href":"https:\/\/frionox.com\/catalogo\/wp-json\/wp\/v2\/product"}],"about":[{"href":"https:\/\/frionox.com\/catalogo\/wp-json\/wp\/v2\/types\/product"}],"replies":[{"embeddable":true,"href":"https:\/\/frionox.com\/catalogo\/wp-json\/wp\/v2\/comments?post=13029"}],"wp:featuredmedia":[{"embeddable":true,"href":"https:\/\/frionox.com\/catalogo\/wp-json\/wp\/v2\/media\/12289"}],"wp:attachment":[{"href":"https:\/\/frionox.com\/catalogo\/wp-json\/wp\/v2\/media?parent=13029"}],"wp:term":[{"taxonomy":"product_brand","embeddable":true,"href":"https:\/\/frionox.com\/catalogo\/wp-json\/wp\/v2\/product_brand?post=13029"},{"taxonomy":"product_cat","embeddable":true,"href":"https:\/\/frionox.com\/catalogo\/wp-json\/wp\/v2\/product_cat?post=13029"},{"taxonomy":"product_tag","embeddable":true,"href":"https:\/\/frionox.com\/catalogo\/wp-json\/wp\/v2\/product_tag?post=13029"}],"curies":[{"name":"wp","href":"https:\/\/api.w.org\/{rel}","templated":true}]}}