{"id":12801,"date":"2020-04-13T23:56:09","date_gmt":"2020-04-14T04:56:09","guid":{"rendered":"https:\/\/frionox.com\/catalogo\/producto\/cocina-de-sobremesa-06-quemadores-a-gas\/"},"modified":"2022-05-12T09:50:25","modified_gmt":"2022-05-12T14:50:25","slug":"cocina-de-sobremesa-06-quemadores-a-gas","status":"publish","type":"product","link":"https:\/\/frionox.com\/catalogo\/producto\/cocina-de-sobremesa-06-quemadores-a-gas\/","title":{"rendered":"COCINA DE SOBREMESA 06 QUEMADORES A GAS"},"content":{"rendered":"<p>Estructura de acero inoxidable en el frente y laterales. Quemadores de fierro fundido para trabajo pesado con cabezal removible para f\u00e1cil limpieza. V\u00e1lvulas de control manual para cada quemador,para trabajo pesado. Parrillas de fierro fundido removibles de 305&#215;305 mm. Dise\u00f1o compacto para uso sobremesa. Encendido por chispero piezoel\u00e9ctrico. Bandeja de desperdicios removible para una f\u00e1cil limpieza. Energ\u00eda: Gas GLP o Natural. Carga t\u00e9rmica nominal: 192000 BTU\/HR (56KW). Toma de gas: 3\/4&#8221;NPT. NOTA: Opcional set de 4 patas de acero inoxidable de 4&#8243;.<\/p>\n","protected":false},"excerpt":{"rendered":"<p>Estructura de acero inoxidable en el frente y laterales. Quemadores de fierro fundido para trabajo pesado con cabezal removible para f\u00e1cil limpieza. V\u00e1lvulas de control manual para cada quemador,para trabajo pesado. Parrillas de fierro fundido removibles de 305&#215;305 mm. Dise\u00f1o compacto para uso sobremesa. Encendido por chispero piezoel\u00e9ctrico. Bandeja de desperdicios removible para una f\u00e1cil limpieza. Energ\u00eda: Gas GLP o Natural. Carga t\u00e9rmica nominal: 192000 BTU\/HR (56KW). Toma de gas: 3\/4&#8221;NPT. NOTA: Opcional set de 4 patas de acero inoxidable de 4&#8243;.<\/p>\n","protected":false},"featured_media":12042,"comment_status":"open","ping_status":"closed","template":"","meta":[],"product_brand":[],"product_cat":[29],"product_tag":[],"class_list":{"0":"post-12801","1":"product","2":"type-product","3":"status-publish","4":"has-post-thumbnail","6":"product_cat-equipos-de-coccion","7":"pa_marcas-american-range","9":"first","10":"onbackorder","11":"shipping-taxable","12":"purchasable","13":"product-type-simple"},"yoast_head":"<!-- This site is optimized with the Yoast SEO Premium plugin v27.1 (Yoast SEO v27.1.1) - https:\/\/yoast.com\/product\/yoast-seo-premium-wordpress\/ -->\n<title>COCINA DE SOBREMESA 06 QUEMADORES A GAS - FRIONOX<\/title>\n<meta name=\"description\" content=\"Estructura de acero inoxidable en el frente y laterales. Quemadores de fierro fundido para trabajo pesado con cabezal removible para f\u00e1cil limpieza. V\u00e1lvulas de control manual para cada quemador,para trabajo pesado. Parrillas de fierro fundido removibles de 305x305 mm. Dise\u00f1o compacto para uso sobremesa. Encendido por chispero piezoel\u00e9ctrico. Bandeja de desperdicios removible para una f\u00e1cil limpieza. Energ\u00eda: Gas GLP o Natural. Carga t\u00e9rmica nominal: 192000 BTU\/HR (56KW). Toma de gas: 3\/4&#039;&#039;NPT. NOTA: Opcional set de 4 patas de acero inoxidable de 4&quot;.\" \/>\n<meta name=\"robots\" content=\"index, follow, max-snippet:-1, max-image-preview:large, max-video-preview:-1\" \/>\n<link rel=\"canonical\" href=\"https:\/\/frionox.com\/catalogo\/producto\/cocina-de-sobremesa-06-quemadores-a-gas\/\" \/>\n<meta property=\"og:locale\" content=\"es_ES\" \/>\n<meta property=\"og:type\" content=\"article\" \/>\n<meta property=\"og:title\" content=\"COCINA DE SOBREMESA 06 QUEMADORES A GAS\" \/>\n<meta property=\"og:description\" content=\"Estructura de acero inoxidable en el frente y laterales. Quemadores de fierro fundido para trabajo pesado con cabezal removible para f\u00e1cil limpieza. V\u00e1lvulas de control manual para cada quemador,para trabajo pesado. Parrillas de fierro fundido removibles de 305x305 mm. Dise\u00f1o compacto para uso sobremesa. Encendido por chispero piezoel\u00e9ctrico. Bandeja de desperdicios removible para una f\u00e1cil limpieza. Energ\u00eda: Gas GLP o Natural. Carga t\u00e9rmica nominal: 192000 BTU\/HR (56KW). Toma de gas: 3\/4&#039;&#039;NPT. NOTA: Opcional set de 4 patas de acero inoxidable de 4&quot;.\" \/>\n<meta property=\"og:url\" content=\"https:\/\/frionox.com\/catalogo\/producto\/cocina-de-sobremesa-06-quemadores-a-gas\/\" \/>\n<meta property=\"og:site_name\" content=\"FRIONOX\" \/>\n<meta property=\"article:publisher\" content=\"https:\/\/facebook.com\/frionox.pe\" \/>\n<meta property=\"article:modified_time\" content=\"2022-05-12T14:50:25+00:00\" \/>\n<meta property=\"og:image\" content=\"https:\/\/frionox.com\/catalogo\/wp-content\/uploads\/2020\/04\/ARHP-36-6.jpg\" \/>\n\t<meta property=\"og:image:width\" content=\"600\" \/>\n\t<meta property=\"og:image:height\" content=\"600\" \/>\n\t<meta property=\"og:image:type\" content=\"image\/jpeg\" \/>\n<meta name=\"twitter:card\" content=\"summary_large_image\" \/>\n<meta name=\"twitter:site\" content=\"@frionoxsac\" \/>\n<meta name=\"twitter:label1\" content=\"Precio\" \/>\n\t<meta name=\"twitter:data1\" content=\"S\/2,435.52\" \/>\n\t<meta name=\"twitter:label2\" content=\"Disponibilidad\" \/>\n\t<meta name=\"twitter:data2\" content=\"Disponible para reservar\" \/>\n<script type=\"application\/ld+json\" class=\"yoast-schema-graph\">{\"@context\":\"https:\/\/schema.org\",\"@graph\":[{\"@type\":\"WebPage\",\"@id\":\"https:\/\/frionox.com\/catalogo\/producto\/cocina-de-sobremesa-06-quemadores-a-gas\/\",\"url\":\"https:\/\/frionox.com\/catalogo\/producto\/cocina-de-sobremesa-06-quemadores-a-gas\/\",\"name\":\"COCINA DE SOBREMESA 06 QUEMADORES A GAS - FRIONOX\",\"isPartOf\":{\"@id\":\"https:\/\/frionox.com\/catalogo\/#website\"},\"primaryImageOfPage\":{\"@id\":\"https:\/\/frionox.com\/catalogo\/producto\/cocina-de-sobremesa-06-quemadores-a-gas\/#primaryimage\"},\"image\":{\"@id\":\"https:\/\/frionox.com\/catalogo\/producto\/cocina-de-sobremesa-06-quemadores-a-gas\/#primaryimage\"},\"thumbnailUrl\":\"https:\/\/frionox.com\/catalogo\/wp-content\/uploads\/2020\/04\/ARHP-36-6.jpg\",\"datePublished\":\"2020-04-14T04:56:09+00:00\",\"dateModified\":\"2022-05-12T14:50:25+00:00\",\"description\":\"Estructura de acero inoxidable en el frente y laterales. Quemadores de fierro fundido para trabajo pesado con cabezal removible para f\u00e1cil limpieza. V\u00e1lvulas de control manual para cada quemador,para trabajo pesado. Parrillas de fierro fundido removibles de 305x305 mm. Dise\u00f1o compacto para uso sobremesa. Encendido por chispero piezoel\u00e9ctrico. Bandeja de desperdicios removible para una f\u00e1cil limpieza. Energ\u00eda: Gas GLP o Natural. Carga t\u00e9rmica nominal: 192000 BTU\/HR (56KW). Toma de gas: 3\/4''NPT. NOTA: Opcional set de 4 patas de acero inoxidable de 4\\\".\",\"breadcrumb\":{\"@id\":\"https:\/\/frionox.com\/catalogo\/producto\/cocina-de-sobremesa-06-quemadores-a-gas\/#breadcrumb\"},\"inLanguage\":\"es\",\"potentialAction\":[{\"@type\":\"ReadAction\",\"target\":[\"https:\/\/frionox.com\/catalogo\/producto\/cocina-de-sobremesa-06-quemadores-a-gas\/\"]}]},{\"@type\":\"ImageObject\",\"inLanguage\":\"es\",\"@id\":\"https:\/\/frionox.com\/catalogo\/producto\/cocina-de-sobremesa-06-quemadores-a-gas\/#primaryimage\",\"url\":\"https:\/\/frionox.com\/catalogo\/wp-content\/uploads\/2020\/04\/ARHP-36-6.jpg\",\"contentUrl\":\"https:\/\/frionox.com\/catalogo\/wp-content\/uploads\/2020\/04\/ARHP-36-6.jpg\",\"width\":600,\"height\":600},{\"@type\":\"BreadcrumbList\",\"@id\":\"https:\/\/frionox.com\/catalogo\/producto\/cocina-de-sobremesa-06-quemadores-a-gas\/#breadcrumb\",\"itemListElement\":[{\"@type\":\"ListItem\",\"position\":1,\"name\":\"Portada\",\"item\":\"https:\/\/frionox.com\/catalogo\/\"},{\"@type\":\"ListItem\",\"position\":2,\"name\":\"Hornos Industriales, Licuadoras Industriales, Cocinas y m\u00e1s\",\"item\":\"https:\/\/frionox.com\/catalogo\/tienda\/\"},{\"@type\":\"ListItem\",\"position\":3,\"name\":\"COCINA DE SOBREMESA 06 QUEMADORES A GAS\"}]},{\"@type\":\"WebSite\",\"@id\":\"https:\/\/frionox.com\/catalogo\/#website\",\"url\":\"https:\/\/frionox.com\/catalogo\/\",\"name\":\"FRIONOX\",\"description\":\"Equipamiento de cocinas\",\"publisher\":{\"@id\":\"https:\/\/frionox.com\/catalogo\/#organization\"},\"potentialAction\":[{\"@type\":\"SearchAction\",\"target\":{\"@type\":\"EntryPoint\",\"urlTemplate\":\"https:\/\/frionox.com\/catalogo\/?s={search_term_string}\"},\"query-input\":{\"@type\":\"PropertyValueSpecification\",\"valueRequired\":true,\"valueName\":\"search_term_string\"}}],\"inLanguage\":\"es\"},{\"@type\":[\"Organization\",\"Place\",\"LocalBusiness\"],\"@id\":\"https:\/\/frionox.com\/catalogo\/#organization\",\"name\":\"Frionox Equipamiento de cocinas\",\"url\":\"https:\/\/frionox.com\/catalogo\/\",\"logo\":{\"@id\":\"https:\/\/frionox.com\/catalogo\/producto\/cocina-de-sobremesa-06-quemadores-a-gas\/#local-main-organization-logo\"},\"image\":{\"@id\":\"https:\/\/frionox.com\/catalogo\/producto\/cocina-de-sobremesa-06-quemadores-a-gas\/#local-main-organization-logo\"},\"sameAs\":[\"https:\/\/facebook.com\/frionox.pe\",\"https:\/\/x.com\/frionoxsac\",\"https:\/\/youtube.com\/@FRIONOXEQUIPAMIENTODECOCINA\"],\"address\":{\"@id\":\"https:\/\/frionox.com\/catalogo\/producto\/cocina-de-sobremesa-06-quemadores-a-gas\/#local-main-place-address\"},\"geo\":{\"@type\":\"GeoCoordinates\",\"latitude\":\"-11.980133\",\"longitude\":\"-77.06118200000003\"},\"telephone\":[\"+5115221181\"],\"openingHoursSpecification\":[{\"@type\":\"OpeningHoursSpecification\",\"dayOfWeek\":[\"Monday\",\"Tuesday\",\"Wednesday\",\"Thursday\",\"Friday\",\"Saturday\"],\"opens\":\"08:00\",\"closes\":\"18:00\"},{\"@type\":\"OpeningHoursSpecification\",\"dayOfWeek\":[\"Sunday\"],\"opens\":\"00:00\",\"closes\":\"00:00\"}],\"email\":\"cotizaciones@frionox.com\"},{\"@type\":\"PostalAddress\",\"@id\":\"https:\/\/frionox.com\/catalogo\/producto\/cocina-de-sobremesa-06-quemadores-a-gas\/#local-main-place-address\",\"streetAddress\":\"Av. Oscar R. Benavides 1624\",\"addressLocality\":\"Cercado de Lima\",\"postalCode\":\"15082\",\"addressRegion\":\"Lima\",\"addressCountry\":\"PE\"},{\"@type\":\"ImageObject\",\"inLanguage\":\"es\",\"@id\":\"https:\/\/frionox.com\/catalogo\/producto\/cocina-de-sobremesa-06-quemadores-a-gas\/#local-main-organization-logo\",\"url\":\"https:\/\/frionox.com\/catalogo\/wp-content\/uploads\/2020\/04\/LOGO-MOBILE.png\",\"contentUrl\":\"https:\/\/frionox.com\/catalogo\/wp-content\/uploads\/2020\/04\/LOGO-MOBILE.png\",\"width\":203,\"height\":61,\"caption\":\"Frionox Equipamiento de cocinas\"}]}<\/script>\n<meta property=\"product:price:amount\" content=\"2435.52\" \/>\n<meta property=\"product:price:currency\" content=\"PEN\" \/>\n<meta property=\"og:availability\" content=\"backorder\" \/>\n<meta property=\"product:availability\" content=\"available for order\" \/>\n<meta property=\"product:retailer_item_id\" content=\"ARHP-36-6\" \/>\n<meta property=\"product:condition\" content=\"new\" \/>\n<meta name=\"geo.placename\" content=\"Cercado de Lima\" \/>\n<meta name=\"geo.position\" content=\"-11.980133;-77.06118200000003\" \/>\n<meta name=\"geo.region\" content=\"Per\u00fa\" \/>\n<!-- \/ Yoast SEO Premium plugin. -->","yoast_head_json":{"title":"COCINA DE SOBREMESA 06 QUEMADORES A GAS - FRIONOX","description":"Estructura de acero inoxidable en el frente y laterales. Quemadores de fierro fundido para trabajo pesado con cabezal removible para f\u00e1cil limpieza. V\u00e1lvulas de control manual para cada quemador,para trabajo pesado. Parrillas de fierro fundido removibles de 305x305 mm. Dise\u00f1o compacto para uso sobremesa. Encendido por chispero piezoel\u00e9ctrico. Bandeja de desperdicios removible para una f\u00e1cil limpieza. Energ\u00eda: Gas GLP o Natural. Carga t\u00e9rmica nominal: 192000 BTU\/HR (56KW). Toma de gas: 3\/4''NPT. NOTA: Opcional set de 4 patas de acero inoxidable de 4\".","robots":{"index":"index","follow":"follow","max-snippet":"max-snippet:-1","max-image-preview":"max-image-preview:large","max-video-preview":"max-video-preview:-1"},"canonical":"https:\/\/frionox.com\/catalogo\/producto\/cocina-de-sobremesa-06-quemadores-a-gas\/","og_locale":"es_ES","og_type":"article","og_title":"COCINA DE SOBREMESA 06 QUEMADORES A GAS","og_description":"Estructura de acero inoxidable en el frente y laterales. Quemadores de fierro fundido para trabajo pesado con cabezal removible para f\u00e1cil limpieza. V\u00e1lvulas de control manual para cada quemador,para trabajo pesado. Parrillas de fierro fundido removibles de 305x305 mm. Dise\u00f1o compacto para uso sobremesa. Encendido por chispero piezoel\u00e9ctrico. Bandeja de desperdicios removible para una f\u00e1cil limpieza. Energ\u00eda: Gas GLP o Natural. Carga t\u00e9rmica nominal: 192000 BTU\/HR (56KW). Toma de gas: 3\/4''NPT. NOTA: Opcional set de 4 patas de acero inoxidable de 4\".","og_url":"https:\/\/frionox.com\/catalogo\/producto\/cocina-de-sobremesa-06-quemadores-a-gas\/","og_site_name":"FRIONOX","article_publisher":"https:\/\/facebook.com\/frionox.pe","article_modified_time":"2022-05-12T14:50:25+00:00","og_image":[{"width":600,"height":600,"url":"https:\/\/frionox.com\/catalogo\/wp-content\/uploads\/2020\/04\/ARHP-36-6.jpg","type":"image\/jpeg"}],"twitter_card":"summary_large_image","twitter_site":"@frionoxsac","twitter_misc":{"Precio":"S\/2,435.52","Disponibilidad":"Disponible para reservar"},"schema":{"@context":"https:\/\/schema.org","@graph":[{"@type":"WebPage","@id":"https:\/\/frionox.com\/catalogo\/producto\/cocina-de-sobremesa-06-quemadores-a-gas\/","url":"https:\/\/frionox.com\/catalogo\/producto\/cocina-de-sobremesa-06-quemadores-a-gas\/","name":"COCINA DE SOBREMESA 06 QUEMADORES A GAS - FRIONOX","isPartOf":{"@id":"https:\/\/frionox.com\/catalogo\/#website"},"primaryImageOfPage":{"@id":"https:\/\/frionox.com\/catalogo\/producto\/cocina-de-sobremesa-06-quemadores-a-gas\/#primaryimage"},"image":{"@id":"https:\/\/frionox.com\/catalogo\/producto\/cocina-de-sobremesa-06-quemadores-a-gas\/#primaryimage"},"thumbnailUrl":"https:\/\/frionox.com\/catalogo\/wp-content\/uploads\/2020\/04\/ARHP-36-6.jpg","datePublished":"2020-04-14T04:56:09+00:00","dateModified":"2022-05-12T14:50:25+00:00","description":"Estructura de acero inoxidable en el frente y laterales. Quemadores de fierro fundido para trabajo pesado con cabezal removible para f\u00e1cil limpieza. V\u00e1lvulas de control manual para cada quemador,para trabajo pesado. Parrillas de fierro fundido removibles de 305x305 mm. Dise\u00f1o compacto para uso sobremesa. Encendido por chispero piezoel\u00e9ctrico. Bandeja de desperdicios removible para una f\u00e1cil limpieza. Energ\u00eda: Gas GLP o Natural. Carga t\u00e9rmica nominal: 192000 BTU\/HR (56KW). Toma de gas: 3\/4''NPT. NOTA: Opcional set de 4 patas de acero inoxidable de 4\".","breadcrumb":{"@id":"https:\/\/frionox.com\/catalogo\/producto\/cocina-de-sobremesa-06-quemadores-a-gas\/#breadcrumb"},"inLanguage":"es","potentialAction":[{"@type":"ReadAction","target":["https:\/\/frionox.com\/catalogo\/producto\/cocina-de-sobremesa-06-quemadores-a-gas\/"]}]},{"@type":"ImageObject","inLanguage":"es","@id":"https:\/\/frionox.com\/catalogo\/producto\/cocina-de-sobremesa-06-quemadores-a-gas\/#primaryimage","url":"https:\/\/frionox.com\/catalogo\/wp-content\/uploads\/2020\/04\/ARHP-36-6.jpg","contentUrl":"https:\/\/frionox.com\/catalogo\/wp-content\/uploads\/2020\/04\/ARHP-36-6.jpg","width":600,"height":600},{"@type":"BreadcrumbList","@id":"https:\/\/frionox.com\/catalogo\/producto\/cocina-de-sobremesa-06-quemadores-a-gas\/#breadcrumb","itemListElement":[{"@type":"ListItem","position":1,"name":"Portada","item":"https:\/\/frionox.com\/catalogo\/"},{"@type":"ListItem","position":2,"name":"Hornos Industriales, Licuadoras Industriales, Cocinas y m\u00e1s","item":"https:\/\/frionox.com\/catalogo\/tienda\/"},{"@type":"ListItem","position":3,"name":"COCINA DE SOBREMESA 06 QUEMADORES A GAS"}]},{"@type":"WebSite","@id":"https:\/\/frionox.com\/catalogo\/#website","url":"https:\/\/frionox.com\/catalogo\/","name":"FRIONOX","description":"Equipamiento de cocinas","publisher":{"@id":"https:\/\/frionox.com\/catalogo\/#organization"},"potentialAction":[{"@type":"SearchAction","target":{"@type":"EntryPoint","urlTemplate":"https:\/\/frionox.com\/catalogo\/?s={search_term_string}"},"query-input":{"@type":"PropertyValueSpecification","valueRequired":true,"valueName":"search_term_string"}}],"inLanguage":"es"},{"@type":["Organization","Place","LocalBusiness"],"@id":"https:\/\/frionox.com\/catalogo\/#organization","name":"Frionox Equipamiento de cocinas","url":"https:\/\/frionox.com\/catalogo\/","logo":{"@id":"https:\/\/frionox.com\/catalogo\/producto\/cocina-de-sobremesa-06-quemadores-a-gas\/#local-main-organization-logo"},"image":{"@id":"https:\/\/frionox.com\/catalogo\/producto\/cocina-de-sobremesa-06-quemadores-a-gas\/#local-main-organization-logo"},"sameAs":["https:\/\/facebook.com\/frionox.pe","https:\/\/x.com\/frionoxsac","https:\/\/youtube.com\/@FRIONOXEQUIPAMIENTODECOCINA"],"address":{"@id":"https:\/\/frionox.com\/catalogo\/producto\/cocina-de-sobremesa-06-quemadores-a-gas\/#local-main-place-address"},"geo":{"@type":"GeoCoordinates","latitude":"-11.980133","longitude":"-77.06118200000003"},"telephone":["+5115221181"],"openingHoursSpecification":[{"@type":"OpeningHoursSpecification","dayOfWeek":["Monday","Tuesday","Wednesday","Thursday","Friday","Saturday"],"opens":"08:00","closes":"18:00"},{"@type":"OpeningHoursSpecification","dayOfWeek":["Sunday"],"opens":"00:00","closes":"00:00"}],"email":"cotizaciones@frionox.com"},{"@type":"PostalAddress","@id":"https:\/\/frionox.com\/catalogo\/producto\/cocina-de-sobremesa-06-quemadores-a-gas\/#local-main-place-address","streetAddress":"Av. Oscar R. Benavides 1624","addressLocality":"Cercado de Lima","postalCode":"15082","addressRegion":"Lima","addressCountry":"PE"},{"@type":"ImageObject","inLanguage":"es","@id":"https:\/\/frionox.com\/catalogo\/producto\/cocina-de-sobremesa-06-quemadores-a-gas\/#local-main-organization-logo","url":"https:\/\/frionox.com\/catalogo\/wp-content\/uploads\/2020\/04\/LOGO-MOBILE.png","contentUrl":"https:\/\/frionox.com\/catalogo\/wp-content\/uploads\/2020\/04\/LOGO-MOBILE.png","width":203,"height":61,"caption":"Frionox Equipamiento de cocinas"}]},"product_price_amount":"2435.52","product_price_currency":"PEN","og_availability":"backorder","product_availability":"available for order","product_retailer_item_id":"ARHP-36-6","product_condition":"new","geo.placename":"Cercado de Lima","geo.position":{"lat":"-11.980133","long":"-77.06118200000003"},"geo.region":"Per\u00fa"},"_links":{"self":[{"href":"https:\/\/frionox.com\/catalogo\/wp-json\/wp\/v2\/product\/12801","targetHints":{"allow":["GET"]}}],"collection":[{"href":"https:\/\/frionox.com\/catalogo\/wp-json\/wp\/v2\/product"}],"about":[{"href":"https:\/\/frionox.com\/catalogo\/wp-json\/wp\/v2\/types\/product"}],"replies":[{"embeddable":true,"href":"https:\/\/frionox.com\/catalogo\/wp-json\/wp\/v2\/comments?post=12801"}],"wp:featuredmedia":[{"embeddable":true,"href":"https:\/\/frionox.com\/catalogo\/wp-json\/wp\/v2\/media\/12042"}],"wp:attachment":[{"href":"https:\/\/frionox.com\/catalogo\/wp-json\/wp\/v2\/media?parent=12801"}],"wp:term":[{"taxonomy":"product_brand","embeddable":true,"href":"https:\/\/frionox.com\/catalogo\/wp-json\/wp\/v2\/product_brand?post=12801"},{"taxonomy":"product_cat","embeddable":true,"href":"https:\/\/frionox.com\/catalogo\/wp-json\/wp\/v2\/product_cat?post=12801"},{"taxonomy":"product_tag","embeddable":true,"href":"https:\/\/frionox.com\/catalogo\/wp-json\/wp\/v2\/product_tag?post=12801"}],"curies":[{"name":"wp","href":"https:\/\/api.w.org\/{rel}","templated":true}]}}